-- https://www.phpmyadmin.net/
--

START TRANSACTION;



--
-- Database: `dtc_dms`
--

-- --------------------------------------------------------

--
-- Table structure for table `approval_matrix`
--

CREATE TABLE `approval_matrix` (
  `id` int UNSIGNED NOT NULL,
  `id_cms_privileges` int UNSIGNED NOT NULL,
  `cms_users_id` int UNSIGNED NOT NULL,
  `channel_id` int UNSIGNED DEFAULT NULL,
  `store_list` text CHARACTER SET utf8mb4 COLLATE utf8mb4_unicode_ci,
  `channels_visibility` varchar(50) CHARACTER SET utf8mb4 COLLATE utf8mb4_unicode_ci DEFAULT NULL,
  `status` enum('ACTIVE','INACTIVE') CHARACTER SET utf8mb4 COLLATE utf8mb4_unicode_ci NOT NULL DEFAULT 'ACTIVE',
  `created_at` timestamp NULL DEFAULT NULL,
  `updated_at` timestamp NULL DEFAULT NULL,
  `deleted_at` timestamp NULL DEFAULT NULL
) ENGINE=InnoDB DEFAULT CHARSET=utf8mb4 COLLATE=utf8mb4_unicode_ci;

--
-- Dumping data for table `approval_matrix`
--

INSERT INTO `approval_matrix` (`id`, `id_cms_privileges`, `cms_users_id`, `channel_id`, `store_list`, `channels_visibility`, `status`, `created_at`, `updated_at`, `deleted_at`) VALUES
(1, 5, 10, 1, '292,274,9,10,248,11,12,16,17,18,19,246,21,22,249,23,132,244,117,210,25,293,26,27,284,28,260,261,30,281,31,32,37,38,241,267,40,141,289,41,126,42,43,250,242,287,44,131,133,46,47,48,290,49,279,50,51,129,52,137,53,283,285,128,54,275,237,269,280,55,56,127,67,294,116,300,291,59,288,277,278,276,138,62,63,202,247,245', NULL, 'ACTIVE', '2021-02-05 02:35:08', '2024-02-21 03:52:05', NULL),
(2, 5, 11, 10, '115,273,271,286,161,243,163,164,282,265,166,169,201,254,173,263,264,177,270,295,179,180,183,257,185,186,187,189,195', NULL, 'ACTIVE', '2021-02-05 07:42:20', '2023-12-12 07:04:43', NULL),
(3, 5, 13, 4, '238,123,124,142,143,112,111,102,121,122,120,119,68,72,227,79,69,82,144,146,145,101,107,105,110,134,135,203,205,204,80,70,83,206,108,71', NULL, 'ACTIVE', '2021-02-26 09:16:30', '2022-09-29 00:29:32', NULL),
(4, 5, 163, 6, '196,233,232,199,197,209,212,215,213,214,200,216,217,222,218,221,226,224,219,225,223,220,211', NULL, 'ACTIVE', '2021-03-16 07:11:21', '2022-07-28 08:07:43', NULL),
(5, 5, 10, 5, '114', NULL, 'ACTIVE', '2021-03-16 07:12:05', NULL, NULL),
(6, 5, 154, 2, '45', NULL, 'ACTIVE', '2021-12-03 03:10:16', '2022-02-11 03:44:16', NULL),
(7, 5, 124, 2, '7,8,13,14,15,139,140,33,34,35,36,268,45,262,118,255,136', NULL, 'ACTIVE', '2021-12-04 01:58:57', '2023-05-24 10:32:11', NULL),
(8, 5, 136, 2, '7,14,15,139,140,118,255,136', NULL, 'ACTIVE', '2021-12-13 07:24:12', '2023-01-30 08:51:16', NULL),
(9, 5, 137, 1, '274,9,10,248,11,12,16,17,18,19,246,21,22,249,23,132,244,117,210,25,26,27,284,28,260,261,30,281,31,32,37,38,241,267,40,141,289,41,126,42,43,250,242,287,44,131,133,46,47,48,290,49,279,50,51,129,52,137,53,283,128,54,275,237,269,280,55,56,127,67,116,300,291,59,288,277,278,276,138,62,63,202,247,245', NULL, 'INACTIVE', '2022-01-05 10:00:45', '2024-02-21 03:53:15', NULL),
(10, 5, 147, 2, '8,29,130', NULL, 'ACTIVE', '2022-01-18 10:37:21', '2022-01-18 11:18:29', NULL),
(11, 5, 148, 2, '8', NULL, 'INACTIVE', '2022-01-18 10:38:00', '2024-01-11 05:36:26', NULL),
(12, 5, 149, 2, '33,34,35,36', NULL, 'ACTIVE', '2022-01-25 01:21:12', '2022-08-23 08:13:44', NULL),
(13, 5, 152, 2, '8,29,130', NULL, 'ACTIVE', '2022-01-27 04:22:53', NULL, NULL),
(14, 5, 163, 11, '229,147,240,148,150,151,152,153,154,272,155,208,156,157,228,158,159,160,162,252,165,239,230,167,168,170,171,253,172,198,174,175,176,231,299,178,181,182,259,236,235,184,258,188,251,190,234,256,191,192,193,194', NULL, 'ACTIVE', '2022-03-25 11:05:36', '2024-01-30 06:08:03', NULL),
(15, 5, 163, 10, '115,273,271,286,161,243,163,164,282,265,166,169,201,254,173,263,264,177,270,179,180,183,257,185,186,187,189,195', NULL, 'INACTIVE', '2022-03-25 11:05:57', '2023-12-12 07:04:48', NULL),
(16, 5, 163, 7, '149', NULL, 'ACTIVE', '2022-03-25 11:06:10', '2023-03-23 09:19:15', NULL),
(17, 5, 173, 2, '7,14,15,139,140,268,118,255,136', NULL, 'ACTIVE', '2022-05-05 10:55:57', '2024-01-05 06:15:29', NULL),
(18, 5, 130, 1, '292,274,9,10,248,11,12,16,17,18,19,246,21,22,249,23,132,244,117,210,25,26,27,284,28,260,261,30,281,31,32,37,38,241,267,40,141,289,41,126,42,43,250,242,287,44,131,133,46,47,48,290,49,279,50,51,129,52,137,53,283,285,128,54,275,237,269,280,55,56,127,67,116,291,59,288,277,278,276,138,202,247,245', NULL, 'ACTIVE', '2022-06-02 06:14:15', '2023-11-23 11:13:29', NULL),
(19, 5, 129, 1, '292,274,9,10,248,11,12,16,17,18,19,246,21,22,249,23,132,244,117,210,25,26,27,284,28,260,261,30,281,31,32,37,38,241,267,40,141,289,41,126,42,43,250,242,287,44,131,133,46,47,48,290,49,279,50,51,129,52,137,53,283,285,128,54,275,237,269,280,55,56,127,67,116,291,59,288,277,278,276,138,62,63,202,247,245', NULL, 'ACTIVE', '2022-06-02 06:14:59', '2023-11-23 11:13:47', NULL),
(20, 5, 126, 1, '292,274,9,10,248,11,12,16,17,18,19,246,21,22,249,23,132,244,117,210,25,26,27,284,28,260,261,30,281,31,32,37,38,241,267,40,141,289,41,126,42,43,250,242,287,44,131,133,46,47,48,290,49,279,50,51,129,52,137,53,283,285,128,54,275,237,269,280,55,56,127,67,116,291,59,288,277,278,276,138,62,63,202,247,245', NULL, 'ACTIVE', '2022-06-02 06:15:36', '2023-11-23 11:13:57', NULL),
(21, 5, 189, 6, '196,233,297,298,296,232,199,197,209,212,215,213,214,200,216,217,222,218,221,226,224,219,225,223,220,211', NULL, 'ACTIVE', '2022-09-13 01:38:17', '2024-01-16 01:43:25', NULL),
(22, 5, 189, 11, '229,147,240,148,150,151,152,153,154,272,155,208,156,157,228,158,159,160,162,252,165,239,230,167,168,170,171,253,172,198,174,175,176,231,299,178,181,182,259,236,235,184,258,188,251,190,234,256,191,192,193,194', NULL, 'ACTIVE', '2022-09-13 01:38:17', '2024-01-30 06:08:09', NULL),
(23, 5, 189, 10, '115,273,271,286,161,243,163,164,282,265,166,169,201,254,173,263,264,177,270,295,179,180,183,257,185,186,187,189,195', NULL, 'ACTIVE', '2022-09-13 01:38:17', '2023-12-12 07:05:12', NULL),
(24, 5, 189, 7, '149', NULL, 'ACTIVE', '2022-09-13 01:38:18', '2023-03-23 09:19:16', NULL),
(25, 5, 127, 1, '292,274,9,10,248,11,12,16,17,18,19,246,21,22,249,23,132,117,210,25,26,27,284,28,260,261,30,281,31,32,37,38,241,267,40,141,289,41,126,42,43,250,242,287,44,131,133,46,47,48,290,49,279,50,51,129,52,137,53,283,285,128,54,275,237,269,280,55,56,127,67,116,291,59,288,277,278,276,138,62,63,202,247,245', NULL, 'ACTIVE', '2022-09-15 05:45:54', '2023-11-23 11:14:22', NULL),
(26, 5, 190, 1, '62,63', NULL, 'INACTIVE', '2022-09-30 06:50:03', '2023-03-31 10:06:36', NULL),
(27, 5, 193, 1, '62,63', NULL, 'ACTIVE', '2022-09-30 06:50:18', NULL, NULL),
(28, 5, 130, 2, '7,8,13,14,15,140,29,130,33,34,35,36,45,118,136', NULL, 'ACTIVE', '2022-11-09 03:39:45', NULL, NULL),
(29, 5, 130, 4, '238,123,124,142,143,112,111,102,121,122,120,119,68,72,227,79,69,82,144,146,145,101,107,105,110,134,135,203,205,204,80,70,83,206,108,71', NULL, 'ACTIVE', '2022-11-09 03:40:21', NULL, NULL),
(30, 5, 211, 1, '292,274,9,10,248,11,12,16,17,18,19,246,21,22,249,23,132,244,117,210,25,26,27,284,28,260,261,30,281,31,32,37,38,241,267,40,141,289,41,126,42,43,250,242,287,44,131,133,46,47,48,290,49,279,50,51,129,52,137,53,283,285,128,54,275,237,269,280,55,56,127,67,116,300,291,59,288,277,278,276,138,62,63,202,247,245', NULL, 'ACTIVE', '2023-04-26 05:25:49', '2024-02-21 03:52:37', NULL),
(31, 5, 207, 1, '292,274,9,10,248,11,12,16,17,18,19,246,21,22,249,23,132,244,117,210,25,26,27,284,28,260,261,30,281,31,32,37,38,241,267,40,141,289,41,126,42,43,250,242,287,44,131,133,46,47,48,290,49,279,50,51,129,52,137,53,283,285,128,54,275,237,269,280,55,56,127,67,116,291,59,288,277,278,276,138,62,63,202,247,245', '1', 'ACTIVE', '2023-06-07 02:50:05', '2023-11-23 11:14:40', NULL),
(32, 5, 234, 2, '262', NULL, 'ACTIVE', '2023-08-31 00:44:42', NULL, NULL),
(33, 5, 235, 6, '196,233,232,199,197,209,212,215,213,214,200,216,217,222,218,221,226,224,219,225,223,220,211', NULL, 'ACTIVE', '2023-09-06 05:18:25', NULL, NULL),
(34, 5, 235, 7, '149', NULL, 'ACTIVE', '2023-09-06 05:18:47', NULL, NULL),
(35, 5, 235, 10, '115,273,271,286,161,243,163,164,282,265,166,169,201,254,173,263,264,177,270,295,179,180,183,257,185,186,187,189,195', NULL, 'ACTIVE', '2023-09-06 05:19:48', '2023-12-12 07:05:08', NULL),
(36, 5, 235, 11, '229,147,240,148,150,151,152,153,154,272,155,208,156,157,228,158,159,160,162,252,165,239,230,167,168,170,171,253,172,198,174,175,176,231,299,178,181,182,259,236,235,184,258,188,251,190,234,256,191,192,193,194', NULL, 'ACTIVE', '2023-09-06 05:20:25', '2024-01-30 06:08:15', NULL),
(37, 5, 11, 6, '196,233,232,199,197,209,212,215,213,214,200,216,217,222,218,221,226,224,219,225,223,220,211', NULL, 'ACTIVE', '2023-10-31 09:52:15', NULL, NULL),
(38, 5, 11, 7, '149', NULL, 'ACTIVE', '2023-10-31 09:52:57', NULL, NULL),
(39, 5, 11, 11, '229,147,240,148,150,151,152,153,154,272,155,208,156,157,228,158,159,160,162,252,165,239,230,167,168,170,171,253,172,198,174,175,176,231,299,178,181,182,259,236,235,184,258,188,251,190,234,256,191,192,193,194', NULL, 'ACTIVE', '2023-10-31 09:53:33', '2024-01-30 06:08:24', NULL),
(40, 5, 81, 2, '268', NULL, 'ACTIVE', '2024-01-02 01:07:26', NULL, NULL),
(41, 5, 253, 2, '8', NULL, 'ACTIVE', '2024-01-11 05:36:13', NULL, NULL),
(42, 5, 232, 1, '62,63', NULL, 'ACTIVE', '2024-01-24 06:44:17', NULL, NULL);

-- --------------------------------------------------------

--
-- Table structure for table `backload_reasons`
--

CREATE TABLE `backload_reasons` (
  `id` int UNSIGNED NOT NULL,
  `backload_reason` varchar(50) CHARACTER SET utf8mb4 COLLATE utf8mb4_unicode_ci DEFAULT NULL,
  `trip_type` varchar(50) CHARACTER SET utf8mb4 COLLATE utf8mb4_unicode_ci DEFAULT NULL,
  `status` varchar(50) CHARACTER SET utf8mb4 COLLATE utf8mb4_unicode_ci DEFAULT NULL,
  `created_by` int UNSIGNED DEFAULT NULL,
  `updated_by` int UNSIGNED DEFAULT NULL,
  `created_at` timestamp NULL DEFAULT NULL,
  `updated_at` timestamp NULL DEFAULT NULL,
  `deleted_at` timestamp NULL DEFAULT NULL
) ENGINE=InnoDB DEFAULT CHARSET=utf8mb4 COLLATE=utf8mb4_unicode_ci;

--
-- Dumping data for table `backload_reasons`
--

INSERT INTO `backload_reasons` (`id`, `backload_reason`, `trip_type`, `status`, `created_by`, `updated_by`, `created_at`, `updated_at`, `deleted_at`) VALUES
(1, 'No Permit', 'IN', 'ACTIVE', 1, NULL, '2022-04-19 09:45:39', NULL, NULL),
(2, 'No Serial Number', 'IN', 'ACTIVE', 1, NULL, '2022-04-19 09:45:46', NULL, NULL),
(3, 'Item Mismatch', 'IN', 'ACTIVE', 1, NULL, '2022-04-19 09:46:15', NULL, NULL),
(4, 'Over', 'IN', 'ACTIVE', 1, NULL, '2022-04-19 09:46:23', NULL, NULL),
(5, 'Short', 'IN', 'ACTIVE', 1, NULL, '2022-04-19 09:46:28', NULL, NULL),
(6, 'Empty Box', 'IN', 'ACTIVE', 1, NULL, '2022-04-19 09:46:33', NULL, NULL),
(7, 'Incomplete Accessories', 'IN', 'ACTIVE', 1, NULL, '2022-04-19 09:46:40', NULL, NULL),
(8, 'Wrong Allocation', 'IN', 'ACTIVE', 1, NULL, '2022-04-19 09:46:45', NULL, NULL),
(9, 'No Serial Number', 'OUT', 'ACTIVE', 1, NULL, '2022-04-19 09:47:13', NULL, NULL),
(10, 'Item Mismatch', 'OUT', 'ACTIVE', 1, NULL, '2022-04-19 09:47:22', NULL, NULL),
(11, 'Over', 'OUT', 'ACTIVE', 1, NULL, '2022-04-19 09:47:31', NULL, NULL),
(12, 'Short', 'OUT', 'ACTIVE', 1, NULL, '2022-04-19 09:47:39', NULL, NULL),
(13, 'Wrong Allocation', 'OUT', 'ACTIVE', 1, NULL, '2022-04-19 09:47:45', NULL, NULL),
(14, 'For Void', 'IN', 'ACTIVE', 1, NULL, '2022-05-11 06:25:36', NULL, NULL),
(15, 'Damage Packaging', 'OUT', 'ACTIVE', 1, NULL, '2022-09-15 02:34:27', NULL, NULL),
(16, 'Calamity', 'OUT', 'ACTIVE', 1, NULL, '2022-11-07 05:35:07', NULL, NULL);

-- --------------------------------------------------------

--
-- Table structure for table `cancel_reasons`
--

CREATE TABLE `cancel_reasons` (
  `id` int UNSIGNED NOT NULL,
  `cancel_reason` varchar(50) CHARACTER SET utf8mb4 COLLATE utf8mb4_unicode_ci DEFAULT NULL,
  `status` enum('ACTIVE','INACTIVE') CHARACTER SET utf8mb4 COLLATE utf8mb4_unicode_ci DEFAULT 'ACTIVE',
  `created_by` int UNSIGNED DEFAULT NULL,
  `updated_by` int UNSIGNED DEFAULT NULL,
  `created_at` timestamp NULL DEFAULT NULL,
  `updated_at` timestamp NULL DEFAULT NULL,
  `deleted_at` timestamp NULL DEFAULT NULL
) ENGINE=InnoDB DEFAULT CHARSET=utf8mb4 COLLATE=utf8mb4_unicode_ci;

--
-- Dumping data for table `cancel_reasons`
--

INSERT INTO `cancel_reasons` (`id`, `cancel_reason`, `status`, `created_by`, `updated_by`, `created_at`, `updated_at`, `deleted_at`) VALUES
(1, 'PACKAGING ONLY', 'ACTIVE', 1, NULL, '2022-04-29 03:42:10', NULL, NULL),
(2, 'INCOMPLETE PARTS', 'ACTIVE', 1, NULL, '2022-04-29 03:42:19', NULL, NULL),
(3, 'OTHERS', 'ACTIVE', 1, NULL, '2022-04-29 03:42:24', NULL, NULL);

-- --------------------------------------------------------

--
-- Table structure for table `channel`
--

CREATE TABLE `channel` (
  `id` int UNSIGNED NOT NULL,
  `channel_code` varchar(5) CHARACTER SET utf8mb4 COLLATE utf8mb4_unicode_ci DEFAULT NULL,
  `channel_description` varchar(20) CHARACTER SET utf8mb4 COLLATE utf8mb4_unicode_ci DEFAULT NULL,
  `status` enum('ACTIVE','INACTIVE') CHARACTER SET utf8mb4 COLLATE utf8mb4_unicode_ci DEFAULT 'ACTIVE',
  `created_by` int UNSIGNED DEFAULT NULL,
  `updated_by` int UNSIGNED DEFAULT NULL,
  `created_at` timestamp NULL DEFAULT NULL,
  `updated_at` timestamp NULL DEFAULT NULL,
  `deleted_at` timestamp NULL DEFAULT NULL
) ENGINE=InnoDB DEFAULT CHARSET=utf8mb4 COLLATE=utf8mb4_unicode_ci;

--
-- Dumping data for table `channel`
--

INSERT INTO `channel` (`id`, `channel_code`, `channel_description`, `status`, `created_by`, `updated_by`, `created_at`, `updated_at`, `deleted_at`) VALUES
(1, 'RTL', 'RETAIL', 'ACTIVE', 1, NULL, '2021-01-05 08:33:37', NULL, NULL),
(2, 'FRA', 'FRANCHISE', 'ACTIVE', 1, NULL, '2021-01-05 08:33:43', NULL, NULL),
(3, 'DIS', 'DISTRIBUTION', 'ACTIVE', 1, NULL, '2021-01-05 08:33:50', NULL, '2021-03-16 06:56:35'),
(4, 'ONL', 'ONLINE', 'ACTIVE', 1, NULL, '2021-02-26 09:13:11', NULL, NULL),
(5, 'SLE', 'SALE', 'ACTIVE', 1, 1, '2021-03-16 06:24:18', '2021-03-16 06:54:43', NULL),
(6, 'CON', 'CONSIGNMENT', 'ACTIVE', 1, NULL, '2021-03-16 06:24:26', NULL, NULL),
(7, 'OUT', 'OUTRIGHT', 'ACTIVE', 1, NULL, '2021-03-16 06:24:43', NULL, NULL),
(8, 'DTC', 'DIGITS', 'ACTIVE', 1, NULL, '2021-03-16 06:24:49', NULL, NULL),
(9, 'SVC', 'SERVICE CENTER', 'ACTIVE', 1, NULL, '2021-03-16 06:25:36', NULL, NULL),
(10, 'DLR', 'DEALERSHIP', 'ACTIVE', 1, NULL, '2022-03-23 09:12:40', NULL, NULL),
(11, 'CRP', 'CORPORATE', 'ACTIVE', 1, NULL, '2022-03-23 09:12:47', NULL, NULL);

-- --------------------------------------------------------

--
-- Table structure for table `cms_apicustom`
--

CREATE TABLE `cms_apicustom` (
  `id` int UNSIGNED NOT NULL,
  `permalink` varchar(255) CHARACTER SET utf8mb4 COLLATE utf8mb4_unicode_ci DEFAULT NULL,
  `tabel` varchar(255) CHARACTER SET utf8mb4 COLLATE utf8mb4_unicode_ci DEFAULT NULL,
  `aksi` varchar(255) CHARACTER SET utf8mb4 COLLATE utf8mb4_unicode_ci DEFAULT NULL,
  `kolom` varchar(255) CHARACTER SET utf8mb4 COLLATE utf8mb4_unicode_ci DEFAULT NULL,
  `orderby` varchar(255) CHARACTER SET utf8mb4 COLLATE utf8mb4_unicode_ci DEFAULT NULL,
  `sub_query_1` varchar(255) CHARACTER SET utf8mb4 COLLATE utf8mb4_unicode_ci DEFAULT NULL,
  `sql_where` varchar(255) CHARACTER SET utf8mb4 COLLATE utf8mb4_unicode_ci DEFAULT NULL,
  `nama` varchar(255) CHARACTER SET utf8mb4 COLLATE utf8mb4_unicode_ci DEFAULT NULL,
  `keterangan` varchar(255) CHARACTER SET utf8mb4 COLLATE utf8mb4_unicode_ci DEFAULT NULL,
  `parameter` varchar(255) CHARACTER SET utf8mb4 COLLATE utf8mb4_unicode_ci DEFAULT NULL,
  `created_at` timestamp NULL DEFAULT NULL,
  `updated_at` timestamp NULL DEFAULT NULL,
  `method_type` varchar(25) CHARACTER SET utf8mb4 COLLATE utf8mb4_unicode_ci DEFAULT NULL,
  `parameters` longtext CHARACTER SET utf8mb4 COLLATE utf8mb4_unicode_ci,
  `responses` longtext CHARACTER SET utf8mb4 COLLATE utf8mb4_unicode_ci
) ENGINE=InnoDB DEFAULT CHARSET=utf8mb4 COLLATE=utf8mb4_unicode_ci;

--
-- Dumping data for table `cms_apicustom`
--

INSERT INTO `cms_apicustom` (`id`, `permalink`, `tabel`, `aksi`, `kolom`, `orderby`, `sub_query_1`, `sql_where`, `nama`, `keterangan`, `parameter`, `created_at`, `updated_at`, `method_type`, `parameters`, `responses`) VALUES
(1, 'mw_store_created', 'stores', 'list', NULL, NULL, NULL, 'created_at between DATE_FORMAT(CURDATE(), \"%Y-%m-%d 00:00:00\") and DATE_FORMAT(CURDATE()+ INTERVAL 1 DAY, \"%Y-%m-%d 23:59:00\")', 'mw_store_created', '<p>store creation</p>', NULL, NULL, NULL, 'get', 'a:0:{}', 'a:19:{i:0;a:4:{s:4:\"name\";s:17:\"bea_so_store_name\";s:4:\"type\";s:6:\"string\";s:8:\"subquery\";N;s:4:\"used\";s:1:\"1\";}i:1;a:4:{s:4:\"name\";s:17:\"bea_mo_store_name\";s:4:\"type\";s:6:\"string\";s:8:\"subquery\";N;s:4:\"used\";s:1:\"1\";}i:2;a:4:{s:4:\"name\";s:13:\"pos_warehouse\";s:4:\"type\";s:6:\"string\";s:8:\"subquery\";N;s:4:\"used\";s:1:\"1\";}i:3;a:4:{s:4:\"name\";s:20:\"pos_warehouse_branch\";s:4:\"type\";s:6:\"string\";s:8:\"subquery\";N;s:4:\"used\";s:1:\"1\";}i:4;a:4:{s:4:\"name\";s:21:\"pos_warehouse_transit\";s:4:\"type\";s:6:\"string\";s:8:\"subquery\";N;s:4:\"used\";s:1:\"1\";}i:5;a:4:{s:4:\"name\";s:28:\"pos_warehouse_transit_branch\";s:4:\"type\";s:6:\"string\";s:8:\"subquery\";N;s:4:\"used\";s:1:\"1\";}i:6;a:4:{s:4:\"name\";s:17:\"pos_warehouse_rma\";s:4:\"type\";s:6:\"string\";s:8:\"subquery\";N;s:4:\"used\";s:1:\"1\";}i:7;a:4:{s:4:\"name\";s:24:\"pos_warehouse_rma_branch\";s:4:\"type\";s:6:\"string\";s:8:\"subquery\";N;s:4:\"used\";s:1:\"1\";}i:8;a:4:{s:4:\"name\";s:18:\"pos_warehouse_name\";s:4:\"type\";s:6:\"string\";s:8:\"subquery\";N;s:4:\"used\";s:1:\"1\";}i:9;a:4:{s:4:\"name\";s:16:\"doo_subinventory\";s:4:\"type\";s:6:\"string\";s:8:\"subquery\";N;s:4:\"used\";s:1:\"1\";}i:10;a:4:{s:4:\"name\";s:16:\"sit_subinventory\";s:4:\"type\";s:6:\"string\";s:8:\"subquery\";N;s:4:\"used\";s:1:\"1\";}i:11;a:4:{s:4:\"name\";s:16:\"org_subinventory\";s:4:\"type\";s:6:\"string\";s:8:\"subquery\";N;s:4:\"used\";s:1:\"1\";}i:12;a:4:{s:4:\"name\";s:10:\"channel_id\";s:4:\"type\";s:7:\"integer\";s:8:\"subquery\";N;s:4:\"used\";s:1:\"1\";}i:13;a:4:{s:4:\"name\";s:16:\"customer_type_id\";s:4:\"type\";s:7:\"integer\";s:8:\"subquery\";N;s:4:\"used\";s:1:\"1\";}i:14;a:4:{s:4:\"name\";s:12:\"locations_id\";s:4:\"type\";s:7:\"integer\";s:8:\"subquery\";N;s:4:\"used\";s:1:\"1\";}i:15;a:4:{s:4:\"name\";s:9:\"sts_group\";s:4:\"type\";s:3:\"int\";s:8:\"subquery\";N;s:4:\"used\";s:1:\"1\";}i:16;a:4:{s:4:\"name\";s:6:\"status\";s:4:\"type\";s:4:\"enum\";s:8:\"subquery\";N;s:4:\"used\";s:1:\"1\";}i:17;a:4:{s:4:\"name\";s:10:\"created_by\";s:4:\"type\";s:3:\"int\";s:8:\"subquery\";N;s:4:\"used\";s:1:\"1\";}i:18;a:4:{s:4:\"name\";s:10:\"updated_by\";s:4:\"type\";s:3:\"int\";s:8:\"subquery\";N;s:4:\"used\";s:1:\"1\";}}');

-- --------------------------------------------------------

--
-- Table structure for table `cms_apikey`
--

CREATE TABLE `cms_apikey` (
  `id` int UNSIGNED NOT NULL,
  `screetkey` varchar(255) CHARACTER SET utf8mb4 COLLATE utf8mb4_unicode_ci DEFAULT NULL,
  `hit` int DEFAULT NULL,
  `status` varchar(25) CHARACTER SET utf8mb4 COLLATE utf8mb4_unicode_ci NOT NULL DEFAULT 'active',
  `created_at` timestamp NULL DEFAULT NULL,
  `updated_at` timestamp NULL DEFAULT NULL
) ENGINE=InnoDB DEFAULT CHARSET=utf8mb4 COLLATE=utf8mb4_unicode_ci;

--
-- Dumping data for table `cms_apikey`
--

INSERT INTO `cms_apikey` (`id`, `screetkey`, `hit`, `status`, `created_at`, `updated_at`) VALUES
(1, 'd07f5a698954451c7d135415fac2361b', 0, 'active', '2022-12-16 10:21:00', NULL);

-- --------------------------------------------------------

--
-- Table structure for table `cms_dashboard`
--

CREATE TABLE `cms_dashboard` (
  `id` int UNSIGNED NOT NULL,
  `name` varchar(255) CHARACTER SET utf8mb4 COLLATE utf8mb4_unicode_ci DEFAULT NULL,
  `id_cms_privileges` int DEFAULT NULL,
  `content` longtext CHARACTER SET utf8mb4 COLLATE utf8mb4_unicode_ci,
  `created_at` timestamp NULL DEFAULT NULL,
  `updated_at` timestamp NULL DEFAULT NULL
) ENGINE=InnoDB DEFAULT CHARSET=utf8mb4 COLLATE=utf8mb4_unicode_ci;

-- --------------------------------------------------------

--
-- Table structure for table `cms_email_queues`
--

CREATE TABLE `cms_email_queues` (
  `id` int UNSIGNED NOT NULL,
  `send_at` datetime DEFAULT NULL,
  `email_recipient` varchar(255) CHARACTER SET utf8mb4 COLLATE utf8mb4_unicode_ci DEFAULT NULL,
  `email_from_email` varchar(255) CHARACTER SET utf8mb4 COLLATE utf8mb4_unicode_ci DEFAULT NULL,
  `email_from_name` varchar(255) CHARACTER SET utf8mb4 COLLATE utf8mb4_unicode_ci DEFAULT NULL,
  `email_cc_email` varchar(255) CHARACTER SET utf8mb4 COLLATE utf8mb4_unicode_ci DEFAULT NULL,
  `email_subject` varchar(255) CHARACTER SET utf8mb4 COLLATE utf8mb4_unicode_ci DEFAULT NULL,
  `email_content` text CHARACTER SET utf8mb4 COLLATE utf8mb4_unicode_ci,
  `email_attachments` text CHARACTER SET utf8mb4 COLLATE utf8mb4_unicode_ci,
  `is_sent` tinyint(1) DEFAULT NULL,
  `created_at` timestamp NULL DEFAULT NULL,
  `updated_at` timestamp NULL DEFAULT NULL
) ENGINE=InnoDB DEFAULT CHARSET=utf8mb4 COLLATE=utf8mb4_unicode_ci;

-- --------------------------------------------------------

--
-- Table structure for table `cms_email_templates`
--

CREATE TABLE `cms_email_templates` (
  `id` int UNSIGNED NOT NULL,
  `name` varchar(255) CHARACTER SET utf8mb4 COLLATE utf8mb4_unicode_ci DEFAULT NULL,
  `slug` varchar(255) CHARACTER SET utf8mb4 COLLATE utf8mb4_unicode_ci DEFAULT NULL,
  `subject` varchar(255) CHARACTER SET utf8mb4 COLLATE utf8mb4_unicode_ci DEFAULT NULL,
  `content` longtext CHARACTER SET utf8mb4 COLLATE utf8mb4_unicode_ci,
  `description` varchar(255) CHARACTER SET utf8mb4 COLLATE utf8mb4_unicode_ci DEFAULT NULL,
  `from_name` varchar(255) CHARACTER SET utf8mb4 COLLATE utf8mb4_unicode_ci DEFAULT NULL,
  `from_email` varchar(255) CHARACTER SET utf8mb4 COLLATE utf8mb4_unicode_ci DEFAULT NULL,
  `cc_email` varchar(255) CHARACTER SET utf8mb4 COLLATE utf8mb4_unicode_ci DEFAULT NULL,
  `created_at` timestamp NULL DEFAULT NULL,
  `updated_at` timestamp NULL DEFAULT NULL
) ENGINE=InnoDB DEFAULT CHARSET=utf8mb4 COLLATE=utf8mb4_unicode_ci;



-- --------------------------------------------------------

--
-- Table structure for table `cms_logs`
--

CREATE TABLE `cms_logs` (
  `id` int UNSIGNED NOT NULL,
  `ipaddress` varchar(50) CHARACTER SET utf8mb4 COLLATE utf8mb4_unicode_ci DEFAULT NULL,
  `useragent` varchar(255) CHARACTER SET utf8mb4 COLLATE utf8mb4_unicode_ci DEFAULT NULL,
  `url` varchar(255) CHARACTER SET utf8mb4 COLLATE utf8mb4_unicode_ci DEFAULT NULL,
  `description` varchar(255) CHARACTER SET utf8mb4 COLLATE utf8mb4_unicode_ci DEFAULT NULL,
  `details` text CHARACTER SET utf8mb4 COLLATE utf8mb4_unicode_ci,
  `id_cms_users` int DEFAULT NULL,
  `created_at` timestamp NULL DEFAULT NULL,
  `updated_at` timestamp NULL DEFAULT NULL
) ENGINE=InnoDB DEFAULT CHARSET=utf8mb4 COLLATE=utf8mb4_unicode_ci;

--
-- Dumping data for table `cms_logs`
--

INSERT INTO `cms_logs` (`id`, `ipaddress`, `useragent`, `url`, `description`, `details`, `id_cms_users`, `created_at`, `updated_at`) VALUES
(1, '127.0.0.1', 'Mozilla/5.0 (Windows NT 10.0; Win64; x64) AppleWebKit/537.36 (KHTML, like Gecko) Chrome/122.0.0.0 Safari/537.36', 'http://dms.test/admin/login', 'marvinmosico@digits.ph login with IP Address 127.0.0.1', '', 188, '2024-02-29 00:32:52', NULL),
(2, '127.0.0.1', 'Mozilla/5.0 (Windows NT 10.0; Win64; x64) AppleWebKit/537.36 (KHTML, like Gecko) Chrome/122.0.0.0 Safari/537.36', 'http://dms.test/admin/menu_management/edit-save/80', 'Update data STS GIS History at Menu Management', '<table class=\"table table-striped\"><thead><tr><th>Key</th><th>Old Value</th><th>New Value</th></thead><tbody><tr><td>color</td><td></td><td>normal</td></tr><tr><td>parent_id</td><td>23</td><td></td></tr><tr><td>sorting</td><td>4</td><td></td></tr></tbody></table>', 188, '2024-02-29 00:41:18', NULL),
(3, '127.0.0.1', 'Mozilla/5.0 (Windows NT 10.0; Win64; x64) AppleWebKit/537.36 (KHTML, like Gecko) Chrome/122.0.0.0 Safari/537.36 Edg/122.0.0.0', 'http://dms.test/admin/login', 'laizasandayan@digits.ph login with IP Address 127.0.0.1', '', 211, '2024-02-29 00:41:29', NULL),
(4, '127.0.0.1', 'Mozilla/5.0 (Windows NT 10.0; Win64; x64) AppleWebKit/537.36 (KHTML, like Gecko) Chrome/122.0.0.0 Safari/537.36 Edg/122.0.0.0', 'http://dms.test/admin/logout', 'laizasandayan@digits.ph logout', '', 211, '2024-02-29 00:42:30', NULL),
(5, '127.0.0.1', 'Mozilla/5.0 (Windows NT 10.0; Win64; x64) AppleWebKit/537.36 (KHTML, like Gecko) Chrome/122.0.0.0 Safari/537.36 Edg/122.0.0.0', 'http://dms.test/admin/login', 'greenhills@gashapon.ph login with IP Address 127.0.0.1', '', 260, '2024-02-29 00:42:36', NULL),
(6, '127.0.0.1', 'Mozilla/5.0 (Windows NT 10.0; Win64; x64) AppleWebKit/537.36 (KHTML, like Gecko) Chrome/122.0.0.0 Safari/537.36 Edg/122.0.0.0', 'http://dms.test/admin/stock_transfer_gis_history', 'Try view the data :name at STS GIS History', '', 260, '2024-02-29 00:43:06', NULL),
(7, '127.0.0.1', 'Mozilla/5.0 (Windows NT 10.0; Win64; x64) AppleWebKit/537.36 (KHTML, like Gecko) Chrome/122.0.0.0 Safari/537.36 Edg/122.0.0.0', 'http://dms.test/admin/stock_transfer_gis_history', 'Try view the data :name at STS GIS History', '', 260, '2024-02-29 00:43:38', NULL),
(8, '127.0.0.1', 'Mozilla/5.0 (Windows NT 10.0; Win64; x64) AppleWebKit/537.36 (KHTML, like Gecko) Chrome/122.0.0.0 Safari/537.36 Edg/122.0.0.0', 'http://dms.test/admin/logout', 'greenhills@gashapon.ph logout', '', 260, '2024-02-29 00:43:41', NULL),
(9, '127.0.0.1', 'Mozilla/5.0 (Windows NT 10.0; Win64; x64) AppleWebKit/537.36 (KHTML, like Gecko) Chrome/122.0.0.0 Safari/537.36 Edg/122.0.0.0', 'http://dms.test/admin/login', 'greenhills@gashapon.ph login with IP Address 127.0.0.1', '', 260, '2024-02-29 00:43:44', NULL),
(10, '127.0.0.1', 'Mozilla/5.0 (Windows NT 10.0; Win64; x64) AppleWebKit/537.36 (KHTML, like Gecko) Chrome/122.0.0.0 Safari/537.36 Edg/122.0.0.0', 'http://dms.test/admin/logout', 'greenhills@gashapon.ph logout', '', 260, '2024-02-29 00:44:15', NULL),
(11, '127.0.0.1', 'Mozilla/5.0 (Windows NT 10.0; Win64; x64) AppleWebKit/537.36 (KHTML, like Gecko) Chrome/122.0.0.0 Safari/537.36 Edg/122.0.0.0', 'http://dms.test/admin/login', 'mitsukoshibgc@gashapon.ph login with IP Address 127.0.0.1', '', 243, '2024-02-29 00:44:19', NULL),
(12, '127.0.0.1', 'Mozilla/5.0 (Windows NT 10.0; Win64; x64) AppleWebKit/537.36 (KHTML, like Gecko) Chrome/122.0.0.0 Safari/537.36 Edg/122.0.0.0', 'http://dms.test/admin/logout', 'mitsukoshibgc@gashapon.ph logout', '', 243, '2024-02-29 07:41:17', NULL),
(13, '127.0.0.1', 'Mozilla/5.0 (Windows NT 10.0; Win64; x64) AppleWebKit/537.36 (KHTML, like Gecko) Chrome/122.0.0.0 Safari/537.36 Edg/122.0.0.0', 'http://dms.test/admin/login', 'greenhills@gashapon.ph login with IP Address 127.0.0.1', '', 260, '2024-02-29 07:41:21', NULL),
(14, '127.0.0.1', 'Mozilla/5.0 (Windows NT 10.0; Win64; x64) AppleWebKit/537.36 (KHTML, like Gecko) Chrome/122.0.0.0 Safari/537.36 Edg/122.0.0.0', 'http://dms.test/admin/logout', 'greenhills@gashapon.ph logout', '', 260, '2024-02-29 07:45:58', NULL),
(15, '127.0.0.1', 'Mozilla/5.0 (Windows NT 10.0; Win64; x64) AppleWebKit/537.36 (KHTML, like Gecko) Chrome/122.0.0.0 Safari/537.36 Edg/122.0.0.0', 'http://dms.test/admin/login', 'mitsukoshibgc@gashapon.ph login with IP Address 127.0.0.1', '', 243, '2024-02-29 07:46:02', NULL),
(16, '127.0.0.1', 'Mozilla/5.0 (Windows NT 10.0; Win64; x64) AppleWebKit/537.36 (KHTML, like Gecko) Chrome/122.0.0.0 Safari/537.36', 'http://dms.test/admin/login', 'marvinmosico@digits.ph login with IP Address 127.0.0.1', '', 188, '2024-02-29 08:32:10', NULL),
(17, '127.0.0.1', 'Mozilla/5.0 (Windows NT 10.0; Win64; x64) AppleWebKit/537.36 (KHTML, like Gecko) Chrome/122.0.0.0 Safari/537.36', 'http://dms.test/admin/transfer_stock_statuses/add-save', 'Add New Data 5 at Transfer Stock Statuses', '', 188, '2024-02-29 08:32:45', NULL),
(18, '127.0.0.1', 'Mozilla/5.0 (Windows NT 10.0; Win64; x64) AppleWebKit/537.36 (KHTML, like Gecko) Chrome/122.0.0.0 Safari/537.36 Edg/122.0.0.0', 'http://dms.test/admin/logout', 'mitsukoshibgc@gashapon.ph logout', '', 243, '2024-02-29 08:33:21', NULL),
(19, '127.0.0.1', 'Mozilla/5.0 (Windows NT 10.0; Win64; x64) AppleWebKit/537.36 (KHTML, like Gecko) Chrome/122.0.0.0 Safari/537.36 Edg/122.0.0.0', 'http://dms.test/admin/login', 'greenhills@gashapon.ph login with IP Address 127.0.0.1', '', 260, '2024-02-29 08:33:26', NULL),
(20, '127.0.0.1', 'Mozilla/5.0 (Windows NT 10.0; Win64; x64) AppleWebKit/537.36 (KHTML, like Gecko) Chrome/122.0.0.0 Safari/537.36 Edg/122.0.0.0', 'http://dms.test/admin/logout', 'greenhills@gashapon.ph logout', '', 260, '2024-02-29 08:46:19', NULL),
(21, '127.0.0.1', 'Mozilla/5.0 (Windows NT 10.0; Win64; x64) AppleWebKit/537.36 (KHTML, like Gecko) Chrome/122.0.0.0 Safari/537.36 Edg/122.0.0.0', 'http://dms.test/admin/login', 'laizasandayan@digits.ph login with IP Address 127.0.0.1', '', 211, '2024-02-29 08:50:53', NULL),
(22, '127.0.0.1', 'Mozilla/5.0 (Windows NT 10.0; Win64; x64) AppleWebKit/537.36 (KHTML, like Gecko) Chrome/122.0.0.0 Safari/537.36', 'http://dms.test/admin/transfer_stock_statuses/add-save', 'Add New Data 6 at Transfer Stock Statuses', '', 188, '2024-02-29 09:01:28', NULL),
(23, '127.0.0.1', 'Mozilla/5.0 (Windows NT 10.0; Win64; x64) AppleWebKit/537.36 (KHTML, like Gecko) Chrome/122.0.0.0 Safari/537.36 Edg/122.0.0.0', 'http://dms.test/admin/gis_pull_approval/edit-save/5', 'Update data  at Gis STS Approval', '<table class=\"table table-striped\"><thead><tr><th>Key</th><th>Old Value</th><th>New Value</th></thead><tbody><tr><td>ref_number</td><td>ST-0000005</td><td></td></tr><tr><td>status_id</td><td>1</td><td>6</td></tr><tr><td>quantity_total</td><td>10</td><td></td></tr><tr><td>memo</td><td>test</td><td></td></tr><tr><td>stores_id</td><td>300</td><td></td></tr><tr><td>location_id_from</td><td>3</td><td></td></tr><tr><td>sub_location_id_from</td><td>2</td><td></td></tr><tr><td>location_from</td><td>GGBOGREENHILLS</td><td></td></tr><tr><td>stores_id_destination</td><td>291</td><td></td></tr><tr><td>location_id_to</td><td>2</td><td></td></tr><tr><td>sub_location_id_to</td><td>1</td><td></td></tr><tr><td>location_to</td><td>GGBOMITSUKOSHI</td><td></td></tr><tr><td>transport_types_id</td><td>1</td><td></td></tr><tr><td>reason_id</td><td>43</td><td></td></tr></tbody></table>', 211, '2024-02-29 09:03:08', NULL),
(24, '127.0.0.1', 'Mozilla/5.0 (Windows NT 10.0; Win64; x64) AppleWebKit/537.36 (KHTML, like Gecko) Chrome/122.0.0.0 Safari/537.36 Edg/122.0.0.0', 'http://dms.test/admin/logout', 'laizasandayan@digits.ph logout', '', 211, '2024-02-29 09:04:13', NULL),
(25, '127.0.0.1', 'Mozilla/5.0 (Windows NT 10.0; Win64; x64) AppleWebKit/537.36 (KHTML, like Gecko) Chrome/122.0.0.0 Safari/537.36 Edg/122.0.0.0', 'http://dms.test/admin/login', 'logistics@digits.ph login with IP Address 127.0.0.1', '', 8, '2024-02-29 09:04:17', NULL),
(26, '127.0.0.1', 'Mozilla/5.0 (Windows NT 10.0; Win64; x64) AppleWebKit/537.36 (KHTML, like Gecko) Chrome/122.0.0.0 Safari/537.36', 'http://dms.test/admin/menu_management/edit-save/30', 'Update data Schedule Pullout at Menu Management', '<table class=\"table table-striped\"><thead><tr><th>Key</th><th>Old Value</th><th>New Value</th></thead><tbody><tr><td>sorting</td><td>18</td><td></td></tr></tbody></table>', 188, '2024-02-29 09:04:42', NULL),
(27, '127.0.0.1', 'Mozilla/5.0 (Windows NT 10.0; Win64; x64) AppleWebKit/537.36 (KHTML, like Gecko) Chrome/122.0.0.0 Safari/537.36', 'http://dms.test/admin/menu_management/edit-save/62', 'Update data Schedule STS at Menu Management', '<table class=\"table table-striped\"><thead><tr><th>Key</th><th>Old Value</th><th>New Value</th></thead><tbody><tr><td>parent_id</td><td>30</td><td></td></tr></tbody></table>', 188, '2024-02-29 09:04:50', NULL),
(28, '127.0.0.1', 'Mozilla/5.0 (Windows NT 10.0; Win64; x64) AppleWebKit/537.36 (KHTML, like Gecko) Chrome/122.0.0.0 Safari/537.36', 'http://dms.test/admin/menu_management/edit-save/63', 'Update data Schedule STW and STR at Menu Management', '<table class=\"table table-striped\"><thead><tr><th>Key</th><th>Old Value</th><th>New Value</th></thead><tbody><tr><td>parent_id</td><td>30</td><td></td></tr><tr><td>sorting</td><td>2</td><td></td></tr></tbody></table>', 188, '2024-02-29 09:04:59', NULL),
(29, '127.0.0.1', 'Mozilla/5.0 (Windows NT 10.0; Win64; x64) AppleWebKit/537.36 (KHTML, like Gecko) Chrome/122.0.0.0 Safari/537.36', 'http://dms.test/admin/menu_management/edit-save/81', 'Update data Schedule STS GIS at Menu Management', '<table class=\"table table-striped\"><thead><tr><th>Key</th><th>Old Value</th><th>New Value</th></thead><tbody><tr><td>color</td><td></td><td>normal</td></tr><tr><td>parent_id</td><td>30</td><td></td></tr><tr><td>sorting</td><td>3</td><td></td></tr></tbody></table>', 188, '2024-02-29 09:07:29', NULL),
(30, '127.0.0.1', 'Mozilla/5.0 (Windows NT 10.0; Win64; x64) AppleWebKit/537.36 (KHTML, like Gecko) Chrome/122.0.0.0 Safari/537.36', 'http://dms.test/admin/menu_management/edit-save/81', 'Update data Schedule STS GIS at Menu Management', '<table class=\"table table-striped\"><thead><tr><th>Key</th><th>Old Value</th><th>New Value</th></thead><tbody><tr><td>path</td><td>AdminStoreTransferScheduleGisControllerGetIndex</td><td>AdminStoreTransferControllerGetIndex</td></tr><tr><td>parent_id</td><td>30</td><td></td></tr><tr><td>sorting</td><td>3</td><td></td></tr></tbody></table>', 188, '2024-02-29 09:11:59', NULL),
(31, '127.0.0.1', 'Mozilla/5.0 (Windows NT 10.0; Win64; x64) AppleWebKit/537.36 (KHTML, like Gecko) Chrome/122.0.0.0 Safari/537.36 Edg/122.0.0.0', 'http://dms.test/admin/logout', 'logistics@digits.ph logout', '', 8, '2024-02-29 09:15:48', NULL),
(32, '127.0.0.1', 'Mozilla/5.0 (Windows NT 10.0; Win64; x64) AppleWebKit/537.36 (KHTML, like Gecko) Chrome/122.0.0.0 Safari/537.36 Edg/122.0.0.0', 'http://dms.test/admin/login', 'logistics@digits.ph login with IP Address 127.0.0.1', '', 8, '2024-02-29 09:16:01', NULL),
(33, '127.0.0.1', 'Mozilla/5.0 (Windows NT 10.0; Win64; x64) AppleWebKit/537.36 (KHTML, like Gecko) Chrome/122.0.0.0 Safari/537.36', 'http://dms.test/admin/menu_management/edit-save/81', 'Update data Schedule STS GIS at Menu Management', '<table class=\"table table-striped\"><thead><tr><th>Key</th><th>Old Value</th><th>New Value</th></thead><tbody><tr><td>path</td><td>AdminStoreTransferControllerGetIndex</td><td>AdminStoreTransferGisControllerGetIndex</td></tr><tr><td>parent_id</td><td>30</td><td></td></tr><tr><td>sorting</td><td>3</td><td></td></tr></tbody></table>', 188, '2024-02-29 09:18:36', NULL),
(34, '127.0.0.1', 'Mozilla/5.0 (Windows NT 10.0; Win64; x64) AppleWebKit/537.36 (KHTML, like Gecko) Chrome/122.0.0.0 Safari/537.36 Edg/122.0.0.0', 'http://dms.test/admin/logout', 'logistics@digits.ph logout', '', 8, '2024-02-29 09:18:41', NULL),
(35, '127.0.0.1', 'Mozilla/5.0 (Windows NT 10.0; Win64; x64) AppleWebKit/537.36 (KHTML, like Gecko) Chrome/122.0.0.0 Safari/537.36 Edg/122.0.0.0', 'http://dms.test/admin/login', 'logistics@digits.ph login with IP Address 127.0.0.1', '', 8, '2024-02-29 09:18:45', NULL),
(36, '127.0.0.1', 'Mozilla/5.0 (Windows NT 10.0; Win64; x64) AppleWebKit/537.36 (KHTML, like Gecko) Chrome/122.0.0.0 Safari/537.36 Edg/122.0.0.0', 'http://dms.test/admin/store_transfer_gis', 'Try view the data :name at Create GIS STS', '', 8, '2024-02-29 09:18:48', NULL),
(37, '127.0.0.1', 'Mozilla/5.0 (Windows NT 10.0; Win64; x64) AppleWebKit/537.36 (KHTML, like Gecko) Chrome/122.0.0.0 Safari/537.36 Edg/122.0.0.0', 'http://dms.test/admin/logout', 'logistics@digits.ph logout', '', 8, '2024-02-29 09:19:25', NULL),
(38, '127.0.0.1', 'Mozilla/5.0 (Windows NT 10.0; Win64; x64) AppleWebKit/537.36 (KHTML, like Gecko) Chrome/122.0.0.0 Safari/537.36 Edg/122.0.0.0', 'http://dms.test/admin/login', 'logistics@digits.ph login with IP Address 127.0.0.1', '', 8, '2024-02-29 09:19:29', NULL),
(39, '127.0.0.1', 'Mozilla/5.0 (Windows NT 10.0; Win64; x64) AppleWebKit/537.36 (KHTML, like Gecko) Chrome/122.0.0.0 Safari/537.36 Edg/122.0.0.0', 'http://dms.test/admin/store_transfer_gis', 'Try view the data :name at Create GIS STS', '', 8, '2024-02-29 09:19:31', NULL),
(40, '127.0.0.1', 'Mozilla/5.0 (Windows NT 10.0; Win64; x64) AppleWebKit/537.36 (KHTML, like Gecko) Chrome/122.0.0.0 Safari/537.36 Edg/122.0.0.0', 'http://dms.test/admin/logout', 'logistics@digits.ph logout', '', 8, '2024-02-29 09:19:53', NULL),
(41, '127.0.0.1', 'Mozilla/5.0 (Windows NT 10.0; Win64; x64) AppleWebKit/537.36 (KHTML, like Gecko) Chrome/122.0.0.0 Safari/537.36 Edg/122.0.0.0', 'http://dms.test/admin/login', 'logistics@digits.ph login with IP Address 127.0.0.1', '', 8, '2024-02-29 09:19:57', NULL),
(42, '127.0.0.1', 'Mozilla/5.0 (Windows NT 10.0; Win64; x64) AppleWebKit/537.36 (KHTML, like Gecko) Chrome/122.0.0.0 Safari/537.36', 'http://dms.test/admin/login', 'marvinmosico@digits.ph login with IP Address 127.0.0.1', '', 188, '2024-03-01 00:39:02', NULL),
(43, '127.0.0.1', 'Mozilla/5.0 (Windows NT 10.0; Win64; x64) AppleWebKit/537.36 (KHTML, like Gecko) Chrome/122.0.0.0 Safari/537.36 Edg/122.0.0.0', 'http://dms.test/admin/login', 'mitsukoshibgc@gashapon.ph login with IP Address 127.0.0.1', '', 243, '2024-03-01 00:39:10', NULL),
(44, '127.0.0.1', 'Mozilla/5.0 (Windows NT 10.0; Win64; x64) AppleWebKit/537.36 (KHTML, like Gecko) Chrome/122.0.0.0 Safari/537.36 Edg/122.0.0.0', 'http://dms.test/admin/logout', 'mitsukoshibgc@gashapon.ph logout', '', 243, '2024-03-01 00:39:26', NULL),
(45, '127.0.0.1', 'Mozilla/5.0 (Windows NT 10.0; Win64; x64) AppleWebKit/537.36 (KHTML, like Gecko) Chrome/122.0.0.0 Safari/537.36 Edg/122.0.0.0', 'http://dms.test/admin/login', 'greenhills@gashapon.ph login with IP Address 127.0.0.1', '', 260, '2024-03-01 00:39:29', NULL),
(46, '127.0.0.1', 'Mozilla/5.0 (Windows NT 10.0; Win64; x64) AppleWebKit/537.36 (KHTML, like Gecko) Chrome/122.0.0.0 Safari/537.36 Edg/122.0.0.0', 'http://dms.test/admin/logout', 'greenhills@gashapon.ph logout', '', 260, '2024-03-01 00:53:34', NULL),
(47, '127.0.0.1', 'Mozilla/5.0 (Windows NT 10.0; Win64; x64) AppleWebKit/537.36 (KHTML, like Gecko) Chrome/122.0.0.0 Safari/537.36 Edg/122.0.0.0', 'http://dms.test/admin/login', 'logistics@digits.ph login with IP Address 127.0.0.1', '', 8, '2024-03-01 00:53:38', NULL),
(48, '127.0.0.1', 'Mozilla/5.0 (Windows NT 10.0; Win64; x64) AppleWebKit/537.36 (KHTML, like Gecko) Chrome/122.0.0.0 Safari/537.36', 'http://dms.test/admin/menu_management/edit-save/80', 'Update data STS GIS History at Menu Management', '<table class=\"table table-striped\"><thead><tr><th>Key</th><th>Old Value</th><th>New Value</th></thead><tbody><tr><td>parent_id</td><td>23</td><td></td></tr><tr><td>sorting</td><td>4</td><td></td></tr></tbody></table>', 188, '2024-03-01 01:37:38', NULL),
(49, '127.0.0.1', 'Mozilla/5.0 (Windows NT 10.0; Win64; x64) AppleWebKit/537.36 (KHTML, like Gecko) Chrome/122.0.0.0 Safari/537.36 Edg/122.0.0.0', 'http://dms.test/admin/logout', 'logistics@digits.ph logout', '', 8, '2024-03-01 01:37:43', NULL),
(50, '127.0.0.1', 'Mozilla/5.0 (Windows NT 10.0; Win64; x64) AppleWebKit/537.36 (KHTML, like Gecko) Chrome/122.0.0.0 Safari/537.36 Edg/122.0.0.0', 'http://dms.test/admin/login', 'logistics@digits.ph login with IP Address 127.0.0.1', '', 8, '2024-03-01 01:37:46', NULL),
(51, '127.0.0.1', 'Mozilla/5.0 (Windows NT 10.0; Win64; x64) AppleWebKit/537.36 (KHTML, like Gecko) Chrome/122.0.0.0 Safari/537.36 Edg/122.0.0.0', 'http://dms.test/admin/logout', 'logistics@digits.ph logout', '', 8, '2024-03-01 01:56:23', NULL),
(52, '127.0.0.1', 'Mozilla/5.0 (Windows NT 10.0; Win64; x64) AppleWebKit/537.36 (KHTML, like Gecko) Chrome/122.0.0.0 Safari/537.36 Edg/122.0.0.0', 'http://dms.test/admin/login', 'mitsukoshibgc@gashapon.ph login with IP Address 127.0.0.1', '', 243, '2024-03-01 01:56:29', NULL),
(53, '127.0.0.1', 'Mozilla/5.0 (Windows NT 10.0; Win64; x64) AppleWebKit/537.36 (KHTML, like Gecko) Chrome/122.0.0.0 Safari/537.36 Edg/122.0.0.0', 'http://dms.test/admin/logout', 'mitsukoshibgc@gashapon.ph logout', '', 243, '2024-03-01 02:26:14', NULL),
(54, '127.0.0.1', 'Mozilla/5.0 (Windows NT 10.0; Win64; x64) AppleWebKit/537.36 (KHTML, like Gecko) Chrome/122.0.0.0 Safari/537.36 Edg/122.0.0.0', 'http://dms.test/admin/login', 'greenhills@gashapon.ph login with IP Address 127.0.0.1', '', 260, '2024-03-01 02:26:18', NULL),
(55, '127.0.0.1', 'Mozilla/5.0 (Windows NT 10.0; Win64; x64) AppleWebKit/537.36 (KHTML, like Gecko) Chrome/122.0.0.0 Safari/537.36 Edg/122.0.0.0', 'http://dms.test/admin/logout', 'greenhills@gashapon.ph logout', '', 260, '2024-03-01 02:32:37', NULL),
(56, '127.0.0.1', 'Mozilla/5.0 (Windows NT 10.0; Win64; x64) AppleWebKit/537.36 (KHTML, like Gecko) Chrome/122.0.0.0 Safari/537.36 Edg/122.0.0.0', 'http://dms.test/admin/login', 'laizasandayan@digits.ph login with IP Address 127.0.0.1', '', 211, '2024-03-01 02:32:41', NULL),
(57, '127.0.0.1', 'Mozilla/5.0 (Windows NT 10.0; Win64; x64) AppleWebKit/537.36 (KHTML, like Gecko) Chrome/122.0.0.0 Safari/537.36 Edg/122.0.0.0', 'http://dms.test/admin/gis_pull_approval/edit-save/6', 'Update data  at Gis STS Approval', '<table class=\"table table-striped\"><thead><tr><th>Key</th><th>Old Value</th><th>New Value</th></thead><tbody><tr><td>ref_number</td><td>ST-0000006</td><td></td></tr><tr><td>status_id</td><td>1</td><td>2</td></tr><tr><td>quantity_total</td><td>10</td><td></td></tr><tr><td>memo</td><td>test</td><td></td></tr><tr><td>stores_id</td><td>300</td><td></td></tr><tr><td>location_id_from</td><td>3</td><td></td></tr><tr><td>location_from</td><td>GGBOGREENHILLS</td><td></td></tr><tr><td>stores_id_destination</td><td>291</td><td></td></tr><tr><td>sub_location_id_to</td><td>1</td><td></td></tr><tr><td>location_to</td><td>GGBOMITSUKOSHI</td><td></td></tr><tr><td>hand_carrier</td><td>test</td><td></td></tr><tr><td>reason_id</td><td>43</td><td></td></tr></tbody></table>', 211, '2024-03-01 02:37:39', NULL),
(58, '127.0.0.1', 'Mozilla/5.0 (Windows NT 10.0; Win64; x64) AppleWebKit/537.36 (KHTML, like Gecko) Chrome/122.0.0.0 Safari/537.36 Edg/122.0.0.0', 'http://dms.test/admin/logout', 'laizasandayan@digits.ph logout', '', 211, '2024-03-01 02:37:48', NULL),
(59, '127.0.0.1', 'Mozilla/5.0 (Windows NT 10.0; Win64; x64) AppleWebKit/537.36 (KHTML, like Gecko) Chrome/122.0.0.0 Safari/537.36 Edg/122.0.0.0', 'http://dms.test/admin/login', 'mitsukoshibgc@gashapon.ph login with IP Address 127.0.0.1', '', 243, '2024-03-01 02:37:54', NULL),
(60, '127.0.0.1', 'Mozilla/5.0 (Windows NT 10.0; Win64; x64) AppleWebKit/537.36 (KHTML, like Gecko) Chrome/122.0.0.0 Safari/537.36 Edg/122.0.0.0', 'http://dms.test/admin/st_gis_receiving/edit-save/6', 'Update data  at GIS STS Receiving', '<table class=\"table table-striped\"><thead><tr><th>Key</th><th>Old Value</th><th>New Value</th></thead><tbody><tr><td>ref_number</td><td>ST-0000006</td><td></td></tr><tr><td>status_id</td><td>2</td><td>4</td></tr><tr><td>quantity_total</td><td>10</td><td></td></tr><tr><td>memo</td><td>test</td><td></td></tr><tr><td>stores_id</td><td>300</td><td></td></tr><tr><td>location_id_from</td><td>3</td><td></td></tr><tr><td>sub_location_id_from</td><td>2</td><td></td></tr><tr><td>location_from</td><td>GGBOGREENHILLS</td><td></td></tr><tr><td>stores_id_destination</td><td>291</td><td></td></tr><tr><td>location_id_to</td><td>2</td><td></td></tr><tr><td>sub_location_id_to</td><td>1</td><td></td></tr><tr><td>location_to</td><td>GGBOMITSUKOSHI</td><td></td></tr><tr><td>approved_by</td><td>211</td><td></td></tr><tr><td>approved_at</td><td>2024-03-01 10:37:39</td><td></td></tr><tr><td>approver_comments</td><td></td><td></td></tr><tr><td>schedule_by</td><td></td><td></td></tr><tr><td>schedule_at</td><td></td><td></td></tr><tr><td>received_by</td><td></td><td>243</td></tr><tr><td>received_at</td><td></td><td>2024-03-01 10:46:44</td></tr><tr><td>rejected_by</td><td></td><td></td></tr><tr><td>rejected_at</td><td></td><td></td></tr><tr><td>transfer_date</td><td></td><td></td></tr><tr><td>hand_carrier</td><td>test</td><td></td></tr><tr><td>transport_types_id</td><td>2</td><td></td></tr><tr><td>reason_id</td><td>43</td><td></td></tr><tr><td>deleted_at</td><td></td><td></td></tr></tbody></table>', 243, '2024-03-01 02:46:47', NULL),
(61, '127.0.0.1', 'Mozilla/5.0 (Windows NT 10.0; Win64; x64) AppleWebKit/537.36 (KHTML, like Gecko) Chrome/122.0.0.0 Safari/537.36 Edg/122.0.0.0', 'http://dms.test/admin/st_gis_receiving/edit-save/5', 'Update data  at GIS STS Receiving', '<table class=\"table table-striped\"><thead><tr><th>Key</th><th>Old Value</th><th>New Value</th></thead><tbody><tr><td>ref_number</td><td>ST-0000005</td><td></td></tr><tr><td>status_id</td><td>2</td><td>4</td></tr><tr><td>quantity_total</td><td>10</td><td></td></tr><tr><td>memo</td><td>test</td><td></td></tr><tr><td>stores_id</td><td>300</td><td></td></tr><tr><td>location_id_from</td><td>3</td><td></td></tr><tr><td>sub_location_id_from</td><td>2</td><td></td></tr><tr><td>location_from</td><td>GGBOGREENHILLS</td><td></td></tr><tr><td>stores_id_destination</td><td>291</td><td></td></tr><tr><td>location_id_to</td><td>2</td><td></td></tr><tr><td>sub_location_id_to</td><td>1</td><td></td></tr><tr><td>location_to</td><td>GGBOMITSUKOSHI</td><td></td></tr><tr><td>approved_by</td><td>211</td><td></td></tr><tr><td>approved_at</td><td>2024-02-29 17:03:08</td><td></td></tr><tr><td>approver_comments</td><td></td><td></td></tr><tr><td>schedule_by</td><td>8</td><td></td></tr><tr><td>schedule_at</td><td>2024-03-08 00:00:00</td><td></td></tr><tr><td>received_by</td><td></td><td>243</td></tr><tr><td>received_at</td><td></td><td>2024-03-01 10:46:51</td></tr><tr><td>rejected_by</td><td></td><td></td></tr><tr><td>rejected_at</td><td></td><td></td></tr><tr><td>transfer_date</td><td></td><td></td></tr><tr><td>hand_carrier</td><td></td><td></td></tr><tr><td>transport_types_id</td><td>1</td><td></td></tr><tr><td>reason_id</td><td>43</td><td></td></tr><tr><td>deleted_at</td><td></td><td></td></tr></tbody></table>', 243, '2024-03-01 02:46:54', NULL),
(62, '127.0.0.1', 'Mozilla/5.0 (Windows NT 10.0; Win64; x64) AppleWebKit/537.36 (KHTML, like Gecko) Chrome/122.0.0.0 Safari/537.36 Edg/122.0.0.0', 'http://dms.test/admin/logout', 'mitsukoshibgc@gashapon.ph logout', '', 243, '2024-03-01 02:47:02', NULL),
(63, '127.0.0.1', 'Mozilla/5.0 (Windows NT 10.0; Win64; x64) AppleWebKit/537.36 (KHTML, like Gecko) Chrome/122.0.0.0 Safari/537.36 Edg/122.0.0.0', 'http://dms.test/admin/login', 'greenhills@gashapon.ph login with IP Address 127.0.0.1', '', 260, '2024-03-01 02:47:06', NULL),
(64, '127.0.0.1', 'Mozilla/5.0 (Windows NT 10.0; Win64; x64) AppleWebKit/537.36 (KHTML, like Gecko) Chrome/122.0.0.0 Safari/537.36 Edg/122.0.0.0', 'http://dms.test/admin/logout', 'greenhills@gashapon.ph logout', '', 260, '2024-03-01 02:53:43', NULL),
(65, '127.0.0.1', 'Mozilla/5.0 (Windows NT 10.0; Win64; x64) AppleWebKit/537.36 (KHTML, like Gecko) Chrome/122.0.0.0 Safari/537.36 Edg/122.0.0.0', 'http://dms.test/admin/login', 'mitsukoshibgc@gashapon.ph login with IP Address 127.0.0.1', '', 243, '2024-03-01 02:53:48', NULL),
(66, '127.0.0.1', 'Mozilla/5.0 (Windows NT 10.0; Win64; x64) AppleWebKit/537.36 (KHTML, like Gecko) Chrome/122.0.0.0 Safari/537.36 Edg/122.0.0.0', 'http://dms.test/admin/logout', 'mitsukoshibgc@gashapon.ph logout', '', 243, '2024-03-01 02:53:58', NULL),
(67, '127.0.0.1', 'Mozilla/5.0 (Windows NT 10.0; Win64; x64) AppleWebKit/537.36 (KHTML, like Gecko) Chrome/122.0.0.0 Safari/537.36 Edg/122.0.0.0', 'http://dms.test/admin/login', 'greenhills@gashapon.ph login with IP Address 127.0.0.1', '', 260, '2024-03-01 02:54:01', NULL),
(68, '127.0.0.1', 'Mozilla/5.0 (Windows NT 10.0; Win64; x64) AppleWebKit/537.36 (KHTML, like Gecko) Chrome/122.0.0.0 Safari/537.36 Edg/122.0.0.0', 'http://dms.test/admin/logout', 'greenhills@gashapon.ph logout', '', 260, '2024-03-01 02:54:59', NULL),
(69, '127.0.0.1', 'Mozilla/5.0 (Windows NT 10.0; Win64; x64) AppleWebKit/537.36 (KHTML, like Gecko) Chrome/122.0.0.0 Safari/537.36 Edg/122.0.0.0', 'http://dms.test/admin/login', 'laizasandayan@digits.ph login with IP Address 127.0.0.1', '', 211, '2024-03-01 02:55:03', NULL),
(70, '127.0.0.1', 'Mozilla/5.0 (Windows NT 10.0; Win64; x64) AppleWebKit/537.36 (KHTML, like Gecko) Chrome/122.0.0.0 Safari/537.36 Edg/122.0.0.0', 'http://dms.test/admin/gis_pull_approval/edit-save/8', 'Update data  at Gis STS Approval', '<table class=\"table table-striped\"><thead><tr><th>Key</th><th>Old Value</th><th>New Value</th></thead><tbody><tr><td>ref_number</td><td>ST-0000008</td><td></td></tr><tr><td>status_id</td><td>1</td><td>2</td></tr><tr><td>quantity_total</td><td>20</td><td></td></tr><tr><td>stores_id</td><td>300</td><td></td></tr><tr><td>location_id_from</td><td>3</td><td></td></tr><tr><td>location_from</td><td>GGBOGREENHILLS</td><td></td></tr><tr><td>stores_id_destination</td><td>291</td><td></td></tr><tr><td>sub_location_id_to</td><td>1</td><td></td></tr><tr><td>location_to</td><td>GGBOMITSUKOSHI</td><td></td></tr><tr><td>transfer_date</td><td>2024-03-08 00:00:00</td><td></td></tr><tr><td>hand_carrier</td><td>Marvin Mosico</td><td></td></tr><tr><td>reason_id</td><td>43</td><td></td></tr></tbody></table>', 211, '2024-03-01 02:56:05', NULL),
(71, '127.0.0.1', 'Mozilla/5.0 (Windows NT 10.0; Win64; x64) AppleWebKit/537.36 (KHTML, like Gecko) Chrome/122.0.0.0 Safari/537.36 Edg/122.0.0.0', 'http://dms.test/admin/gis_pull_approval/edit-save/7', 'Update data  at Gis STS Approval', '<table class=\"table table-striped\"><thead><tr><th>Key</th><th>Old Value</th><th>New Value</th></thead><tbody><tr><td>ref_number</td><td>ST-0000007</td><td></td></tr><tr><td>status_id</td><td>1</td><td>6</td></tr><tr><td>quantity_total</td><td>10</td><td></td></tr><tr><td>memo</td><td>test</td><td></td></tr><tr><td>stores_id</td><td>300</td><td></td></tr><tr><td>location_id_from</td><td>3</td><td></td></tr><tr><td>sub_location_id_from</td><td>2</td><td></td></tr><tr><td>location_from</td><td>GGBOGREENHILLS</td><td></td></tr><tr><td>stores_id_destination</td><td>291</td><td></td></tr><tr><td>location_id_to</td><td>2</td><td></td></tr><tr><td>sub_location_id_to</td><td>1</td><td></td></tr><tr><td>location_to</td><td>GGBOMITSUKOSHI</td><td></td></tr><tr><td>transport_types_id</td><td>1</td><td></td></tr><tr><td>reason_id</td><td>43</td><td></td></tr></tbody></table>', 211, '2024-03-01 02:56:13', NULL),
(72, '127.0.0.1', 'Mozilla/5.0 (Windows NT 10.0; Win64; x64) AppleWebKit/537.36 (KHTML, like Gecko) Chrome/122.0.0.0 Safari/537.36 Edg/122.0.0.0', 'http://dms.test/admin/logout', 'laizasandayan@digits.ph logout', '', 211, '2024-03-01 02:56:30', NULL),
(73, '127.0.0.1', 'Mozilla/5.0 (Windows NT 10.0; Win64; x64) AppleWebKit/537.36 (KHTML, like Gecko) Chrome/122.0.0.0 Safari/537.36 Edg/122.0.0.0', 'http://dms.test/admin/login', 'logistics@digits.ph login with IP Address 127.0.0.1', '', 8, '2024-03-01 02:56:35', NULL),
(74, '127.0.0.1', 'Mozilla/5.0 (Windows NT 10.0; Win64; x64) AppleWebKit/537.36 (KHTML, like Gecko) Chrome/122.0.0.0 Safari/537.36 Edg/122.0.0.0', 'http://dms.test/admin/logout', 'logistics@digits.ph logout', '', 8, '2024-03-01 03:01:44', NULL),
(75, '127.0.0.1', 'Mozilla/5.0 (Windows NT 10.0; Win64; x64) AppleWebKit/537.36 (KHTML, like Gecko) Chrome/122.0.0.0 Safari/537.36 Edg/122.0.0.0', 'http://dms.test/admin/login', 'mitsukoshibgc@gashapon.ph login with IP Address 127.0.0.1', '', 243, '2024-03-01 03:01:47', NULL),
(76, '127.0.0.1', 'Mozilla/5.0 (Windows NT 10.0; Win64; x64) AppleWebKit/537.36 (KHTML, like Gecko) Chrome/122.0.0.0 Safari/537.36', 'http://dms.test/admin/menu_management/edit-save/49', 'Update data Create Pullout at Menu Management', '<table class=\"table table-striped\"><thead><tr><th>Key</th><th>Old Value</th><th>New Value</th></thead><tbody><tr><td>sorting</td><td>17</td><td></td></tr></tbody></table>', 188, '2024-03-01 03:22:25', NULL),
(77, '127.0.0.1', 'Mozilla/5.0 (Windows NT 10.0; Win64; x64) AppleWebKit/537.36 (KHTML, like Gecko) Chrome/122.0.0.0 Safari/537.36', 'http://dms.test/admin/menu_management/edit-save/75', 'Update data Create GIS STS at Menu Management', '<table class=\"table table-striped\"><thead><tr><th>Key</th><th>Old Value</th><th>New Value</th></thead><tbody><tr><td>color</td><td></td><td>normal</td></tr><tr><td>parent_id</td><td>49</td><td></td></tr><tr><td>sorting</td><td>3</td><td></td></tr></tbody></table>', 188, '2024-03-01 03:22:43', NULL),
(78, '127.0.0.1', 'Mozilla/5.0 (Windows NT 10.0; Win64; x64) AppleWebKit/537.36 (KHTML, like Gecko) Chrome/122.0.0.0 Safari/537.36', 'http://dms.test/admin/menu_management/edit-save/24', 'Update data Receive Delivery and STS at Menu Management', '<table class=\"table table-striped\"><thead><tr><th>Key</th><th>Old Value</th><th>New Value</th></thead><tbody><tr><td>sorting</td><td>19</td><td></td></tr></tbody></table>', 188, '2024-03-01 03:22:54', NULL),
(79, '127.0.0.1', 'Mozilla/5.0 (Windows NT 10.0; Win64; x64) AppleWebKit/537.36 (KHTML, like Gecko) Chrome/122.0.0.0 Safari/537.36', 'http://dms.test/admin/menu_management/edit-save/79', 'Update data GIS STS Receiving at Menu Management', '<table class=\"table table-striped\"><thead><tr><th>Key</th><th>Old Value</th><th>New Value</th></thead><tbody><tr><td>parent_id</td><td>24</td><td></td></tr><tr><td>sorting</td><td>3</td><td></td></tr></tbody></table>', 188, '2024-03-01 03:23:04', NULL),
(80, '127.0.0.1', 'Mozilla/5.0 (Windows NT 10.0; Win64; x64) AppleWebKit/537.36 (KHTML, like Gecko) Chrome/122.0.0.0 Safari/537.36', 'http://dms.test/admin/menu_management/edit-save/23', 'Update data History at Menu Management', '<table class=\"table table-striped\"><thead><tr><th>Key</th><th>Old Value</th><th>New Value</th></thead><tbody><tr><td>sorting</td><td>22</td><td></td></tr></tbody></table>', 188, '2024-03-01 03:23:15', NULL),
(81, '127.0.0.1', 'Mozilla/5.0 (Windows NT 10.0; Win64; x64) AppleWebKit/537.36 (KHTML, like Gecko) Chrome/122.0.0.0 Safari/537.36', 'http://dms.test/admin/menu_management/edit-save/80', 'Update data STS GIS History at Menu Management', '<table class=\"table table-striped\"><thead><tr><th>Key</th><th>Old Value</th><th>New Value</th></thead><tbody><tr><td>parent_id</td><td>23</td><td></td></tr><tr><td>sorting</td><td>4</td><td></td></tr></tbody></table>', 188, '2024-03-01 03:23:25', NULL),
(82, '127.0.0.1', 'Mozilla/5.0 (Windows NT 10.0; Win64; x64) AppleWebKit/537.36 (KHTML, like Gecko) Chrome/122.0.0.0 Safari/537.36', 'http://dms.test/admin/users/edit-save/260', 'Update data GASHAPON GREENHILLS at Users Management', '<table class=\"table table-striped\"><thead><tr><th>Key</th><th>Old Value</th><th>New Value</th></thead><tbody><tr><td>first_name</td><td>GASHAPON</td><td></td></tr><tr><td>last_name</td><td>GREENHILLS</td><td></td></tr><tr><td>password</td><td>$2y$10$cXuHiIEWVxVi11wtpK/QyeuneBo/aChbp.bAtGs7kE/dHQqf.KvBy</td><td></td></tr><tr><td>id_cms_privileges</td><td>2</td><td>27</td></tr><tr><td>status</td><td>ACTIVE</td><td></td></tr></tbody></table>', 188, '2024-03-01 03:23:47', NULL),
(83, '127.0.0.1', 'Mozilla/5.0 (Windows NT 10.0; Win64; x64) AppleWebKit/537.36 (KHTML, like Gecko) Chrome/122.0.0.0 Safari/537.36', 'http://dms.test/admin/users/edit-save/243', 'Update data GBO MITSUKOSHI BGC at Users Management', '<table class=\"table table-striped\"><thead><tr><th>Key</th><th>Old Value</th><th>New Value</th></thead><tbody><tr><td>first_name</td><td>Mitsukoshi</td><td></td></tr><tr><td>last_name</td><td>BGC</td><td></td></tr><tr><td>password</td><td>$2y$10$ftey7QmkTFl2K.Pzf6rsE.ojOihQ6MOGA4jVpuNqO5QhYcb.ERa9K</td><td></td></tr><tr><td>id_cms_privileges</td><td>2</td><td>27</td></tr><tr><td>status</td><td>ACTIVE</td><td></td></tr></tbody></table>', 188, '2024-03-01 03:23:54', NULL),
(84, '127.0.0.1', 'Mozilla/5.0 (Windows NT 10.0; Win64; x64) AppleWebKit/537.36 (KHTML, like Gecko) Chrome/122.0.0.0 Safari/537.36 Edg/122.0.0.0', 'http://dms.test/admin/logout', 'mitsukoshibgc@gashapon.ph logout', '', 243, '2024-03-01 03:24:05', NULL),
(85, '127.0.0.1', 'Mozilla/5.0 (Windows NT 10.0; Win64; x64) AppleWebKit/537.36 (KHTML, like Gecko) Chrome/122.0.0.0 Safari/537.36 Edg/122.0.0.0', 'http://dms.test/admin/login', 'greenhills@gashapon.ph login with IP Address 127.0.0.1', '', 260, '2024-03-01 03:24:10', NULL),
(86, '127.0.0.1', 'Mozilla/5.0 (Windows NT 10.0; Win64; x64) AppleWebKit/537.36 (KHTML, like Gecko) Chrome/122.0.0.0 Safari/537.36 Edg/122.0.0.0', 'http://dms.test/admin/gis_pull_approval', 'Try view the data :name at Gis STS Approval', '', 260, '2024-03-01 03:54:29', NULL),
(87, '127.0.0.1', 'Mozilla/5.0 (Windows NT 10.0; Win64; x64) AppleWebKit/537.36 (KHTML, like Gecko) Chrome/122.0.0.0 Safari/537.36 Edg/122.0.0.0', 'http://dms.test/admin/logout', 'greenhills@gashapon.ph logout', '', 260, '2024-03-01 03:54:33', NULL),
(88, '127.0.0.1', 'Mozilla/5.0 (Windows NT 10.0; Win64; x64) AppleWebKit/537.36 (KHTML, like Gecko) Chrome/122.0.0.0 Safari/537.36 Edg/122.0.0.0', 'http://dms.test/admin/login', 'marvinmosico@digits.ph login with IP Address 127.0.0.1', '', 188, '2024-03-01 03:54:37', NULL),
(89, '127.0.0.1', 'Mozilla/5.0 (Windows NT 10.0; Win64; x64) AppleWebKit/537.36 (KHTML, like Gecko) Chrome/122.0.0.0 Safari/537.36 Edg/122.0.0.0', 'http://dms.test/admin/logout', 'marvinmosico@digits.ph logout', '', 188, '2024-03-01 03:58:58', NULL),
(90, '127.0.0.1', 'Mozilla/5.0 (Windows NT 10.0; Win64; x64) AppleWebKit/537.36 (KHTML, like Gecko) Chrome/122.0.0.0 Safari/537.36 Edg/122.0.0.0', 'http://dms.test/admin/login', 'mitsukoshibgc@gashapon.ph login with IP Address 127.0.0.1', '', 243, '2024-03-01 03:59:03', NULL),
(91, '127.0.0.1', 'Mozilla/5.0 (Windows NT 10.0; Win64; x64) AppleWebKit/537.36 (KHTML, like Gecko) Chrome/122.0.0.0 Safari/537.36 Edg/122.0.0.0', 'http://dms.test/admin/gis_pull_approval', 'Try view the data :name at Gis STS Approval', '', 243, '2024-03-01 06:06:16', NULL),
(92, '127.0.0.1', 'Mozilla/5.0 (Windows NT 10.0; Win64; x64) AppleWebKit/537.36 (KHTML, like Gecko) Chrome/122.0.0.0 Safari/537.36 Edg/122.0.0.0', 'http://dms.test/admin/logout', 'mitsukoshibgc@gashapon.ph logout', '', 243, '2024-03-01 06:06:24', NULL),
(93, '127.0.0.1', 'Mozilla/5.0 (Windows NT 10.0; Win64; x64) AppleWebKit/537.36 (KHTML, like Gecko) Chrome/122.0.0.0 Safari/537.36 Edg/122.0.0.0', 'http://dms.test/admin/login', 'mitsukoshibgc@gashapon.ph login with IP Address 127.0.0.1', '', 243, '2024-03-01 06:06:28', NULL),
(94, '127.0.0.1', 'Mozilla/5.0 (Windows NT 10.0; Win64; x64) AppleWebKit/537.36 (KHTML, like Gecko) Chrome/122.0.0.0 Safari/537.36', 'http://dms.test/admin/menu_management/edit-save/25', 'Update data Create STS at Menu Management', '<table class=\"table table-striped\"><thead><tr><th>Key</th><th>Old Value</th><th>New Value</th></thead><tbody><tr><td>parent_id</td><td>49</td><td></td></tr></tbody></table>', 188, '2024-03-01 06:07:10', NULL),
(95, '127.0.0.1', 'Mozilla/5.0 (Windows NT 10.0; Win64; x64) AppleWebKit/537.36 (KHTML, like Gecko) Chrome/122.0.0.0 Safari/537.36', 'http://dms.test/admin/menu_management/edit-save/75', 'Update data Create GIS STS at Menu Management', '<table class=\"table table-striped\"><thead><tr><th>Key</th><th>Old Value</th><th>New Value</th></thead><tbody><tr><td>parent_id</td><td>49</td><td></td></tr><tr><td>sorting</td><td>3</td><td></td></tr></tbody></table>', 188, '2024-03-01 06:07:20', NULL),
(96, '127.0.0.1', 'Mozilla/5.0 (Windows NT 10.0; Win64; x64) AppleWebKit/537.36 (KHTML, like Gecko) Chrome/122.0.0.0 Safari/537.36 Edg/122.0.0.0', 'http://dms.test/admin/logout', 'mitsukoshibgc@gashapon.ph logout', '', 243, '2024-03-01 06:07:25', NULL),
(97, '127.0.0.1', 'Mozilla/5.0 (Windows NT 10.0; Win64; x64) AppleWebKit/537.36 (KHTML, like Gecko) Chrome/122.0.0.0 Safari/537.36 Edg/122.0.0.0', 'http://dms.test/admin/login', 'mitsukoshibgc@gashapon.ph login with IP Address 127.0.0.1', '', 243, '2024-03-01 06:07:31', NULL),
(98, '127.0.0.1', 'Mozilla/5.0 (Windows NT 10.0; Win64; x64) AppleWebKit/537.36 (KHTML, like Gecko) Chrome/122.0.0.0 Safari/537.36 Edg/122.0.0.0', 'http://dms.test/admin/store_transfers', 'Try view the data :name at STS', '', 243, '2024-03-01 06:07:32', NULL),
(99, '127.0.0.1', 'Mozilla/5.0 (Windows NT 10.0; Win64; x64) AppleWebKit/537.36 (KHTML, like Gecko) Chrome/122.0.0.0 Safari/537.36 Edg/122.0.0.0', 'http://dms.test/admin/logout', 'mitsukoshibgc@gashapon.ph logout', '', 243, '2024-03-01 06:07:59', NULL),
(100, '127.0.0.1', 'Mozilla/5.0 (Windows NT 10.0; Win64; x64) AppleWebKit/537.36 (KHTML, like Gecko) Chrome/122.0.0.0 Safari/537.36 Edg/122.0.0.0', 'http://dms.test/admin/login', 'mitsukoshibgc@gashapon.ph login with IP Address 127.0.0.1', '', 243, '2024-03-01 06:08:03', NULL),
(101, '127.0.0.1', 'Mozilla/5.0 (Windows NT 10.0; Win64; x64) AppleWebKit/537.36 (KHTML, like Gecko) Chrome/122.0.0.0 Safari/537.36 Edg/122.0.0.0', 'http://dms.test/admin/logout', 'mitsukoshibgc@gashapon.ph logout', '', 243, '2024-03-01 06:28:39', NULL),
(102, '127.0.0.1', 'Mozilla/5.0 (Windows NT 10.0; Win64; x64) AppleWebKit/537.36 (KHTML, like Gecko) Chrome/122.0.0.0 Safari/537.36 Edg/122.0.0.0', 'http://dms.test/admin/login', 'greenhills@gashapon.ph login with IP Address 127.0.0.1', '', 260, '2024-03-01 06:28:42', NULL),
(103, '127.0.0.1', 'Mozilla/5.0 (Windows NT 10.0; Win64; x64) AppleWebKit/537.36 (KHTML, like Gecko) Chrome/122.0.0.0 Safari/537.36 Edg/122.0.0.0', 'http://dms.test/admin/logout', 'greenhills@gashapon.ph logout', '', 260, '2024-03-01 07:04:26', NULL),
(104, '127.0.0.1', 'Mozilla/5.0 (Windows NT 10.0; Win64; x64) AppleWebKit/537.36 (KHTML, like Gecko) Chrome/122.0.0.0 Safari/537.36 Edg/122.0.0.0', 'http://dms.test/admin/login', 'laizasandayan@digits.ph login with IP Address 127.0.0.1', '', 211, '2024-03-01 07:04:32', NULL),
(105, '127.0.0.1', 'Mozilla/5.0 (Windows NT 10.0; Win64; x64) AppleWebKit/537.36 (KHTML, like Gecko) Chrome/122.0.0.0 Safari/537.36 Edg/122.0.0.0', 'http://dms.test/admin/logout', 'laizasandayan@digits.ph logout', '', 211, '2024-03-01 07:21:55', NULL),
(106, '127.0.0.1', 'Mozilla/5.0 (Windows NT 10.0; Win64; x64) AppleWebKit/537.36 (KHTML, like Gecko) Chrome/122.0.0.0 Safari/537.36 Edg/122.0.0.0', 'http://dms.test/admin/login', 'greenhills@gashapon.ph login with IP Address 127.0.0.1', '', 260, '2024-03-01 07:22:11', NULL),
(107, '127.0.0.1', 'Mozilla/5.0 (Windows NT 10.0; Win64; x64) AppleWebKit/537.36 (KHTML, like Gecko) Chrome/122.0.0.0 Safari/537.36 Edg/122.0.0.0', 'http://dms.test/admin/logout', 'greenhills@gashapon.ph logout', '', 260, '2024-03-01 07:36:17', NULL),
(108, '127.0.0.1', 'Mozilla/5.0 (Windows NT 10.0; Win64; x64) AppleWebKit/537.36 (KHTML, like Gecko) Chrome/122.0.0.0 Safari/537.36 Edg/122.0.0.0', 'http://dms.test/admin/login', 'laizasandayan@digits.ph login with IP Address 127.0.0.1', '', 211, '2024-03-01 07:36:21', NULL),
(109, '127.0.0.1', 'Mozilla/5.0 (Windows NT 10.0; Win64; x64) AppleWebKit/537.36 (KHTML, like Gecko) Chrome/122.0.0.0 Safari/537.36', 'http://dms.test/admin/menu_management/edit-save/76', 'Update data Gis STS Approval at Menu Management', '<table class=\"table table-striped\"><thead><tr><th>Key</th><th>Old Value</th><th>New Value</th></thead><tbody><tr><td>parent_id</td><td>26</td><td></td></tr><tr><td>sorting</td><td>4</td><td></td></tr></tbody></table>', 188, '2024-03-01 07:44:44', NULL),
(110, '127.0.0.1', 'Mozilla/5.0 (Windows NT 10.0; Win64; x64) AppleWebKit/537.36 (KHTML, like Gecko) Chrome/122.0.0.0 Safari/537.36 Edg/122.0.0.0', 'http://dms.test/admin/logout', 'laizasandayan@digits.ph logout', '', 211, '2024-03-01 07:44:50', NULL),
(111, '127.0.0.1', 'Mozilla/5.0 (Windows NT 10.0; Win64; x64) AppleWebKit/537.36 (KHTML, like Gecko) Chrome/122.0.0.0 Safari/537.36 Edg/122.0.0.0', 'http://dms.test/admin/login', 'mitsukoshibgc@gashapon.ph login with IP Address 127.0.0.1', '', 243, '2024-03-01 07:44:53', NULL),
(112, '127.0.0.1', 'Mozilla/5.0 (Windows NT 10.0; Win64; x64) AppleWebKit/537.36 (KHTML, like Gecko) Chrome/122.0.0.0 Safari/537.36', 'http://dms.test/admin/menu_management/edit-save/24', 'Update data Receive Delivery and STS at Menu Management', '<table class=\"table table-striped\"><thead><tr><th>Key</th><th>Old Value</th><th>New Value</th></thead><tbody><tr><td>sorting</td><td>19</td><td></td></tr></tbody></table>', 188, '2024-03-01 07:45:35', NULL),
(113, '127.0.0.1', 'Mozilla/5.0 (Windows NT 10.0; Win64; x64) AppleWebKit/537.36 (KHTML, like Gecko) Chrome/122.0.0.0 Safari/537.36', 'http://dms.test/admin/menu_management/edit-save/79', 'Update data GIS STS Receiving at Menu Management', '<table class=\"table table-striped\"><thead><tr><th>Key</th><th>Old Value</th><th>New Value</th></thead><tbody><tr><td>parent_id</td><td>24</td><td></td></tr><tr><td>sorting</td><td>3</td><td></td></tr></tbody></table>', 188, '2024-03-01 07:45:46', NULL),
(114, '127.0.0.1', 'Mozilla/5.0 (Windows NT 10.0; Win64; x64) AppleWebKit/537.36 (KHTML, like Gecko) Chrome/122.0.0.0 Safari/537.36', 'http://dms.test/admin/menu_management/edit-save/7', 'Update data STS Receiving at Menu Management', '<table class=\"table table-striped\"><thead><tr><th>Key</th><th>Old Value</th><th>New Value</th></thead><tbody><tr><td>parent_id</td><td>24</td><td></td></tr><tr><td>sorting</td><td>2</td><td></td></tr></tbody></table>', 188, '2024-03-01 07:45:55', NULL),
(115, '127.0.0.1', 'Mozilla/5.0 (Windows NT 10.0; Win64; x64) AppleWebKit/537.36 (KHTML, like Gecko) Chrome/122.0.0.0 Safari/537.36 Edg/122.0.0.0', 'http://dms.test/admin/logout', 'mitsukoshibgc@gashapon.ph logout', '', 243, '2024-03-01 07:46:00', NULL),
(116, '127.0.0.1', 'Mozilla/5.0 (Windows NT 10.0; Win64; x64) AppleWebKit/537.36 (KHTML, like Gecko) Chrome/122.0.0.0 Safari/537.36 Edg/122.0.0.0', 'http://dms.test/admin/login', 'mitsukoshibgc@gashapon.ph login with IP Address 127.0.0.1', '', 243, '2024-03-01 07:46:04', NULL),
(117, '127.0.0.1', 'Mozilla/5.0 (Windows NT 10.0; Win64; x64) AppleWebKit/537.36 (KHTML, like Gecko) Chrome/122.0.0.0 Safari/537.36', 'http://dms.test/admin/menu_management/edit-save/24', 'Update data Receive Delivery and STS at Menu Management', '<table class=\"table table-striped\"><thead><tr><th>Key</th><th>Old Value</th><th>New Value</th></thead><tbody><tr><td>sorting</td><td>19</td><td></td></tr></tbody></table>', 188, '2024-03-01 07:46:21', NULL),
(118, '127.0.0.1', 'Mozilla/5.0 (Windows NT 10.0; Win64; x64) AppleWebKit/537.36 (KHTML, like Gecko) Chrome/122.0.0.0 Safari/537.36 Edg/122.0.0.0', 'http://dms.test/admin/logout', 'mitsukoshibgc@gashapon.ph logout', '', 243, '2024-03-01 07:48:21', NULL),
(119, '127.0.0.1', 'Mozilla/5.0 (Windows NT 10.0; Win64; x64) AppleWebKit/537.36 (KHTML, like Gecko) Chrome/122.0.0.0 Safari/537.36 Edg/122.0.0.0', 'http://dms.test/admin/login', 'logistics@digits.ph login with IP Address 127.0.0.1', '', 8, '2024-03-01 07:48:25', NULL),
(120, '127.0.0.1', 'Mozilla/5.0 (Windows NT 10.0; Win64; x64) AppleWebKit/537.36 (KHTML, like Gecko) Chrome/122.0.0.0 Safari/537.36 Edg/122.0.0.0', 'http://dms.test/admin/logout', 'logistics@digits.ph logout', '', 8, '2024-03-01 07:51:25', NULL),
(121, '127.0.0.1', 'Mozilla/5.0 (Windows NT 10.0; Win64; x64) AppleWebKit/537.36 (KHTML, like Gecko) Chrome/122.0.0.0 Safari/537.36 Edg/122.0.0.0', 'http://dms.test/admin/login', 'mitsukoshibgc@gashapon.ph login with IP Address 127.0.0.1', '', 243, '2024-03-01 07:51:29', NULL),
(122, '127.0.0.1', 'Mozilla/5.0 (Windows NT 10.0; Win64; x64) AppleWebKit/537.36 (KHTML, like Gecko) Chrome/122.0.0.0 Safari/537.36 Edg/122.0.0.0', 'http://dms.test/admin/logout', 'mitsukoshibgc@gashapon.ph logout', '', 243, '2024-03-01 08:05:09', NULL),
(123, '127.0.0.1', 'Mozilla/5.0 (Windows NT 10.0; Win64; x64) AppleWebKit/537.36 (KHTML, like Gecko) Chrome/122.0.0.0 Safari/537.36 Edg/122.0.0.0', 'http://dms.test/admin/login', 'greenhills@gashapon.ph login with IP Address 127.0.0.1', '', 260, '2024-03-01 08:05:13', NULL),
(124, '127.0.0.1', 'Mozilla/5.0 (Windows NT 10.0; Win64; x64) AppleWebKit/537.36 (KHTML, like Gecko) Chrome/122.0.0.0 Safari/537.36 Edg/122.0.0.0', 'http://dms.test/admin/logout', 'greenhills@gashapon.ph logout', '', 260, '2024-03-01 08:06:47', NULL),
(125, '127.0.0.1', 'Mozilla/5.0 (Windows NT 10.0; Win64; x64) AppleWebKit/537.36 (KHTML, like Gecko) Chrome/122.0.0.0 Safari/537.36 Edg/122.0.0.0', 'http://dms.test/admin/login', 'laizasandayan@digits.ph login with IP Address 127.0.0.1', '', 211, '2024-03-01 08:06:51', NULL),
(126, '127.0.0.1', 'Mozilla/5.0 (Windows NT 10.0; Win64; x64) AppleWebKit/537.36 (KHTML, like Gecko) Chrome/122.0.0.0 Safari/537.36 Edg/122.0.0.0', 'http://dms.test/admin/logout', 'laizasandayan@digits.ph logout', '', 211, '2024-03-01 08:07:19', NULL),
(127, '127.0.0.1', 'Mozilla/5.0 (Windows NT 10.0; Win64; x64) AppleWebKit/537.36 (KHTML, like Gecko) Chrome/122.0.0.0 Safari/537.36 Edg/122.0.0.0', 'http://dms.test/admin/login', 'mitsukoshibgc@gashapon.ph login with IP Address 127.0.0.1', '', 243, '2024-03-01 08:07:31', NULL),
(128, '127.0.0.1', 'Mozilla/5.0 (Windows NT 10.0; Win64; x64) AppleWebKit/537.36 (KHTML, like Gecko) Chrome/122.0.0.0 Safari/537.36 Edg/122.0.0.0', 'http://dms.test/admin/receiving_sts', 'Received ST# ST-0000009 at STS Receiving Module', '', 243, '2024-03-01 08:07:56', NULL),
(129, '127.0.0.1', 'Mozilla/5.0 (Windows NT 10.0; Win64; x64) AppleWebKit/537.36 (KHTML, like Gecko) Chrome/122.0.0.0 Safari/537.36 Edg/122.0.0.0', 'http://dms.test/admin/logout', 'mitsukoshibgc@gashapon.ph logout', '', 243, '2024-03-01 08:18:15', NULL),
(130, '127.0.0.1', 'Mozilla/5.0 (Windows NT 10.0; Win64; x64) AppleWebKit/537.36 (KHTML, like Gecko) Chrome/122.0.0.0 Safari/537.36 Edg/122.0.0.0', 'http://dms.test/admin/login', 'laizasandayan@digits.ph login with IP Address 127.0.0.1', '', 211, '2024-03-01 08:18:19', NULL),
(131, '127.0.0.1', 'Mozilla/5.0 (Windows NT 10.0; Win64; x64) AppleWebKit/537.36 (KHTML, like Gecko) Chrome/122.0.0.0 Safari/537.36 Edg/122.0.0.0', 'http://dms.test/admin/logout', 'laizasandayan@digits.ph logout', '', 211, '2024-03-01 08:18:30', NULL),
(132, '127.0.0.1', 'Mozilla/5.0 (Windows NT 10.0; Win64; x64) AppleWebKit/537.36 (KHTML, like Gecko) Chrome/122.0.0.0 Safari/537.36 Edg/122.0.0.0', 'http://dms.test/admin/login', 'logistics@digits.ph login with IP Address 127.0.0.1', '', 8, '2024-03-01 08:18:34', NULL),
(133, '127.0.0.1', 'Mozilla/5.0 (Windows NT 10.0; Win64; x64) AppleWebKit/537.36 (KHTML, like Gecko) Chrome/122.0.0.0 Safari/537.36 Edg/122.0.0.0', 'http://dms.test/admin/logout', 'logistics@digits.ph logout', '', 8, '2024-03-01 08:21:18', NULL),
(134, '127.0.0.1', 'Mozilla/5.0 (Windows NT 10.0; Win64; x64) AppleWebKit/537.36 (KHTML, like Gecko) Chrome/122.0.0.0 Safari/537.36 Edg/122.0.0.0', 'http://dms.test/admin/login', 'mitsukoshibgc@gashapon.ph login with IP Address 127.0.0.1', '', 243, '2024-03-01 08:21:22', NULL),
(135, '127.0.0.1', 'Mozilla/5.0 (Windows NT 10.0; Win64; x64) AppleWebKit/537.36 (KHTML, like Gecko) Chrome/122.0.0.0 Safari/537.36 Edg/122.0.0.0', 'http://dms.test/admin/logout', 'mitsukoshibgc@gashapon.ph logout', '', 243, '2024-03-01 08:22:52', NULL),
(136, '127.0.0.1', 'Mozilla/5.0 (Windows NT 10.0; Win64; x64) AppleWebKit/537.36 (KHTML, like Gecko) Chrome/122.0.0.0 Safari/537.36 Edg/122.0.0.0', 'http://dms.test/admin/login', 'greenhills@gashapon.ph login with IP Address 127.0.0.1', '', 260, '2024-03-01 08:22:56', NULL),
(137, '127.0.0.1', 'Mozilla/5.0 (Windows NT 10.0; Win64; x64) AppleWebKit/537.36 (KHTML, like Gecko) Chrome/122.0.0.0 Safari/537.36 Edg/122.0.0.0', 'http://dms.test/admin/logout', 'greenhills@gashapon.ph logout', '', 260, '2024-03-01 08:29:34', NULL),
(138, '127.0.0.1', 'Mozilla/5.0 (Windows NT 10.0; Win64; x64) AppleWebKit/537.36 (KHTML, like Gecko) Chrome/122.0.0.0 Safari/537.36 Edg/122.0.0.0', 'http://dms.test/admin/login', 'mitsukoshibgc@gashapon.ph login with IP Address 127.0.0.1', '', 243, '2024-03-01 08:29:39', NULL),
(139, '127.0.0.1', 'Mozilla/5.0 (Windows NT 10.0; Win64; x64) AppleWebKit/537.36 (KHTML, like Gecko) Chrome/122.0.0.0 Safari/537.36 Edg/122.0.0.0', 'http://dms.test/admin/logout', 'mitsukoshibgc@gashapon.ph logout', '', 243, '2024-03-01 08:31:08', NULL),
(140, '127.0.0.1', 'Mozilla/5.0 (Windows NT 10.0; Win64; x64) AppleWebKit/537.36 (KHTML, like Gecko) Chrome/122.0.0.0 Safari/537.36 Edg/122.0.0.0', 'http://dms.test/admin/login', 'mitsukoshibgc@gashapon.ph login with IP Address 127.0.0.1', '', 243, '2024-03-01 08:31:15', NULL),
(141, '127.0.0.1', 'Mozilla/5.0 (Windows NT 10.0; Win64; x64) AppleWebKit/537.36 (KHTML, like Gecko) Chrome/122.0.0.0 Safari/537.36 Edg/122.0.0.0', 'http://dms.test/admin/logout', 'mitsukoshibgc@gashapon.ph logout', '', 243, '2024-03-01 08:31:22', NULL),
(142, '127.0.0.1', 'Mozilla/5.0 (Windows NT 10.0; Win64; x64) AppleWebKit/537.36 (KHTML, like Gecko) Chrome/122.0.0.0 Safari/537.36', 'http://dms.test/admin/menu_management/edit-save/80', 'Update data STS GIS History at Menu Management', '<table class=\"table table-striped\"><thead><tr><th>Key</th><th>Old Value</th><th>New Value</th></thead><tbody><tr><td>parent_id</td><td>23</td><td></td></tr><tr><td>sorting</td><td>4</td><td></td></tr></tbody></table>', 188, '2024-03-01 08:31:40', NULL);
INSERT INTO `cms_logs` (`id`, `ipaddress`, `useragent`, `url`, `description`, `details`, `id_cms_users`, `created_at`, `updated_at`) VALUES
(143, '127.0.0.1', 'Mozilla/5.0 (Windows NT 10.0; Win64; x64) AppleWebKit/537.36 (KHTML, like Gecko) Chrome/122.0.0.0 Safari/537.36', 'http://dms.test/admin/menu_management/edit-save/27', 'Update data STS History at Menu Management', '<table class=\"table table-striped\"><thead><tr><th>Key</th><th>Old Value</th><th>New Value</th></thead><tbody><tr><td>parent_id</td><td>23</td><td></td></tr><tr><td>sorting</td><td>2</td><td></td></tr></tbody></table>', 188, '2024-03-01 08:31:52', NULL),
(144, '127.0.0.1', 'Mozilla/5.0 (Windows NT 10.0; Win64; x64) AppleWebKit/537.36 (KHTML, like Gecko) Chrome/122.0.0.0 Safari/537.36 Edg/122.0.0.0', 'http://dms.test/admin/login', 'mitsukoshibgc@gashapon.ph login with IP Address 127.0.0.1', '', 243, '2024-03-01 08:31:59', NULL),
(145, '127.0.0.1', 'Mozilla/5.0 (Windows NT 10.0; Win64; x64) AppleWebKit/537.36 (KHTML, like Gecko) Chrome/122.0.0.0 Safari/537.36 Edg/122.0.0.0', 'http://dms.test/admin/logout', 'mitsukoshibgc@gashapon.ph logout', '', 243, '2024-03-01 09:00:24', NULL),
(146, '127.0.0.1', 'Mozilla/5.0 (Windows NT 10.0; Win64; x64) AppleWebKit/537.36 (KHTML, like Gecko) Chrome/122.0.0.0 Safari/537.36 Edg/122.0.0.0', 'http://dms.test/admin/login', 'greenhills@gashapon.ph login with IP Address 127.0.0.1', '', 260, '2024-03-01 09:00:27', NULL),
(147, '127.0.0.1', 'Mozilla/5.0 (Windows NT 10.0; Win64; x64) AppleWebKit/537.36 (KHTML, like Gecko) Chrome/122.0.0.0 Safari/537.36 Edg/122.0.0.0', 'http://dms.test/admin/logout', 'greenhills@gashapon.ph logout', '', 260, '2024-03-01 09:16:47', NULL),
(148, '127.0.0.1', 'Mozilla/5.0 (Windows NT 10.0; Win64; x64) AppleWebKit/537.36 (KHTML, like Gecko) Chrome/122.0.0.0 Safari/537.36 Edg/122.0.0.0', 'http://dms.test/admin/login', 'laizasandayan@digits.ph login with IP Address 127.0.0.1', '', 211, '2024-03-01 09:16:51', NULL),
(149, '127.0.0.1', 'Mozilla/5.0 (Windows NT 10.0; Win64; x64) AppleWebKit/537.36 (KHTML, like Gecko) Chrome/122.0.0.0 Safari/537.36 Edg/122.0.0.0', 'http://dms.test/admin/logout', 'laizasandayan@digits.ph logout', '', 211, '2024-03-01 09:24:25', NULL),
(150, '127.0.0.1', 'Mozilla/5.0 (Windows NT 10.0; Win64; x64) AppleWebKit/537.36 (KHTML, like Gecko) Chrome/122.0.0.0 Safari/537.36 Edg/122.0.0.0', 'http://dms.test/admin/login', 'logistics@digits.ph login with IP Address 127.0.0.1', '', 8, '2024-03-01 09:24:28', NULL),
(151, '127.0.0.1', 'Mozilla/5.0 (Windows NT 10.0; Win64; x64) AppleWebKit/537.36 (KHTML, like Gecko) Chrome/122.0.0.0 Safari/537.36 Edg/122.0.0.0', 'http://dms.test/admin/logout', 'logistics@digits.ph logout', '', 8, '2024-03-01 09:24:44', NULL),
(152, '127.0.0.1', 'Mozilla/5.0 (Windows NT 10.0; Win64; x64) AppleWebKit/537.36 (KHTML, like Gecko) Chrome/122.0.0.0 Safari/537.36 Edg/122.0.0.0', 'http://dms.test/admin/login', 'greenhills@gashapon.ph login with IP Address 127.0.0.1', '', 260, '2024-03-01 09:24:49', NULL),
(153, '127.0.0.1', 'Mozilla/5.0 (Windows NT 10.0; Win64; x64) AppleWebKit/537.36 (KHTML, like Gecko) Chrome/122.0.0.0 Safari/537.36', 'http://dms.test/admin/login', 'marvinmosico@digits.ph login with IP Address 127.0.0.1', '', 188, '2024-03-04 00:52:12', NULL),
(154, '127.0.0.1', 'Mozilla/5.0 (Windows NT 10.0; Win64; x64) AppleWebKit/537.36 (KHTML, like Gecko) Chrome/122.0.0.0 Safari/537.36 Edg/122.0.0.0', 'http://dms.test/admin/login', 'greenhills@gashapon.ph login with IP Address 127.0.0.1', '', 260, '2024-03-04 00:54:08', NULL),
(155, '127.0.0.1', 'Mozilla/5.0 (Windows NT 10.0; Win64; x64) AppleWebKit/537.36 (KHTML, like Gecko) Chrome/122.0.0.0 Safari/537.36 Edg/122.0.0.0', 'http://dms.test/admin/receiving_sts', 'Received ST# ST-0000013 at STS Receiving Module', '', 260, '2024-03-04 01:02:36', NULL),
(156, '127.0.0.1', 'Mozilla/5.0 (Windows NT 10.0; Win64; x64) AppleWebKit/537.36 (KHTML, like Gecko) Chrome/122.0.0.0 Safari/537.36 Edg/122.0.0.0', 'http://dms.test/admin/logout', 'greenhills@gashapon.ph logout', '', 260, '2024-03-04 01:04:27', NULL),
(157, '127.0.0.1', 'Mozilla/5.0 (Windows NT 10.0; Win64; x64) AppleWebKit/537.36 (KHTML, like Gecko) Chrome/122.0.0.0 Safari/537.36 Edg/122.0.0.0', 'http://dms.test/admin/login', 'dwvistamallstarosa@digitalwalker.ph login with IP Address 127.0.0.1', '', 248, '2024-03-04 01:04:33', NULL),
(158, '127.0.0.1', 'Mozilla/5.0 (Windows NT 10.0; Win64; x64) AppleWebKit/537.36 (KHTML, like Gecko) Chrome/122.0.0.0 Safari/537.36 Edg/122.0.0.0', 'http://dms.test/admin/logout', 'dwvistamallstarosa@digitalwalker.ph logout', '', 248, '2024-03-04 01:04:38', NULL),
(159, '127.0.0.1', 'Mozilla/5.0 (Windows NT 10.0; Win64; x64) AppleWebKit/537.36 (KHTML, like Gecko) Chrome/122.0.0.0 Safari/537.36', 'http://dms.test/admin/menu_management/edit-save/65', 'Update data Trip Ticket at Menu Management', '<table class=\"table table-striped\"><thead><tr><th>Key</th><th>Old Value</th><th>New Value</th></thead><tbody><tr><td>sorting</td><td>24</td><td></td></tr></tbody></table>', 188, '2024-03-04 01:04:55', NULL),
(160, '127.0.0.1', 'Mozilla/5.0 (Windows NT 10.0; Win64; x64) AppleWebKit/537.36 (KHTML, like Gecko) Chrome/122.0.0.0 Safari/537.36 Edg/122.0.0.0', 'http://dms.test/admin/login', 'greenhills@gashapon.ph login with IP Address 127.0.0.1', '', 260, '2024-03-04 01:04:59', NULL),
(161, '127.0.0.1', 'Mozilla/5.0 (Windows NT 10.0; Win64; x64) AppleWebKit/537.36 (KHTML, like Gecko) Chrome/122.0.0.0 Safari/537.36 Edg/122.0.0.0', 'http://dms.test/admin/logout', 'greenhills@gashapon.ph logout', '', 260, '2024-03-04 01:05:24', NULL),
(162, '127.0.0.1', 'Mozilla/5.0 (Windows NT 10.0; Win64; x64) AppleWebKit/537.36 (KHTML, like Gecko) Chrome/122.0.0.0 Safari/537.36 Edg/122.0.0.0', 'http://dms.test/admin/login', 'mitsukoshibgc@gashapon.ph login with IP Address 127.0.0.1', '', 243, '2024-03-04 01:05:31', NULL),
(163, '127.0.0.1', 'Mozilla/5.0 (Windows NT 10.0; Win64; x64) AppleWebKit/537.36 (KHTML, like Gecko) Chrome/122.0.0.0 Safari/537.36 Edg/122.0.0.0', 'http://dms.test/admin/logout', 'mitsukoshibgc@gashapon.ph logout', '', 243, '2024-03-04 01:27:00', NULL),
(164, '127.0.0.1', 'Mozilla/5.0 (Windows NT 10.0; Win64; x64) AppleWebKit/537.36 (KHTML, like Gecko) Chrome/122.0.0.0 Safari/537.36 Edg/122.0.0.0', 'http://dms.test/admin/login', 'greenhills@gashapon.ph login with IP Address 127.0.0.1', '', 260, '2024-03-04 01:27:05', NULL),
(165, '127.0.0.1', 'Mozilla/5.0 (Windows NT 10.0; Win64; x64) AppleWebKit/537.36 (KHTML, like Gecko) Chrome/122.0.0.0 Safari/537.36 Edg/122.0.0.0', 'http://dms.test/admin/logout', 'greenhills@gashapon.ph logout', '', 260, '2024-03-04 03:26:09', NULL),
(166, '127.0.0.1', 'Mozilla/5.0 (Windows NT 10.0; Win64; x64) AppleWebKit/537.36 (KHTML, like Gecko) Chrome/122.0.0.0 Safari/537.36 Edg/122.0.0.0', 'http://dms.test/admin/login', 'laizasandayan@digits.ph login with IP Address 127.0.0.1', '', 211, '2024-03-04 03:26:13', NULL),
(167, '127.0.0.1', 'Mozilla/5.0 (Windows NT 10.0; Win64; x64) AppleWebKit/537.36 (KHTML, like Gecko) Chrome/122.0.0.0 Safari/537.36 Edg/122.0.0.0', 'http://dms.test/admin/logout', 'laizasandayan@digits.ph logout', '', 211, '2024-03-04 03:26:29', NULL),
(168, '127.0.0.1', 'Mozilla/5.0 (Windows NT 10.0; Win64; x64) AppleWebKit/537.36 (KHTML, like Gecko) Chrome/122.0.0.0 Safari/537.36 Edg/122.0.0.0', 'http://dms.test/admin/login', 'logistics@digits.ph login with IP Address 127.0.0.1', '', 8, '2024-03-04 03:26:34', NULL),
(169, '127.0.0.1', 'Mozilla/5.0 (Windows NT 10.0; Win64; x64) AppleWebKit/537.36 (KHTML, like Gecko) Chrome/122.0.0.0 Safari/537.36 Edg/122.0.0.0', 'http://dms.test/admin/logout', 'logistics@digits.ph logout', '', 8, '2024-03-04 03:26:55', NULL),
(170, '127.0.0.1', 'Mozilla/5.0 (Windows NT 10.0; Win64; x64) AppleWebKit/537.36 (KHTML, like Gecko) Chrome/122.0.0.0 Safari/537.36 Edg/122.0.0.0', 'http://dms.test/admin/login', 'mitsukoshibgc@gashapon.ph login with IP Address 127.0.0.1', '', 243, '2024-03-04 03:27:02', NULL),
(171, '127.0.0.1', 'Mozilla/5.0 (Windows NT 10.0; Win64; x64) AppleWebKit/537.36 (KHTML, like Gecko) Chrome/122.0.0.0 Safari/537.36 Edg/122.0.0.0', 'http://dms.test/admin/logout', 'mitsukoshibgc@gashapon.ph logout', '', 243, '2024-03-04 03:27:29', NULL),
(172, '127.0.0.1', 'Mozilla/5.0 (Windows NT 10.0; Win64; x64) AppleWebKit/537.36 (KHTML, like Gecko) Chrome/122.0.0.0 Safari/537.36 Edg/122.0.0.0', 'http://dms.test/admin/login', 'logistics@digits.ph login with IP Address 127.0.0.1', '', 8, '2024-03-04 03:27:33', NULL),
(173, '127.0.0.1', 'Mozilla/5.0 (Windows NT 10.0; Win64; x64) AppleWebKit/537.36 (KHTML, like Gecko) Chrome/122.0.0.0 Safari/537.36 Edg/122.0.0.0', 'http://dms.test/admin/logout', 'logistics@digits.ph logout', '', 8, '2024-03-04 03:28:11', NULL),
(174, '127.0.0.1', 'Mozilla/5.0 (Windows NT 10.0; Win64; x64) AppleWebKit/537.36 (KHTML, like Gecko) Chrome/122.0.0.0 Safari/537.36 Edg/122.0.0.0', 'http://dms.test/admin/login', 'mitsukoshibgc@gashapon.ph login with IP Address 127.0.0.1', '', 243, '2024-03-04 03:28:16', NULL),
(175, '127.0.0.1', 'Mozilla/5.0 (Windows NT 10.0; Win64; x64) AppleWebKit/537.36 (KHTML, like Gecko) Chrome/122.0.0.0 Safari/537.36 Edg/122.0.0.0', 'http://dms.test/admin/logout', 'mitsukoshibgc@gashapon.ph logout', '', 243, '2024-03-04 03:29:07', NULL),
(176, '127.0.0.1', 'Mozilla/5.0 (Windows NT 10.0; Win64; x64) AppleWebKit/537.36 (KHTML, like Gecko) Chrome/122.0.0.0 Safari/537.36 Edg/122.0.0.0', 'http://dms.test/admin/login', 'greenhills@gashapon.ph login with IP Address 127.0.0.1', '', 260, '2024-03-04 03:29:10', NULL),
(177, '127.0.0.1', 'Mozilla/5.0 (Windows NT 10.0; Win64; x64) AppleWebKit/537.36 (KHTML, like Gecko) Chrome/122.0.0.0 Safari/537.36 Edg/122.0.0.0', 'http://dms.test/admin/logout', 'greenhills@gashapon.ph logout', '', 260, '2024-03-04 03:29:15', NULL),
(178, '127.0.0.1', 'Mozilla/5.0 (Windows NT 10.0; Win64; x64) AppleWebKit/537.36 (KHTML, like Gecko) Chrome/122.0.0.0 Safari/537.36 Edg/122.0.0.0', 'http://dms.test/admin/login', 'mitsukoshibgc@gashapon.ph login with IP Address 127.0.0.1', '', 243, '2024-03-04 03:29:19', NULL),
(179, '127.0.0.1', 'Mozilla/5.0 (Windows NT 10.0; Win64; x64) AppleWebKit/537.36 (KHTML, like Gecko) Chrome/122.0.0.0 Safari/537.36 Edg/122.0.0.0', 'http://dms.test/admin/logout', 'mitsukoshibgc@gashapon.ph logout', '', 243, '2024-03-04 03:31:55', NULL),
(180, '127.0.0.1', 'Mozilla/5.0 (Windows NT 10.0; Win64; x64) AppleWebKit/537.36 (KHTML, like Gecko) Chrome/122.0.0.0 Safari/537.36 Edg/122.0.0.0', 'http://dms.test/admin/login', 'logistics@digits.ph login with IP Address 127.0.0.1', '', 8, '2024-03-04 03:32:00', NULL),
(181, '127.0.0.1', 'Mozilla/5.0 (Windows NT 10.0; Win64; x64) AppleWebKit/537.36 (KHTML, like Gecko) Chrome/122.0.0.0 Safari/537.36 Edg/122.0.0.0', 'http://dms.test/admin/logout', 'logistics@digits.ph logout', '', 8, '2024-03-04 03:32:06', NULL),
(182, '127.0.0.1', 'Mozilla/5.0 (Windows NT 10.0; Win64; x64) AppleWebKit/537.36 (KHTML, like Gecko) Chrome/122.0.0.0 Safari/537.36 Edg/122.0.0.0', 'http://dms.test/admin/login', 'greenhills@gashapon.ph login with IP Address 127.0.0.1', '', 260, '2024-03-04 03:32:10', NULL),
(183, '127.0.0.1', 'Mozilla/5.0 (Windows NT 10.0; Win64; x64) AppleWebKit/537.36 (KHTML, like Gecko) Chrome/122.0.0.0 Safari/537.36 Edg/122.0.0.0', 'http://dms.test/admin/logout', 'greenhills@gashapon.ph logout', '', 260, '2024-03-04 03:33:15', NULL),
(184, '127.0.0.1', 'Mozilla/5.0 (Windows NT 10.0; Win64; x64) AppleWebKit/537.36 (KHTML, like Gecko) Chrome/122.0.0.0 Safari/537.36 Edg/122.0.0.0', 'http://dms.test/admin/login', 'laizasandayan@digits.ph login with IP Address 127.0.0.1', '', 211, '2024-03-04 03:33:18', NULL),
(185, '127.0.0.1', 'Mozilla/5.0 (Windows NT 10.0; Win64; x64) AppleWebKit/537.36 (KHTML, like Gecko) Chrome/122.0.0.0 Safari/537.36 Edg/122.0.0.0', 'http://dms.test/admin/logout', 'laizasandayan@digits.ph logout', '', 211, '2024-03-04 03:33:26', NULL),
(186, '127.0.0.1', 'Mozilla/5.0 (Windows NT 10.0; Win64; x64) AppleWebKit/537.36 (KHTML, like Gecko) Chrome/122.0.0.0 Safari/537.36 Edg/122.0.0.0', 'http://dms.test/admin/login', 'mitsukoshibgc@gashapon.ph login with IP Address 127.0.0.1', '', 243, '2024-03-04 03:33:30', NULL),
(187, '127.0.0.1', 'Mozilla/5.0 (Windows NT 10.0; Win64; x64) AppleWebKit/537.36 (KHTML, like Gecko) Chrome/122.0.0.0 Safari/537.36', 'http://dms.test/admin/receiving_sts', 'Received ST# ST-0000023 at STS Receiving Module', '', 188, '2024-03-04 03:40:51', NULL),
(188, '127.0.0.1', 'Mozilla/5.0 (Windows NT 10.0; Win64; x64) AppleWebKit/537.36 (KHTML, like Gecko) Chrome/122.0.0.0 Safari/537.36 Edg/122.0.0.0', 'http://dms.test/admin/logout', 'mitsukoshibgc@gashapon.ph logout', '', 243, '2024-03-04 05:26:55', NULL),
(189, '127.0.0.1', 'Mozilla/5.0 (Windows NT 10.0; Win64; x64) AppleWebKit/537.36 (KHTML, like Gecko) Chrome/122.0.0.0 Safari/537.36 Edg/122.0.0.0', 'http://dms.test/admin/login', 'dwgreenhills@digitalwalker.ph login with IP Address 127.0.0.1', '', 217, '2024-03-04 05:26:58', NULL),
(190, '127.0.0.1', 'Mozilla/5.0 (Windows NT 10.0; Win64; x64) AppleWebKit/537.36 (KHTML, like Gecko) Chrome/122.0.0.0 Safari/537.36 Edg/122.0.0.0', 'http://dms.test/admin/gis_pull_approval', 'Try view the data :name at Gis STS Approval', '', 217, '2024-03-04 06:00:17', NULL),
(191, '127.0.0.1', 'Mozilla/5.0 (Windows NT 10.0; Win64; x64) AppleWebKit/537.36 (KHTML, like Gecko) Chrome/122.0.0.0 Safari/537.36 Edg/122.0.0.0', 'http://dms.test/admin/logout', 'dwgreenhills@digitalwalker.ph logout', '', 217, '2024-03-04 06:00:21', NULL),
(192, '127.0.0.1', 'Mozilla/5.0 (Windows NT 10.0; Win64; x64) AppleWebKit/537.36 (KHTML, like Gecko) Chrome/122.0.0.0 Safari/537.36 Edg/122.0.0.0', 'http://dms.test/admin/login', 'mitsukoshibgc@gashapon.ph login with IP Address 127.0.0.1', '', 243, '2024-03-04 06:03:08', NULL),
(193, '127.0.0.1', 'Mozilla/5.0 (Windows NT 10.0; Win64; x64) AppleWebKit/537.36 (KHTML, like Gecko) Chrome/122.0.0.0 Safari/537.36', 'http://dms.test/admin/logout', 'marvinmosico@digits.ph logout', '', 188, '2024-03-04 06:03:38', NULL),
(194, '127.0.0.1', 'Mozilla/5.0 (Windows NT 10.0; Win64; x64) AppleWebKit/537.36 (KHTML, like Gecko) Chrome/122.0.0.0 Safari/537.36 Edg/122.0.0.0', 'http://dms.test/admin/logout', 'mitsukoshibgc@gashapon.ph logout', '', 243, '2024-03-04 06:03:45', NULL),
(195, '127.0.0.1', 'Mozilla/5.0 (Windows NT 10.0; Win64; x64) AppleWebKit/537.36 (KHTML, like Gecko) Chrome/122.0.0.0 Safari/537.36', 'http://dms.test/admin/login', 'mitsukoshibgc@gashapon.ph login with IP Address 127.0.0.1', '', 243, '2024-03-04 06:03:54', NULL),
(196, '127.0.0.1', 'Mozilla/5.0 (Windows NT 10.0; Win64; x64) AppleWebKit/537.36 (KHTML, like Gecko) Chrome/122.0.0.0 Safari/537.36 Edg/122.0.0.0', 'http://dms.test/admin/login', 'marvinmosico@digits.ph login with IP Address 127.0.0.1', '', 188, '2024-03-04 06:19:32', NULL),
(197, '127.0.0.1', 'Mozilla/5.0 (Windows NT 10.0; Win64; x64) AppleWebKit/537.36 (KHTML, like Gecko) Chrome/122.0.0.0 Safari/537.36', 'http://dms.test/admin/logout', 'mitsukoshibgc@gashapon.ph logout', '', 243, '2024-03-04 06:23:18', NULL),
(198, '127.0.0.1', 'Mozilla/5.0 (Windows NT 10.0; Win64; x64) AppleWebKit/537.36 (KHTML, like Gecko) Chrome/122.0.0.0 Safari/537.36 Edg/122.0.0.0', 'http://dms.test/admin/logout', 'marvinmosico@digits.ph logout', '', 188, '2024-03-04 06:23:26', NULL),
(199, '127.0.0.1', 'Mozilla/5.0 (Windows NT 10.0; Win64; x64) AppleWebKit/537.36 (KHTML, like Gecko) Chrome/122.0.0.0 Safari/537.36 Edg/122.0.0.0', 'http://dms.test/admin/login', 'mitsukoshibgc@gashapon.ph login with IP Address 127.0.0.1', '', 243, '2024-03-04 06:23:32', NULL),
(200, '127.0.0.1', 'Mozilla/5.0 (Windows NT 10.0; Win64; x64) AppleWebKit/537.36 (KHTML, like Gecko) Chrome/122.0.0.0 Safari/537.36 Edg/122.0.0.0', 'http://dms.test/admin/gis_pull_approval', 'Try view the data :name at Gis STS Approval', '', 243, '2024-03-04 09:26:34', NULL),
(201, '127.0.0.1', 'Mozilla/5.0 (Windows NT 10.0; Win64; x64) AppleWebKit/537.36 (KHTML, like Gecko) Chrome/122.0.0.0 Safari/537.36', 'http://dms.test/admin/login', 'marvinmosico@digits.ph login with IP Address 127.0.0.1', '', 188, '2024-03-04 09:26:53', NULL),
(202, '127.0.0.1', 'Mozilla/5.0 (Windows NT 10.0; Win64; x64) AppleWebKit/537.36 (KHTML, like Gecko) Chrome/122.0.0.0 Safari/537.36 Edg/122.0.0.0', 'http://dms.test/admin/st_gis_creation', 'Created ST# ST-0000026 at STS Module', '', 243, '2024-03-04 09:27:50', NULL),
(203, '127.0.0.1', 'Mozilla/5.0 (Windows NT 10.0; Win64; x64) AppleWebKit/537.36 (KHTML, like Gecko) Chrome/122.0.0.0 Safari/537.36 Edg/122.0.0.0', 'http://dms.test/admin/login', 'dwoneayala@digitalwalker.ph login with IP Address 127.0.0.1', '', 215, '2024-03-04 13:38:39', NULL),
(204, '127.0.0.1', 'Mozilla/5.0 (Windows NT 10.0; Win64; x64) AppleWebKit/537.36 (KHTML, like Gecko) Chrome/122.0.0.0 Safari/537.36 Edg/122.0.0.0', 'http://dms.test/admin/login', 'marvinmosico@digits.ph login with IP Address 127.0.0.1', '', 188, '2024-03-08 05:20:45', NULL),
(205, '127.0.0.1', 'Mozilla/5.0 (Windows NT 10.0; Win64; x64) AppleWebKit/537.36 (KHTML, like Gecko) Chrome/122.0.0.0 Safari/537.36 Edg/122.0.0.0', 'http://dms.test/admin/login', 'mitsukoshibgc@gashapon.ph login with IP Address 127.0.0.1', '', 243, '2024-03-12 02:47:07', NULL),
(206, '127.0.0.1', 'Mozilla/5.0 (Windows NT 10.0; Win64; x64) AppleWebKit/537.36 (KHTML, like Gecko) Chrome/122.0.0.0 Safari/537.36', 'http://dms.test/admin/login', 'marvinmosico@digits.ph login with IP Address 127.0.0.1', '', 188, '2024-03-12 02:48:43', NULL),
(207, '192.168.5.141', 'Mozilla/5.0 (Windows NT 10.0; Win64; x64) AppleWebKit/537.36 (KHTML, like Gecko) Chrome/122.0.0.0 Safari/537.36', 'http://192.168.5.44/dms/public/admin/logout', 'mitsukoshibgc@gashapon.ph logout', '', 243, '2024-04-11 07:41:37', NULL),
(208, '192.168.5.141', 'Mozilla/5.0 (Windows NT 10.0; Win64; x64) AppleWebKit/537.36 (KHTML, like Gecko) Chrome/122.0.0.0 Safari/537.36', 'http://192.168.5.44/dms/public/admin/login', 'mitsukoshibgc@gashapon.ph login with IP Address 192.168.5.141', '', 243, '2024-04-11 07:57:03', NULL),
(209, '192.168.5.141', 'Mozilla/5.0 (Windows NT 10.0; Win64; x64) AppleWebKit/537.36 (KHTML, like Gecko) Chrome/123.0.0.0 Safari/537.36', 'http://192.168.5.44/dms/public/admin/login', 'mitsukoshibgc@gashapon.ph login with IP Address 192.168.5.141', '', 243, '2024-04-18 00:19:44', NULL),
(210, '127.0.0.1', 'Mozilla/5.0 (Windows NT 10.0; Win64; x64) AppleWebKit/537.36 (KHTML, like Gecko) Chrome/124.0.0.0 Safari/537.36 Edg/124.0.0.0', 'http://dms.test/admin/login', 'marvinmosico@digits.ph login with IP Address 127.0.0.1', '', 188, '2024-05-03 02:28:05', NULL),
(211, '192.168.5.167', 'Mozilla/5.0 (Windows NT 10.0; Win64; x64) AppleWebKit/537.36 (KHTML, like Gecko) Chrome/124.0.0.0 Safari/537.36', 'http://192.168.5.44/dms/public/admin/login', 'logistics@digits.ph login with IP Address 192.168.5.167', '', 8, '2024-05-10 05:42:41', NULL),
(212, '127.0.0.1', 'Mozilla/5.0 (Windows NT 10.0; Win64; x64) AppleWebKit/537.36 (KHTML, like Gecko) Chrome/125.0.0.0 Safari/537.36 Edg/125.0.0.0', 'http://dms.test/admin/login', 'marvinmosico@digits.ph login with IP Address 127.0.0.1', '', 188, '2024-06-05 01:02:48', NULL),
(213, '127.0.0.1', 'Mozilla/5.0 (Windows NT 10.0; Win64; x64) AppleWebKit/537.36 (KHTML, like Gecko) Chrome/125.0.0.0 Safari/537.36', 'http://dms.test/admin/login', 'marvinmosico@digits.ph login with IP Address 127.0.0.1', '', 188, '2024-06-05 01:20:09', NULL),
(214, '127.0.0.1', 'Mozilla/5.0 (Windows NT 10.0; Win64; x64) AppleWebKit/537.36 (KHTML, like Gecko) Chrome/125.0.0.0 Safari/537.36 Edg/125.0.0.0', 'http://dms.test/admin/logout', 'marvinmosico@digits.ph logout', '', 188, '2024-06-05 01:55:39', NULL),
(215, '127.0.0.1', 'Mozilla/5.0 (Windows NT 10.0; Win64; x64) AppleWebKit/537.36 (KHTML, like Gecko) Chrome/125.0.0.0 Safari/537.36 Edg/125.0.0.0', 'http://dms.test/admin/login', 'dwtrinoma@digitalwalker.ph login with IP Address 127.0.0.1', '', 2, '2024-06-05 01:55:47', NULL),
(216, '127.0.0.1', 'Mozilla/5.0 (Windows NT 10.0; Win64; x64) AppleWebKit/537.36 (KHTML, like Gecko) Chrome/125.0.0.0 Safari/537.36 Edg/125.0.0.0', 'http://dms.test/admin/logout', 'dwtrinoma@digitalwalker.ph logout', '', 2, '2024-06-05 01:57:39', NULL),
(217, '127.0.0.1', 'Mozilla/5.0 (Windows NT 10.0; Win64; x64) AppleWebKit/537.36 (KHTML, like Gecko) Chrome/125.0.0.0 Safari/537.36', 'http://dms.test/admin/users/add-save', 'Add New Data Rick Grimes at Users Management', '', 188, '2024-06-05 01:58:37', NULL),
(218, '127.0.0.1', 'Mozilla/5.0 (Windows NT 10.0; Win64; x64) AppleWebKit/537.36 (KHTML, like Gecko) Chrome/125.0.0.0 Safari/537.36 Edg/125.0.0.0', 'http://dms.test/admin/login', 'rickgrimes@digits.ph login with IP Address 127.0.0.1', '', 261, '2024-06-05 01:58:42', NULL),
(219, '127.0.0.1', 'Mozilla/5.0 (Windows NT 10.0; Win64; x64) AppleWebKit/537.36 (KHTML, like Gecko) Chrome/125.0.0.0 Safari/537.36 Edg/125.0.0.0', 'http://dms.test/admin/logout', 'rickgrimes@digits.ph logout', '', 261, '2024-06-05 02:53:34', NULL),
(220, '127.0.0.1', 'Mozilla/5.0 (Windows NT 10.0; Win64; x64) AppleWebKit/537.36 (KHTML, like Gecko) Chrome/125.0.0.0 Safari/537.36 Edg/125.0.0.0', 'http://dms.test/admin/login', 'rickgrimes@digits.ph login with IP Address 127.0.0.1', '', 261, '2024-06-05 03:07:05', NULL),
(221, '127.0.0.1', 'Mozilla/5.0 (Windows NT 10.0; Win64; x64) AppleWebKit/537.36 (KHTML, like Gecko) Chrome/125.0.0.0 Safari/537.36 Edg/125.0.0.0', 'http://dms.test/admin/pos_pull_headers', 'Try view the data :name at STS', '', 261, '2024-06-05 03:13:29', NULL),
(222, '127.0.0.1', 'Mozilla/5.0 (Windows NT 10.0; Win64; x64) AppleWebKit/537.36 (KHTML, like Gecko) Chrome/125.0.0.0 Safari/537.36 Edg/125.0.0.0', 'http://dms.test/admin/logout', 'rickgrimes@digits.ph logout', '', 261, '2024-06-05 03:13:32', NULL),
(223, '127.0.0.1', 'Mozilla/5.0 (Windows NT 10.0; Win64; x64) AppleWebKit/537.36 (KHTML, like Gecko) Chrome/125.0.0.0 Safari/537.36 Edg/125.0.0.0', 'http://dms.test/admin/login', 'rickgrimes@digits.ph login with IP Address 127.0.0.1', '', 261, '2024-06-05 03:13:38', NULL),
(224, '127.0.0.1', 'Mozilla/5.0 (Windows NT 10.0; Win64; x64) AppleWebKit/537.36 (KHTML, like Gecko) Chrome/125.0.0.0 Safari/537.36 Edg/125.0.0.0', 'http://dms.test/admin/logout', 'rickgrimes@digits.ph logout', '', 261, '2024-06-05 03:14:16', NULL),
(225, '127.0.0.1', 'Mozilla/5.0 (Windows NT 10.0; Win64; x64) AppleWebKit/537.36 (KHTML, like Gecko) Chrome/125.0.0.0 Safari/537.36 Edg/125.0.0.0', 'http://dms.test/admin/login', 'greenhills@gashapon.ph login with IP Address 127.0.0.1', '', 260, '2024-06-05 03:14:21', NULL),
(226, '127.0.0.1', 'Mozilla/5.0 (Windows NT 10.0; Win64; x64) AppleWebKit/537.36 (KHTML, like Gecko) Chrome/125.0.0.0 Safari/537.36', 'http://dms.test/admin/users/edit-save/10', 'Update data Evelyn Letran RTL at Users Management', '<table class=\"table table-striped\"><thead><tr><th>Key</th><th>Old Value</th><th>New Value</th></thead><tbody><tr><td>first_name</td><td></td><td></td></tr><tr><td>last_name</td><td></td><td></td></tr><tr><td>password</td><td>$2y$10$YRLNNs1LUMNmqjLslrMZwuIhxEJTG7fCPRei7.m/Y3pGtACT0CJEq</td><td></td></tr><tr><td>id_cms_privileges</td><td>5</td><td>28</td></tr><tr><td>stores_id</td><td></td><td></td></tr><tr><td>status</td><td>ACTIVE</td><td></td></tr></tbody></table>', 188, '2024-06-05 03:37:13', NULL),
(227, '127.0.0.1', 'Mozilla/5.0 (Windows NT 10.0; Win64; x64) AppleWebKit/537.36 (KHTML, like Gecko) Chrome/125.0.0.0 Safari/537.36 Edg/125.0.0.0', 'http://dms.test/admin/logout', 'greenhills@gashapon.ph logout', '', 260, '2024-06-05 03:37:22', NULL),
(228, '127.0.0.1', 'Mozilla/5.0 (Windows NT 10.0; Win64; x64) AppleWebKit/537.36 (KHTML, like Gecko) Chrome/125.0.0.0 Safari/537.36', 'http://dms.test/admin/users/edit-save/10', 'Update data Evelyn Letran RTL at Users Management', '<table class=\"table table-striped\"><thead><tr><th>Key</th><th>Old Value</th><th>New Value</th></thead><tbody><tr><td>first_name</td><td></td><td></td></tr><tr><td>last_name</td><td></td><td></td></tr><tr><td>password</td><td>$2y$10$YRLNNs1LUMNmqjLslrMZwuIhxEJTG7fCPRei7.m/Y3pGtACT0CJEq</td><td>$2y$10$Ir1jROU04NnZQtvMga10ku1EhZN18VkfVJ8oehgGXfDXqYOZzXq96</td></tr><tr><td>stores_id</td><td></td><td></td></tr><tr><td>status</td><td>ACTIVE</td><td></td></tr></tbody></table>', 188, '2024-06-05 03:37:39', NULL),
(229, '127.0.0.1', 'Mozilla/5.0 (Windows NT 10.0; Win64; x64) AppleWebKit/537.36 (KHTML, like Gecko) Chrome/125.0.0.0 Safari/537.36 Edg/125.0.0.0', 'http://dms.test/admin/login', 'evelynletran@digitalwalker.ph login with IP Address 127.0.0.1', '', 10, '2024-06-05 03:37:43', NULL),
(230, '127.0.0.1', 'Mozilla/5.0 (Windows NT 10.0; Win64; x64) AppleWebKit/537.36 (KHTML, like Gecko) Chrome/125.0.0.0 Safari/537.36 Edg/125.0.0.0', 'http://dms.test/admin/logout', 'evelynletran@digitalwalker.ph logout', '', 10, '2024-06-05 03:58:58', NULL),
(231, '127.0.0.1', 'Mozilla/5.0 (Windows NT 10.0; Win64; x64) AppleWebKit/537.36 (KHTML, like Gecko) Chrome/125.0.0.0 Safari/537.36 Edg/125.0.0.0', 'http://dms.test/admin/login', 'greenhills@gashapon.ph login with IP Address 127.0.0.1', '', 260, '2024-06-05 04:00:10', NULL),
(232, '127.0.0.1', 'Mozilla/5.0 (Windows NT 10.0; Win64; x64) AppleWebKit/537.36 (KHTML, like Gecko) Chrome/125.0.0.0 Safari/537.36', 'http://dms.test/admin/stores/edit-save/300', 'Update data GASHAPON.ORTIGAS MALLS.GREENHILLS.RTL at Store Name', '<table class=\"table table-striped\"><thead><tr><th>Key</th><th>Old Value</th><th>New Value</th></thead><tbody><tr><td>bea_so_store_name</td><td>GASHAPON.GREENHILLS.VMALL.RTL</td><td>GASHAPON.ORTIGAS MALLS.GREENHILLS.RTL</td></tr><tr><td>sit_subinventory</td><td></td><td></td></tr><tr><td>allowed_bulk_receiving</td><td>0</td><td></td></tr><tr><td>updated_by</td><td></td><td>188</td></tr><tr><td>deleted_at</td><td></td><td></td></tr></tbody></table>', 188, '2024-06-05 04:06:58', NULL),
(233, '127.0.0.1', 'Mozilla/5.0 (Windows NT 10.0; Win64; x64) AppleWebKit/537.36 (KHTML, like Gecko) Chrome/125.0.0.0 Safari/537.36', 'http://dms.test/admin/code_counter/add-save', 'Add New Data 2 at Code Generator', '', 188, '2024-06-05 04:12:26', NULL),
(234, '127.0.0.1', 'Mozilla/5.0 (Windows NT 10.0; Win64; x64) AppleWebKit/537.36 (KHTML, like Gecko) Chrome/125.0.0.0 Safari/537.36', 'http://dms.test/admin/code_counter/add-save', 'Add New Data 3 at Code Generator', '', 188, '2024-06-05 04:12:51', NULL),
(235, '127.0.0.1', 'Mozilla/5.0 (Windows NT 10.0; Win64; x64) AppleWebKit/537.36 (KHTML, like Gecko) Chrome/125.0.0.0 Safari/537.36 Edg/125.0.0.0', 'http://dms.test/admin/logout', 'greenhills@gashapon.ph logout', '', 260, '2024-06-05 05:21:33', NULL),
(236, '127.0.0.1', 'Mozilla/5.0 (Windows NT 10.0; Win64; x64) AppleWebKit/537.36 (KHTML, like Gecko) Chrome/125.0.0.0 Safari/537.36 Edg/125.0.0.0', 'http://dms.test/admin/login', 'rickgrimes@digits.ph login with IP Address 127.0.0.1', '', 261, '2024-06-05 05:21:42', NULL),
(237, '127.0.0.1', 'Mozilla/5.0 (Windows NT 10.0; Win64; x64) AppleWebKit/537.36 (KHTML, like Gecko) Chrome/125.0.0.0 Safari/537.36 Edg/125.0.0.0', 'http://dms.test/admin/gis_pull_approval', 'Try view the data :name at Gis STS Approval', '', 261, '2024-06-05 08:45:19', NULL),
(238, '127.0.0.1', 'Mozilla/5.0 (Windows NT 10.0; Win64; x64) AppleWebKit/537.36 (KHTML, like Gecko) Chrome/125.0.0.0 Safari/537.36 Edg/125.0.0.0', 'http://dms.test/admin/login', 'dwtrinoma@digitalwalker.ph login with IP Address 127.0.0.1', '', 2, '2024-06-06 03:15:39', NULL),
(239, '127.0.0.1', 'Mozilla/5.0 (Windows NT 10.0; Win64; x64) AppleWebKit/537.36 (KHTML, like Gecko) Chrome/125.0.0.0 Safari/537.36 Edg/125.0.0.0', 'http://dms.test/admin/st_creation', 'Created ST# 9928 at STS Module', '', 2, '2024-06-06 04:08:18', NULL),
(240, '127.0.0.1', 'Mozilla/5.0 (Windows NT 10.0; Win64; x64) AppleWebKit/537.36 (KHTML, like Gecko) Chrome/125.0.0.0 Safari/537.36 Edg/125.0.0.0', 'http://dms.test/admin/store_transfers', 'Try view the data :name at STS', '', 2, '2024-06-06 04:16:29', NULL),
(241, '127.0.0.1', 'Mozilla/5.0 (Windows NT 10.0; Win64; x64) AppleWebKit/537.36 (KHTML, like Gecko) Chrome/125.0.0.0 Safari/537.36 Edg/125.0.0.0', 'http://dms.test/admin/logout', 'dwtrinoma@digitalwalker.ph logout', '', 2, '2024-06-06 04:16:33', NULL),
(242, '127.0.0.1', 'Mozilla/5.0 (Windows NT 10.0; Win64; x64) AppleWebKit/537.36 (KHTML, like Gecko) Chrome/125.0.0.0 Safari/537.36 Edg/125.0.0.0', 'http://dms.test/admin/login', 'dwtrinoma@digitalwalker.ph login with IP Address 127.0.0.1', '', 2, '2024-06-06 04:16:41', NULL),
(243, '127.0.0.1', 'Mozilla/5.0 (Windows NT 10.0; Win64; x64) AppleWebKit/537.36 (KHTML, like Gecko) Chrome/125.0.0.0 Safari/537.36', 'http://dms.test/admin/login', 'marvinmosico@digits.ph login with IP Address 127.0.0.1', '', 188, '2024-06-06 05:40:03', NULL),
(244, '127.0.0.1', 'Mozilla/5.0 (Windows NT 10.0; Win64; x64) AppleWebKit/537.36 (KHTML, like Gecko) Chrome/125.0.0.0 Safari/537.36 Edg/125.0.0.0', 'http://dms.test/admin/login', 'rickgrimes@digits.ph login with IP Address 127.0.0.1', '', 261, '2024-06-07 00:24:24', NULL),
(245, '127.0.0.1', 'Mozilla/5.0 (Windows NT 10.0; Win64; x64) AppleWebKit/537.36 (KHTML, like Gecko) Chrome/125.0.0.0 Safari/537.36', 'http://dms.test/admin/login', 'marvinmosico@digits.ph login with IP Address 127.0.0.1', '', 188, '2024-06-07 00:31:26', NULL),
(246, '127.0.0.1', 'Mozilla/5.0 (Windows NT 10.0; Win64; x64) AppleWebKit/537.36 (KHTML, like Gecko) Chrome/125.0.0.0 Safari/537.36 Edg/125.0.0.0', 'http://dms.test/admin/logout', 'rickgrimes@digits.ph logout', '', 261, '2024-06-07 01:07:32', NULL),
(247, '127.0.0.1', 'Mozilla/5.0 (Windows NT 10.0; Win64; x64) AppleWebKit/537.36 (KHTML, like Gecko) Chrome/125.0.0.0 Safari/537.36 Edg/125.0.0.0', 'http://dms.test/admin/login', 'rickgrimes@digits.ph login with IP Address 127.0.0.1', '', 261, '2024-06-07 01:17:37', NULL),
(248, '127.0.0.1', 'Mozilla/5.0 (Windows NT 10.0; Win64; x64) AppleWebKit/537.36 (KHTML, like Gecko) Chrome/125.0.0.0 Safari/537.36', 'http://dms.test/admin/users/edit-save/261', 'Update data Rick Grimes at Users Management', '<table class=\"table table-striped\"><thead><tr><th>Key</th><th>Old Value</th><th>New Value</th></thead><tbody><tr><td>photo</td><td>uploads/mrs-avatar.png</td><td></td></tr><tr><td>password</td><td>$2y$10$K6VHom67GxT7yaYufWYejejgUrFzNFFl249y9EwLtcTIgcFxVuRJe</td><td></td></tr><tr><td>stores_id</td><td>32</td><td>52</td></tr><tr><td>status</td><td>ACTIVE</td><td></td></tr></tbody></table>', 188, '2024-06-07 01:19:02', NULL),
(249, '127.0.0.1', 'Mozilla/5.0 (Windows NT 10.0; Win64; x64) AppleWebKit/537.36 (KHTML, like Gecko) Chrome/125.0.0.0 Safari/537.36 Edg/125.0.0.0', 'http://dms.test/admin/logout', 'rickgrimes@digits.ph logout', '', 261, '2024-06-07 01:19:07', NULL),
(250, '127.0.0.1', 'Mozilla/5.0 (Windows NT 10.0; Win64; x64) AppleWebKit/537.36 (KHTML, like Gecko) Chrome/125.0.0.0 Safari/537.36 Edg/125.0.0.0', 'http://dms.test/admin/login', 'rickgrimes@digits.ph login with IP Address 127.0.0.1', '', 261, '2024-06-07 01:19:20', NULL),
(251, '127.0.0.1', 'Mozilla/5.0 (Windows NT 10.0; Win64; x64) AppleWebKit/537.36 (KHTML, like Gecko) Chrome/125.0.0.0 Safari/537.36 Edg/125.0.0.0', 'http://dms.test/admin/logout', 'rickgrimes@digits.ph logout', '', 261, '2024-06-07 01:22:45', NULL),
(252, '127.0.0.1', 'Mozilla/5.0 (Windows NT 10.0; Win64; x64) AppleWebKit/537.36 (KHTML, like Gecko) Chrome/125.0.0.0 Safari/537.36 Edg/125.0.0.0', 'http://dms.test/admin/login', 'rickgrimes@digits.ph login with IP Address 127.0.0.1', '', 261, '2024-06-07 01:22:51', NULL),
(253, '127.0.0.1', 'Mozilla/5.0 (Windows NT 10.0; Win64; x64) AppleWebKit/537.36 (KHTML, like Gecko) Chrome/125.0.0.0 Safari/537.36 Edg/125.0.0.0', 'http://dms.test/admin/logout', 'rickgrimes@digits.ph logout', '', 261, '2024-06-07 02:09:44', NULL),
(254, '127.0.0.1', 'Mozilla/5.0 (Windows NT 10.0; Win64; x64) AppleWebKit/537.36 (KHTML, like Gecko) Chrome/125.0.0.0 Safari/537.36 Edg/125.0.0.0', 'http://dms.test/admin/login', 'laizasandayan@digits.ph login with IP Address 127.0.0.1', '', 211, '2024-06-07 02:09:50', NULL),
(255, '127.0.0.1', 'Mozilla/5.0 (Windows NT 10.0; Win64; x64) AppleWebKit/537.36 (KHTML, like Gecko) Chrome/125.0.0.0 Safari/537.36 Edg/125.0.0.0', 'http://dms.test/admin/store_transfer_confirmation', 'Try view the data :name at STS Confirmation', '', 211, '2024-06-07 02:09:59', NULL),
(256, '127.0.0.1', 'Mozilla/5.0 (Windows NT 10.0; Win64; x64) AppleWebKit/537.36 (KHTML, like Gecko) Chrome/125.0.0.0 Safari/537.36 Edg/125.0.0.0', 'http://dms.test/admin/store_transfer_confirmation', 'Try view the data :name at STS Confirmation', '', 211, '2024-06-07 02:11:39', NULL),
(257, '127.0.0.1', 'Mozilla/5.0 (Windows NT 10.0; Win64; x64) AppleWebKit/537.36 (KHTML, like Gecko) Chrome/125.0.0.0 Safari/537.36 Edg/125.0.0.0', 'http://dms.test/admin/logout', 'laizasandayan@digits.ph logout', '', 211, '2024-06-07 02:14:03', NULL),
(258, '127.0.0.1', 'Mozilla/5.0 (Windows NT 10.0; Win64; x64) AppleWebKit/537.36 (KHTML, like Gecko) Chrome/125.0.0.0 Safari/537.36 Edg/125.0.0.0', 'http://dms.test/admin/login', 'laizasandayan@digits.ph login with IP Address 127.0.0.1', '', 211, '2024-06-07 02:14:10', NULL),
(259, '127.0.0.1', 'Mozilla/5.0 (Windows NT 10.0; Win64; x64) AppleWebKit/537.36 (KHTML, like Gecko) Chrome/125.0.0.0 Safari/537.36 Edg/125.0.0.0', 'http://dms.test/admin/store_transfer_confirmation', 'Try view the data :name at STS Confirmation', '', 211, '2024-06-07 02:14:20', NULL),
(260, '127.0.0.1', 'Mozilla/5.0 (Windows NT 10.0; Win64; x64) AppleWebKit/537.36 (KHTML, like Gecko) Chrome/125.0.0.0 Safari/537.36 Edg/125.0.0.0', 'http://dms.test/admin/logout', 'laizasandayan@digits.ph logout', '', 211, '2024-06-07 02:18:27', NULL),
(261, '127.0.0.1', 'Mozilla/5.0 (Windows NT 10.0; Win64; x64) AppleWebKit/537.36 (KHTML, like Gecko) Chrome/125.0.0.0 Safari/537.36 Edg/125.0.0.0', 'http://dms.test/admin/login', 'logistics@digits.ph login with IP Address 127.0.0.1', '', 8, '2024-06-07 02:18:32', NULL),
(262, '127.0.0.1', 'Mozilla/5.0 (Windows NT 10.0; Win64; x64) AppleWebKit/537.36 (KHTML, like Gecko) Chrome/125.0.0.0 Safari/537.36 Edg/125.0.0.0', 'http://dms.test/admin/logout', 'logistics@digits.ph logout', '', 8, '2024-06-07 02:28:46', NULL),
(263, '127.0.0.1', 'Mozilla/5.0 (Windows NT 10.0; Win64; x64) AppleWebKit/537.36 (KHTML, like Gecko) Chrome/125.0.0.0 Safari/537.36 Edg/125.0.0.0', 'http://dms.test/admin/login', 'rickgrimes@digits.ph login with IP Address 127.0.0.1', '', 261, '2024-06-07 02:28:52', NULL),
(264, '127.0.0.1', 'Mozilla/5.0 (Windows NT 10.0; Win64; x64) AppleWebKit/537.36 (KHTML, like Gecko) Chrome/125.0.0.0 Safari/537.36', 'http://dms.test/admin/users/edit-save/261', 'Update data Rick Grimes at Users Management', '<table class=\"table table-striped\"><thead><tr><th>Key</th><th>Old Value</th><th>New Value</th></thead><tbody><tr><td>password</td><td>$2y$10$K6VHom67GxT7yaYufWYejejgUrFzNFFl249y9EwLtcTIgcFxVuRJe</td><td></td></tr><tr><td>stores_id</td><td>52</td><td>32</td></tr><tr><td>status</td><td>ACTIVE</td><td></td></tr></tbody></table>', 188, '2024-06-07 03:32:26', NULL),
(265, '127.0.0.1', 'Mozilla/5.0 (Windows NT 10.0; Win64; x64) AppleWebKit/537.36 (KHTML, like Gecko) Chrome/125.0.0.0 Safari/537.36 Edg/125.0.0.0', 'http://dms.test/admin/logout', 'rickgrimes@digits.ph logout', '', 261, '2024-06-07 03:32:34', NULL),
(266, '127.0.0.1', 'Mozilla/5.0 (Windows NT 10.0; Win64; x64) AppleWebKit/537.36 (KHTML, like Gecko) Chrome/125.0.0.0 Safari/537.36 Edg/125.0.0.0', 'http://dms.test/admin/login', 'rickgrimes@digits.ph login with IP Address 127.0.0.1', '', 261, '2024-06-07 03:32:41', NULL),
(267, '127.0.0.1', 'Mozilla/5.0 (Windows NT 10.0; Win64; x64) AppleWebKit/537.36 (KHTML, like Gecko) Chrome/125.0.0.0 Safari/537.36 Edg/125.0.0.0', 'http://dms.test/admin/st_creation', 'Created ST# 9936 at STS Module', '', 261, '2024-06-07 03:33:16', NULL),
(268, '127.0.0.1', 'Mozilla/5.0 (Windows NT 10.0; Win64; x64) AppleWebKit/537.36 (KHTML, like Gecko) Chrome/125.0.0.0 Safari/537.36', 'http://mw-gis.test/admin/login', 'marvinmosico@digits.ph login with IP Address 127.0.0.1', '', 188, '2024-06-07 05:57:51', NULL),
(269, '127.0.0.1', 'Mozilla/5.0 (Windows NT 10.0; Win64; x64) AppleWebKit/537.36 (KHTML, like Gecko) Chrome/125.0.0.0 Safari/537.36', 'http://mw-gis.test/admin/users/add-save', 'Add New Data Joel Ric Misa at Users Management', '', 188, '2024-06-07 05:58:27', NULL),
(270, '127.0.0.1', 'Mozilla/5.0 (Windows NT 10.0; Win64; x64) AppleWebKit/537.36 (KHTML, like Gecko) Chrome/125.0.0.0 Safari/537.36', 'http://mw-gis.test/admin/logout', 'marvinmosico@digits.ph logout', '', 188, '2024-06-07 05:58:38', NULL),
(271, '127.0.0.1', 'Mozilla/5.0 (Windows NT 10.0; Win64; x64) AppleWebKit/537.36 (KHTML, like Gecko) Chrome/125.0.0.0 Safari/537.36', 'http://mw-gis.test/admin/login', 'marvinmosico@digits.ph login with IP Address 127.0.0.1', '', 188, '2024-06-07 05:58:57', NULL),
(272, '127.0.0.1', 'Mozilla/5.0 (Windows NT 10.0; Win64; x64) AppleWebKit/537.36 (KHTML, like Gecko) Chrome/125.0.0.0 Safari/537.36', 'http://mw-gis.test/admin/users/edit-save/262', 'Update data Joel Ric Misa at Users Management', '<table class=\"table table-striped\"><thead><tr><th>Key</th><th>Old Value</th><th>New Value</th></thead><tbody><tr><td>photo</td><td>uploads/mrs-avatar.png</td><td></td></tr><tr><td>status</td><td>ACTIVE</td><td></td></tr></tbody></table>', 188, '2024-06-07 05:59:09', NULL),
(273, '127.0.0.1', 'Mozilla/5.0 (Windows NT 10.0; Win64; x64) AppleWebKit/537.36 (KHTML, like Gecko) Chrome/125.0.0.0 Safari/537.36', 'http://mw-gis.test/admin/logout', 'marvinmosico@digits.ph logout', '', 188, '2024-06-07 05:59:11', NULL),
(274, '127.0.0.1', 'Mozilla/5.0 (Windows NT 10.0; Win64; x64) AppleWebKit/537.36 (KHTML, like Gecko) Chrome/125.0.0.0 Safari/537.36', 'http://mw-gis.test/admin/login', 'joelricmisa@digits.ph login with IP Address 127.0.0.1', '', 262, '2024-06-07 05:59:15', NULL),
(275, '127.0.0.1', 'Mozilla/5.0 (Windows NT 10.0; Win64; x64) AppleWebKit/537.36 (KHTML, like Gecko) Chrome/125.0.0.0 Safari/537.36', 'http://mw-gis.test/admin/logout', 'joelricmisa@digits.ph logout', '', 262, '2024-06-07 06:02:18', NULL),
(276, '127.0.0.1', 'Mozilla/5.0 (Windows NT 10.0; Win64; x64) AppleWebKit/537.36 (KHTML, like Gecko) Chrome/125.0.0.0 Safari/537.36', 'http://mw-gis.test/admin/login', 'joelricmisa@digits.ph login with IP Address 127.0.0.1', '', 262, '2024-06-07 06:02:21', NULL),
(277, '127.0.0.1', 'Mozilla/5.0 (Windows NT 10.0; Win64; x64) AppleWebKit/537.36 (KHTML, like Gecko) Chrome/125.0.0.0 Safari/537.36', 'http://mw-gis.test/admin/logout', 'joelricmisa@digits.ph logout', '', 262, '2024-06-07 06:07:03', NULL),
(278, '127.0.0.1', 'Mozilla/5.0 (Windows NT 10.0; Win64; x64) AppleWebKit/537.36 (KHTML, like Gecko) Chrome/125.0.0.0 Safari/537.36', 'http://mw-gis.test/admin/login', 'joelricmisa@digits.ph login with IP Address 127.0.0.1', '', 262, '2024-06-07 06:07:08', NULL),
(279, '127.0.0.1', 'Mozilla/5.0 (Windows NT 10.0; Win64; x64) AppleWebKit/537.36 (KHTML, like Gecko) Chrome/125.0.0.0 Safari/537.36', 'http://mw-gis.test/admin/store_users/add-save', 'Add New Data Trinoma Cashier at Store Users', '', 262, '2024-06-07 06:24:41', NULL),
(280, '127.0.0.1', 'Mozilla/5.0 (Windows NT 10.0; Win64; x64) AppleWebKit/537.36 (KHTML, like Gecko) Chrome/125.0.0.0 Safari/537.36', 'http://mw-gis.test/admin/store_users/edit-save/263', 'Update data Trinoma Cashier at Store Users', '<table class=\"table table-striped\"><thead><tr><th>Key</th><th>Old Value</th><th>New Value</th></thead><tbody><tr><td>photo</td><td>uploads/mrs-avatar.png</td><td></td></tr><tr><td>email</td><td>trinomacashier@digits.ph</td><td></td></tr><tr><td>password</td><td>$2y$10$xVFSKvmdZt8LgVQG9btGB.2dz3a4POviyux7gZikcc6RBawjfiAYG</td><td></td></tr><tr><td>status</td><td>ACTIVE</td><td></td></tr></tbody></table>', 262, '2024-06-07 06:24:59', NULL),
(281, '127.0.0.1', 'Mozilla/5.0 (Windows NT 10.0; Win64; x64) AppleWebKit/537.36 (KHTML, like Gecko) Chrome/125.0.0.0 Safari/537.36', 'http://mw-gis.test/admin/store_users/add-save', 'Add New Data Trinoma Store Head at Store Users', '', 262, '2024-06-07 06:27:42', NULL),
(282, '127.0.0.1', 'Mozilla/5.0 (Windows NT 10.0; Win64; x64) AppleWebKit/537.36 (KHTML, like Gecko) Chrome/125.0.0.0 Safari/537.36', 'http://mw-gis.test/admin/store_users/add-save', 'Add New Data Trinoma CSA at Store Users', '', 262, '2024-06-07 06:28:27', NULL),
(283, '127.0.0.1', 'Mozilla/5.0 (Windows NT 10.0; Win64; x64) AppleWebKit/537.36 (KHTML, like Gecko) Chrome/125.0.0.0 Safari/537.36', 'http://mw-gis.test/admin/store_users/add-save', 'Add New Data Area Manager at Store Users', '', 262, '2024-06-07 06:29:02', NULL),
(284, '127.0.0.1', 'Mozilla/5.0 (Windows NT 10.0; Win64; x64) AppleWebKit/537.36 (KHTML, like Gecko) Chrome/125.0.0.0 Safari/537.36', 'http://mw-gis.test/admin/store_users/add-save', 'Add New Data Operation Manager at Store Users', '', 262, '2024-06-07 06:29:30', NULL),
(285, '127.0.0.1', 'Mozilla/5.0 (Windows NT 10.0; Win64; x64) AppleWebKit/537.36 (KHTML, like Gecko) Chrome/125.0.0.0 Safari/537.36', 'http://mw-gis.test/admin/logout', 'joelricmisa@digits.ph logout', '', 262, '2024-06-07 06:29:59', NULL),
(286, '127.0.0.1', 'Mozilla/5.0 (Windows NT 10.0; Win64; x64) AppleWebKit/537.36 (KHTML, like Gecko) Chrome/125.0.0.0 Safari/537.36', 'http://mw-gis.test/admin/login', 'dwtrinoma@digitalwalker.ph login with IP Address 127.0.0.1', '', 2, '2024-06-07 06:30:03', NULL),
(287, '127.0.0.1', 'Mozilla/5.0 (Windows NT 10.0; Win64; x64) AppleWebKit/537.36 (KHTML, like Gecko) Chrome/125.0.0.0 Safari/537.36', 'http://mw-gis.test/admin/logout', 'dwtrinoma@digitalwalker.ph logout', '', 2, '2024-06-07 06:30:11', NULL),
(288, '127.0.0.1', 'Mozilla/5.0 (Windows NT 10.0; Win64; x64) AppleWebKit/537.36 (KHTML, like Gecko) Chrome/125.0.0.0 Safari/537.36', 'http://mw-gis.test/admin/login', 'trinomacashier@digits.ph login with IP Address 127.0.0.1', '', 263, '2024-06-07 06:30:19', NULL),
(289, '127.0.0.1', 'Mozilla/5.0 (Windows NT 10.0; Win64; x64) AppleWebKit/537.36 (KHTML, like Gecko) Chrome/125.0.0.0 Safari/537.36', 'http://mw-gis.test/admin/st_creation', 'Created ST# 9940 at STS Module', '', 263, '2024-06-07 06:30:43', NULL),
(290, '127.0.0.1', 'Mozilla/5.0 (Windows NT 10.0; Win64; x64) AppleWebKit/537.36 (KHTML, like Gecko) Chrome/125.0.0.0 Safari/537.36', 'http://mw-gis.test/admin/logout', 'trinomacashier@digits.ph logout', '', 263, '2024-06-07 06:30:50', NULL),
(291, '127.0.0.1', 'Mozilla/5.0 (Windows NT 10.0; Win64; x64) AppleWebKit/537.36 (KHTML, like Gecko) Chrome/125.0.0.0 Safari/537.36', 'http://mw-gis.test/admin/login', 'trinomastorehead@digits.ph login with IP Address 127.0.0.1', '', 264, '2024-06-07 06:30:55', NULL),
(292, '127.0.0.1', 'Mozilla/5.0 (Windows NT 10.0; Win64; x64) AppleWebKit/537.36 (KHTML, like Gecko) Chrome/125.0.0.0 Safari/537.36', 'http://mw-gis.test/admin/st_creation', 'Created ST# 9941 at STS Module', '', 264, '2024-06-07 06:31:36', NULL),
(293, '127.0.0.1', 'Mozilla/5.0 (Windows NT 10.0; Win64; x64) AppleWebKit/537.36 (KHTML, like Gecko) Chrome/125.0.0.0 Safari/537.36', 'http://mw-gis.test/admin/logout', 'trinomastorehead@digits.ph logout', '', 264, '2024-06-07 06:31:40', NULL),
(294, '127.0.0.1', 'Mozilla/5.0 (Windows NT 10.0; Win64; x64) AppleWebKit/537.36 (KHTML, like Gecko) Chrome/125.0.0.0 Safari/537.36', 'http://mw-gis.test/admin/login', 'csa@digits.ph login with IP Address 127.0.0.1', '', 265, '2024-06-07 06:31:51', NULL),
(295, '127.0.0.1', 'Mozilla/5.0 (Windows NT 10.0; Win64; x64) AppleWebKit/537.36 (KHTML, like Gecko) Chrome/125.0.0.0 Safari/537.36', 'http://mw-gis.test/admin/st_creation', 'Created ST# 9942 at STS Module', '', 265, '2024-06-07 06:32:11', NULL),
(296, '127.0.0.1', 'Mozilla/5.0 (Windows NT 10.0; Win64; x64) AppleWebKit/537.36 (KHTML, like Gecko) Chrome/125.0.0.0 Safari/537.36', 'http://mw-gis.test/admin/logout', 'csa@digits.ph logout', '', 265, '2024-06-07 06:32:21', NULL),
(297, '127.0.0.1', 'Mozilla/5.0 (Windows NT 10.0; Win64; x64) AppleWebKit/537.36 (KHTML, like Gecko) Chrome/125.0.0.0 Safari/537.36', 'http://mw-gis.test/admin/login', 'omtrinoma@digits.ph login with IP Address 127.0.0.1', '', 267, '2024-06-07 06:32:24', NULL),
(298, '127.0.0.1', 'Mozilla/5.0 (Windows NT 10.0; Win64; x64) AppleWebKit/537.36 (KHTML, like Gecko) Chrome/125.0.0.0 Safari/537.36', 'http://mw-gis.test/admin/logout', 'omtrinoma@digits.ph logout', '', 267, '2024-06-07 06:32:39', NULL),
(299, '127.0.0.1', 'Mozilla/5.0 (Windows NT 10.0; Win64; x64) AppleWebKit/537.36 (KHTML, like Gecko) Chrome/125.0.0.0 Safari/537.36', 'http://mw-gis.test/admin/login', 'areamanager@digits.ph login with IP Address 127.0.0.1', '', 266, '2024-06-07 06:32:43', NULL),
(300, '127.0.0.1', 'Mozilla/5.0 (Windows NT 10.0; Win64; x64) AppleWebKit/537.36 (KHTML, like Gecko) Chrome/125.0.0.0 Safari/537.36', 'http://mw-gis.test/admin/logout', 'areamanager@digits.ph logout', '', 266, '2024-06-07 06:33:45', NULL),
(301, '127.0.0.1', 'Mozilla/5.0 (Windows NT 10.0; Win64; x64) AppleWebKit/537.36 (KHTML, like Gecko) Chrome/125.0.0.0 Safari/537.36', 'http://mw-gis.test/admin/login', 'csa@digits.ph login with IP Address 127.0.0.1', '', 265, '2024-06-07 06:33:50', NULL),
(302, '127.0.0.1', 'Mozilla/5.0 (Windows NT 10.0; Win64; x64) AppleWebKit/537.36 (KHTML, like Gecko) Chrome/125.0.0.0 Safari/537.36', 'http://mw-gis.test/admin/logout', 'csa@digits.ph logout', '', 265, '2024-06-07 06:33:55', NULL),
(303, '127.0.0.1', 'Mozilla/5.0 (Windows NT 10.0; Win64; x64) AppleWebKit/537.36 (KHTML, like Gecko) Chrome/125.0.0.0 Safari/537.36', 'http://mw-gis.test/admin/login', 'trinomacashier@digits.ph login with IP Address 127.0.0.1', '', 263, '2024-06-07 06:33:57', NULL),
(304, '127.0.0.1', 'Mozilla/5.0 (Windows NT 10.0; Win64; x64) AppleWebKit/537.36 (KHTML, like Gecko) Chrome/125.0.0.0 Safari/537.36', 'http://mw-gis.test/admin/logout', 'trinomacashier@digits.ph logout', '', 263, '2024-06-07 06:34:02', NULL),
(305, '127.0.0.1', 'Mozilla/5.0 (Windows NT 10.0; Win64; x64) AppleWebKit/537.36 (KHTML, like Gecko) Chrome/125.0.0.0 Safari/537.36', 'http://mw-gis.test/admin/login', 'trinomastorehead@digits.ph login with IP Address 127.0.0.1', '', 264, '2024-06-07 06:34:05', NULL),
(306, '127.0.0.1', 'Mozilla/5.0 (Windows NT 10.0; Win64; x64) AppleWebKit/537.36 (KHTML, like Gecko) Chrome/125.0.0.0 Safari/537.36', 'http://mw-gis.test/admin/logout', 'trinomastorehead@digits.ph logout', '', 264, '2024-06-07 06:34:09', NULL),
(307, '127.0.0.1', 'Mozilla/5.0 (Windows NT 10.0; Win64; x64) AppleWebKit/537.36 (KHTML, like Gecko) Chrome/125.0.0.0 Safari/537.36', 'http://mw-gis.test/admin/login', 'omtrinoma@digits.ph login with IP Address 127.0.0.1', '', 267, '2024-06-07 06:34:14', NULL),
(308, '127.0.0.1', 'Mozilla/5.0 (Windows NT 10.0; Win64; x64) AppleWebKit/537.36 (KHTML, like Gecko) Chrome/125.0.0.0 Safari/537.36', 'http://mw-gis.test/admin/logout', 'omtrinoma@digits.ph logout', '', 267, '2024-06-07 06:34:36', NULL),
(309, '127.0.0.1', 'Mozilla/5.0 (Windows NT 10.0; Win64; x64) AppleWebKit/537.36 (KHTML, like Gecko) Chrome/125.0.0.0 Safari/537.36', 'http://mw-gis.test/admin/login', 'areamanager@digits.ph login with IP Address 127.0.0.1', '', 266, '2024-06-07 06:34:39', NULL),
(310, '127.0.0.1', 'Mozilla/5.0 (Windows NT 10.0; Win64; x64) AppleWebKit/537.36 (KHTML, like Gecko) Chrome/125.0.0.0 Safari/537.36', 'http://mw-gis.test/admin/logout', 'areamanager@digits.ph logout', '', 266, '2024-06-07 06:34:52', NULL),
(311, '127.0.0.1', 'Mozilla/5.0 (Windows NT 10.0; Win64; x64) AppleWebKit/537.36 (KHTML, like Gecko) Chrome/125.0.0.0 Safari/537.36', 'http://mw-gis.test/admin/login', 'trinomacashier@digits.ph login with IP Address 127.0.0.1', '', 263, '2024-06-07 06:34:56', NULL),
(312, '127.0.0.1', 'Mozilla/5.0 (Windows NT 10.0; Win64; x64) AppleWebKit/537.36 (KHTML, like Gecko) Chrome/125.0.0.0 Safari/537.36', 'http://mw-gis.test/admin/logout', 'trinomacashier@digits.ph logout', '', 263, '2024-06-07 06:37:33', NULL),
(313, '127.0.0.1', 'Mozilla/5.0 (Windows NT 10.0; Win64; x64) AppleWebKit/537.36 (KHTML, like Gecko) Chrome/125.0.0.0 Safari/537.36', 'http://mw-gis.test/admin/login', 'omtrinoma@digits.ph login with IP Address 127.0.0.1', '', 267, '2024-06-07 06:37:36', NULL),
(314, '127.0.0.1', 'Mozilla/5.0 (Windows NT 10.0; Win64; x64) AppleWebKit/537.36 (KHTML, like Gecko) Chrome/125.0.0.0 Safari/537.36', 'http://mw-gis.test/admin/logout', 'omtrinoma@digits.ph logout', '', 267, '2024-06-07 06:37:47', NULL),
(315, '127.0.0.1', 'Mozilla/5.0 (Windows NT 10.0; Win64; x64) AppleWebKit/537.36 (KHTML, like Gecko) Chrome/125.0.0.0 Safari/537.36', 'http://mw-gis.test/admin/login', 'joelricmisa@digits.ph login with IP Address 127.0.0.1', '', 262, '2024-06-07 06:37:51', NULL);

-- --------------------------------------------------------

--
-- Table structure for table `cms_menus`
--

CREATE TABLE `cms_menus` (
  `id` int UNSIGNED NOT NULL,
  `name` varchar(255) CHARACTER SET utf8mb4 COLLATE utf8mb4_unicode_ci DEFAULT NULL,
  `type` varchar(255) CHARACTER SET utf8mb4 COLLATE utf8mb4_unicode_ci NOT NULL DEFAULT 'url',
  `path` varchar(255) CHARACTER SET utf8mb4 COLLATE utf8mb4_unicode_ci DEFAULT NULL,
  `color` varchar(255) CHARACTER SET utf8mb4 COLLATE utf8mb4_unicode_ci DEFAULT NULL,
  `icon` varchar(255) CHARACTER SET utf8mb4 COLLATE utf8mb4_unicode_ci DEFAULT NULL,
  `parent_id` int DEFAULT NULL,
  `is_active` tinyint(1) NOT NULL DEFAULT '1',
  `is_dashboard` tinyint(1) NOT NULL DEFAULT '0',
  `id_cms_privileges` int DEFAULT NULL,
  `sorting` int DEFAULT NULL,
  `created_at` timestamp NULL DEFAULT NULL,
  `updated_at` timestamp NULL DEFAULT NULL
) ENGINE=InnoDB DEFAULT CHARSET=utf8mb4 COLLATE=utf8mb4_unicode_ci;

--
-- Dumping data for table `cms_menus`
--

INSERT INTO `cms_menus` (`id`, `name`, `type`, `path`, `color`, `icon`, `parent_id`, `is_active`, `is_dashboard`, `id_cms_privileges`, `sorting`, `created_at`, `updated_at`) VALUES
(1, 'DR Transactions', 'Route', 'AdminBeaTransactionsControllerGetIndex', 'normal', 'fa fa-circle-o', 71, 1, 0, 1, 1, '2020-10-28 06:04:52', '2022-08-18 06:00:24'),
(2, 'ST Status', 'Route', 'AdminStStatusControllerGetIndex', NULL, 'fa fa-circle-o', 0, 0, 0, 1, 7, '2020-11-03 04:03:00', NULL),
(3, 'STS Transactions', 'Route', 'AdminPosTransactionsControllerGetIndex', 'normal', 'fa fa-circle-o', 71, 1, 0, 1, 3, '2020-11-03 04:12:52', '2022-08-18 05:57:42'),
(4, 'Submaster', 'URL', '#', 'normal', 'fa fa-gears', 0, 1, 0, 1, 25, '2020-11-03 04:14:02', NULL),
(5, 'Store Name', 'Route', 'AdminStoresControllerGetIndex', NULL, 'fa fa-circle-o', 4, 1, 0, 1, 11, '2020-11-13 03:02:23', NULL),
(6, 'Delivery Receiving', 'Route', 'AdminDeliveryReceivingControllerGetIndex', 'normal', 'fa fa-check-circle-o', 24, 1, 0, 1, 1, '2020-12-11 02:25:55', '2024-01-23 06:12:12'),
(7, 'STS Receiving', 'Route', 'AdminStoreTransferReceivingControllerGetIndex', 'normal', 'fa fa-check-circle-o', 24, 1, 0, 1, 2, '2020-12-17 11:31:22', '2024-03-01 07:45:55'),
(8, 'STS', 'Route', 'AdminStoreTransferControllerGetIndex', 'normal', 'fa fa-circle-o', 25, 0, 0, 1, 1, '2020-12-17 12:11:15', '2021-04-28 07:33:08'),
(9, 'Delivery History', 'Route', 'AdminDeliveryControllerGetIndex', 'normal', 'fa fa-file-text-o', 23, 1, 0, 1, 1, '2020-12-23 06:52:19', '2024-01-23 06:25:23'),
(10, 'STW and STR', 'Route', 'AdminPulloutControllerGetIndex', 'normal', 'fa fa-circle-o', 25, 0, 0, 1, 2, '2020-12-28 10:56:20', '2021-04-28 07:33:21'),
(11, 'STW and STR Receiving', 'Route', 'AdminPulloutReceivingControllerGetIndex', 'normal', 'fa fa-check-circle-o', 33, 0, 0, 1, 1, '2020-12-29 06:48:55', '2021-04-29 08:22:26'),
(12, 'Transaction Types', 'Route', 'AdminTransactionTypeControllerGetIndex', 'normal', 'fa fa-circle-o', 4, 1, 0, 1, 14, '2021-01-05 06:24:53', '2021-02-02 03:50:28'),
(13, 'Reasons', 'Route', 'AdminReasonControllerGetIndex', NULL, 'fa fa-circle-o', 4, 1, 0, 1, 10, '2021-01-05 06:25:49', NULL),
(14, 'Channels', 'Route', 'AdminChannelControllerGetIndex', NULL, 'fa fa-circle-o', 4, 1, 0, 1, 4, '2021-01-05 08:31:07', NULL),
(15, 'Transport Types', 'Route', 'AdminTransportTypeControllerGetIndex', NULL, 'fa fa-circle-o', 4, 1, 0, 1, 13, '2021-02-02 03:47:47', NULL),
(16, 'Approval Matrix', 'Route', 'AdminApprovalMatrixControllerGetIndex', NULL, 'fa fa-circle-o', 4, 1, 0, 1, 2, '2021-02-04 03:40:54', NULL),
(17, 'STS Approval', 'Route', 'AdminStoreTransferApprovalControllerGetIndex', 'normal', 'fa fa-thumbs-up', 26, 0, 0, 1, 1, '2021-02-05 01:28:04', '2021-02-05 02:24:56'),
(18, 'STW and STR Approval', 'Route', 'AdminPulloutApprovalControllerGetIndex', 'normal', 'fa fa-thumbs-up', 26, 0, 0, 1, 2, '2021-02-05 01:29:26', '2021-02-05 02:25:12'),
(19, 'Code Generator', 'Route', 'AdminCodeCounterControllerGetIndex', NULL, 'fa fa-gear', 4, 1, 0, 1, 5, '2021-03-01 06:31:28', NULL),
(20, 'HQ Pullout', 'Route', 'AdminHqPulloutControllerGetIndex', 'normal', 'fa fa-circle-o', 0, 0, 0, 1, 6, '2021-03-02 07:13:15', '2022-04-28 11:37:34'),
(21, 'HQ Deliveries', 'Route', 'AdminHqDeliveryControllerGetIndex', 'normal', 'fa fa-circle-o', 0, 0, 0, 1, 5, '2021-03-02 07:14:30', '2022-04-28 11:37:19'),
(22, 'Customer Type', 'Route', 'AdminCustomerTypeControllerGetIndex', NULL, 'fa fa-circle-o', 4, 1, 0, 1, 6, '2021-03-16 06:14:05', NULL),
(23, 'History', 'URL', '#', 'normal', 'fa fa-file-text-o', 0, 1, 0, 1, 22, '2021-04-26 06:06:16', '2024-03-01 03:23:14'),
(24, 'Receive Delivery and STS', 'URL', '#', 'normal', 'fa fa-dropbox', 0, 1, 0, 1, 19, '2021-04-26 06:08:49', '2024-03-01 07:46:21'),
(25, 'Create STS', 'Route', 'AdminStoreTransferControllerGetIndex', 'normal', 'fa fa-file-text', 49, 1, 0, 1, 1, '2021-04-26 06:39:45', '2024-03-01 06:07:09'),
(26, 'Approvals', 'URL', '#', 'normal', 'fa fa-thumbs-o-up', 0, 1, 0, 1, 16, '2021-04-26 07:09:31', NULL),
(27, 'STS History', 'Route', 'AdminStoreTransferHistoryControllerGetIndex', 'normal', 'fa fa-file-text-o', 23, 1, 0, 1, 2, '2021-04-26 07:15:17', '2024-03-01 08:31:52'),
(28, 'STW and STR History', 'Route', 'AdminPulloutHistoryControllerGetIndex', 'normal', 'fa fa-file-text-o', 23, 1, 0, 1, 3, '2021-04-26 07:16:56', '2022-06-08 01:58:31'),
(29, 'Dashboard', 'Statistic', 'statistic_builder/show/requestor-dashboard', 'normal', 'fa fa-tachometer', 0, 1, 1, 1, 14, '2021-04-26 07:31:57', '2021-05-04 09:39:01'),
(30, 'Schedule Pullout', 'URL', '#', 'normal', 'fa fa-file-text', 0, 1, 0, 1, 18, '2021-04-28 07:34:19', '2024-02-29 09:04:42'),
(31, 'STS', 'Route', 'AdminStoreTransferControllerGetIndex', 'normal', 'fa fa-circle-o', 30, 0, 0, 1, 1, '2021-04-28 07:35:12', '2021-04-28 07:35:50'),
(32, 'STW and STR', 'Route', 'AdminPulloutControllerGetIndex', 'normal', 'fa fa-circle-o', 30, 0, 0, 1, 2, '2021-04-28 07:36:36', NULL),
(33, 'Receive Pullout', 'URL', '#', 'normal', 'fa fa-dropbox', 0, 0, 0, 1, 1, '2021-04-28 08:21:41', '2022-04-28 05:46:43'),
(34, 'Dashboard', 'Statistic', 'statistic_builder/show/warehouse-dashboard', 'normal', 'fa fa-tachometer', 0, 1, 1, 1, 10, '2021-05-04 03:30:27', '2021-10-28 09:40:32'),
(35, 'Dashboard', 'Statistic', 'statistic_builder/show/admin-dashboard', 'normal', 'fa fa-tachometer', 0, 1, 1, 1, 9, '2021-05-04 06:36:37', '2021-12-13 03:26:14'),
(36, 'Dashboard', 'Statistic', 'statistic_builder/show/approver-dashboard', 'normal', 'fa fa-tachometer', 0, 1, 1, 1, 12, '2021-05-04 07:35:14', '2021-05-04 07:35:50'),
(37, 'Dashboard', 'Statistic', 'statistic_builder/show/logistics-dashboard', 'normal', 'fa fa-tachometer', 0, 1, 1, 1, 13, '2021-05-04 07:35:36', '2022-04-26 01:48:51'),
(38, 'Dashboard', 'Statistic', 'statistic_builder/show/online-warehouse-dashboard', 'normal', 'fa fa-tachometer', 0, 1, 1, 1, 11, '2021-05-04 09:21:32', '2021-05-04 09:21:38'),
(39, 'Dashboard', 'Statistic', 'statistic_builder/show/requestor-ii', 'normal', 'fa fa-tachometer', 0, 1, 1, 1, 15, '2021-05-04 09:41:13', '2021-05-04 09:41:23'),
(40, 'Reports', 'URL', 'https://dms.digitstrading.ph/public/admin/reports', 'yellow', 'fa fa-file-text-o', 0, 1, 0, 1, 26, '2021-08-10 11:30:20', '2021-08-13 08:20:31'),
(41, 'Item Master', 'Route', 'AdminItemsControllerGetIndex', NULL, 'fa fa-circle-o', 4, 1, 0, 1, 1, '2021-09-14 02:03:46', NULL),
(42, 'STS Pick Confirm', 'Route', 'AdminStsPickConfirmControllerGetIndex', 'normal', 'fa fa-file-text-o', 46, 1, 0, 1, 1, '2021-09-29 07:13:28', '2021-10-19 15:13:02'),
(43, 'STS Picklist', 'Route', 'AdminStsPicklistControllerGetIndex', 'normal', 'fa fa-file-text-o', 47, 1, 0, 1, 1, '2021-09-29 07:17:31', '2021-10-19 15:12:24'),
(44, 'STW Pick Confirm', 'Route', 'AdminPulloutPickConfirmControllerGetIndex', 'normal', 'fa fa-file-text-o', 46, 1, 0, 1, 2, '2021-09-29 07:20:50', '2021-10-19 15:13:25'),
(45, 'STW Picklist', 'Route', 'AdminPulloutPicklistControllerGetIndex', 'normal', 'fa fa-file-text-o', 47, 1, 0, 1, 2, '2021-09-29 08:04:03', '2021-10-19 15:12:43'),
(46, 'For Pick Confirm', 'URL', '#', 'normal', 'fa fa-cubes', 0, 1, 0, 1, 21, '2021-09-29 08:27:45', NULL),
(47, 'For Picklist', 'URL', '#', 'normal', 'fa fa-cubes', 0, 1, 0, 1, 20, '2021-09-29 08:28:14', NULL),
(48, 'Status Workflow', 'Route', 'AdminStatusWorkflowsControllerGetIndex', NULL, 'fa fa-circle-o', 4, 1, 0, 1, 12, '2021-09-29 09:08:27', NULL),
(49, 'Create Pullout', 'URL', '#', 'normal', 'fa fa-file-text-o', 0, 1, 0, 1, 17, '2021-10-01 11:44:49', '2024-03-01 03:22:25'),
(50, 'Create STW and STR', 'Route', 'AdminPulloutControllerGetIndex', 'normal', 'fa fa-file-text', 49, 1, 0, 1, 2, '2021-10-01 13:28:00', '2022-03-23 06:35:58'),
(51, 'STS Approval', 'Module', 'transfer_approval', 'normal', 'fa fa-thumbs-o-up', 26, 1, 0, 1, 1, '2021-10-01 16:14:21', NULL),
(52, 'STR Approval', 'Module', 'pullout_approval', 'normal', 'fa fa-thumbs-o-up', 26, 1, 0, 1, 2, '2021-10-01 16:15:07', '2023-02-07 00:56:06'),
(53, 'Problem Details', 'Route', 'AdminProblemsControllerGetIndex', NULL, 'fa fa-circle-o', 4, 1, 0, 1, 9, '2021-10-11 01:36:11', NULL),
(54, 'Dashboard', 'Statistic', 'statistic_builder/show/online-ops-dashboard', 'normal', 'fa fa-tachometer', 0, 1, 1, 1, 2, '2021-10-19 18:46:33', '2021-10-19 18:46:46'),
(55, 'Dashboard', 'Statistic', 'statistic_builder/show/online-wsdm-dashboard', 'normal', 'fa fa-tachometer', 0, 1, 1, 1, 3, '2021-10-19 20:00:28', '2021-10-19 20:00:39'),
(56, 'Dashboard', 'Statistic', 'statistic_builder/show/rtl-fra-ops-dashboard', 'normal', 'fa fa-tachometer', 0, 1, 1, 1, 4, '2021-12-04 03:19:53', '2022-06-08 02:00:40'),
(57, 'Dashboard', 'Statistic', 'statistic_builder/show/retail-ops-dashboard', 'normal', 'fa fa-tachometer', 0, 1, 1, 1, 5, '2021-12-07 05:59:54', '2021-12-07 06:00:02'),
(58, 'Dashboard', 'Statistic', 'statistic_builder/show/rtl-onl-viewer-dashboard', 'normal', 'fa fa-tachometer', 0, 1, 1, 1, 6, '2021-12-10 09:02:41', '2021-12-10 09:02:48'),
(59, 'Dashboard', 'Statistic', 'statistic_builder/show/online-viewer-dashboard', 'normal', 'fa fa-tachometer', 0, 1, 1, 1, 7, '2021-12-10 10:08:09', '2021-12-10 10:08:18'),
(60, 'Dashboard', 'Statistic', 'statistic_builder/show/merch-dashboard', 'normal', 'fa fa-tachometer', 0, 1, 1, 1, 8, '2021-12-10 11:06:13', '2021-12-10 11:06:24'),
(61, 'Pullout Transactions', 'Route', 'AdminPulloutTransactionsControllerGetIndex', NULL, 'fa fa-circle-o', 71, 1, 0, 1, 2, '2022-02-09 01:38:40', NULL),
(62, 'Schedule STS', 'Route', 'AdminStoreTransferControllerGetIndex', 'normal', 'fa fa-file-text', 30, 1, 0, 1, 1, '2022-02-24 02:04:31', '2024-02-29 09:04:50'),
(63, 'Schedule STW and STR', 'Route', 'AdminPulloutControllerGetIndex', 'normal', 'fa fa-file-text', 30, 1, 0, 1, 2, '2022-02-24 02:05:43', '2024-02-29 09:04:59'),
(64, 'Dashboard', 'Statistic', 'statistic_builder/show/requestor-iii-dashboard', 'normal', 'fa fa-tachometer', 0, 1, 1, 1, 1, '2022-03-29 06:32:55', '2022-03-29 06:33:02'),
(65, 'Trip Ticket', 'Route', 'AdminTripTicketsControllerGetIndex', 'normal', 'fa fa-file-text-o', 0, 1, 0, 1, 24, '2022-04-06 09:02:56', '2024-03-04 01:04:55'),
(66, 'Distri Subinventory', 'Route', 'AdminDistriSubinventoriesControllerGetIndex', NULL, 'fa fa-circle-o', 4, 1, 0, 1, 7, '2022-04-13 08:04:45', NULL),
(67, 'Backload Reason', 'Route', 'AdminBackloadReasonsControllerGetIndex', NULL, 'fa fa-circle-o', 4, 1, 0, 1, 3, '2022-04-19 09:41:56', NULL),
(68, 'Location', 'Route', 'AdminLocationsControllerGetIndex', NULL, 'fa fa-circle-o', 4, 1, 0, 1, 8, '2022-04-25 07:33:41', NULL),
(69, 'Trip Ticket Status', 'Route', 'AdminTripTicketStatusesControllerGetIndex', NULL, 'fa fa-circle-o', 4, 1, 0, 1, 15, '2022-04-27 03:57:17', NULL),
(70, 'STW and STR Receiving', 'Route', 'AdminPulloutReceivingControllerGetIndex', 'normal', 'fa fa-check-circle-o', 0, 0, 0, 1, 2, '2022-04-28 06:19:44', '2022-04-29 02:41:57'),
(71, 'Itemized Transactions', 'URL', '#', 'normal', 'fa fa-file-text', 0, 1, 0, 1, 23, '2022-04-28 11:36:39', NULL),
(72, 'WRS', 'Route', 'AdminWrsControllerGetIndex', NULL, 'fa fa-cubes', 0, 0, 0, 1, 3, '2022-04-29 03:24:10', NULL),
(73, 'Cancel Reason', 'Route', 'AdminCancelReasonsControllerGetIndex', NULL, 'fa fa-circle-o', 0, 0, 0, 1, 4, '2022-04-29 03:38:27', NULL),
(74, 'STW Approval', 'Route', 'AdminStwApprovalControllerGetIndex', 'normal', 'fa fa-thumbs-o-up', 26, 1, 0, 1, 3, '2023-02-07 00:39:06', '2023-02-07 01:20:35'),
(75, 'Create GIS STS', 'Route', 'AdminStoreTransferGisControllerGetIndex', 'normal', 'fa fa-file-text', 49, 1, 0, 1, 3, '2024-02-27 01:44:23', '2024-03-01 06:07:20'),
(76, 'Gis STS Approval', 'Route', 'AdminGisPullApprovalControllerGetIndex', 'normal', 'fa fa-thumbs-up', 26, 1, 0, 1, 4, '2024-02-27 09:01:51', '2024-03-01 07:44:44'),
(77, 'ST Statuses', 'Route', 'AdminStockStatusesControllerGetIndex', NULL, 'fa fa-files-o', 0, 1, 0, 1, 27, '2024-02-28 02:28:19', NULL),
(78, 'Transfer Stock Statuses', 'Route', 'AdminTransferStockStatusesControllerGetIndex', NULL, 'fa fa-files-o', 4, 1, 0, 1, 16, '2024-02-28 02:29:46', NULL),
(79, 'GIS STS Receiving', 'Route', 'AdminStGisReceivingControllerGetIndex', 'normal', 'fa fa-check-circle-o', 24, 1, 0, 1, 3, '2024-02-28 03:02:24', '2024-03-01 07:45:46'),
(80, 'STS GIS History', 'Route', 'AdminStockTransferGisHistoryControllerGetIndex', 'normal', 'fa fa-file-text', 23, 1, 0, 1, 4, '2024-02-28 07:35:43', '2024-03-01 08:31:40'),
(81, 'Schedule STS GIS', 'Route', 'AdminStoreTransferGisControllerGetIndex', 'normal', 'fa fa-file-text', 30, 1, 0, 1, 3, '2024-02-29 09:06:38', '2024-02-29 09:18:36'),
(82, 'Store Users', 'Route', 'AdminStoreUsersControllerGetIndex', 'normal', 'fa fa-users', 0, 1, 0, 1, 90, '2024-02-29 09:06:38', '2024-02-29 09:18:36'),
(83, 'STS Confirmation', 'Route', 'AdminStoreTransferConfirmationControllerGetIndex', NULL, 'fa fa-circle-o', 0, 1, 0, 1, 91, '2024-06-06 08:22:20', NULL);

-- --------------------------------------------------------

--
-- Table structure for table `cms_menus_privileges`
--

CREATE TABLE `cms_menus_privileges` (
  `id` int UNSIGNED NOT NULL,
  `id_cms_menus` int DEFAULT NULL,
  `id_cms_privileges` int DEFAULT NULL
) ENGINE=InnoDB DEFAULT CHARSET=utf8mb4 COLLATE=utf8mb4_unicode_ci;

--
-- Dumping data for table `cms_menus_privileges`
--

INSERT INTO `cms_menus_privileges` (`id`, `id_cms_menus`, `id_cms_privileges`) VALUES
(2, 2, 1),
(4, 4, 1),
(5, 5, 1),
(23, 13, 1),
(24, 14, 1),
(49, 15, 1),
(50, 12, 1),
(59, 16, 1),
(62, 17, 5),
(63, 17, 1),
(69, 18, 5),
(70, 18, 1),
(94, 19, 1),
(129, 22, 1),
(187, 26, 5),
(188, 26, 1),
(244, 8, 5),
(245, 8, 10),
(246, 8, 2),
(247, 8, 1),
(248, 10, 5),
(249, 10, 8),
(250, 10, 10),
(251, 10, 2),
(252, 10, 7),
(253, 10, 3),
(254, 10, 1),
(255, 10, 6),
(258, 31, 4),
(259, 31, 1),
(260, 32, 4),
(261, 32, 1),
(318, 11, 3),
(319, 11, 1),
(320, 11, 6),
(347, 36, 5),
(348, 38, 11),
(349, 29, 8),
(350, 29, 2),
(351, 29, 7),
(352, 39, 10),
(391, 40, 15),
(392, 40, 1),
(393, 41, 1),
(398, 46, 17),
(399, 46, 1),
(400, 47, 17),
(401, 47, 1),
(402, 48, 1),
(415, 51, 5),
(416, 51, 1),
(443, 53, 1),
(461, 43, 17),
(462, 43, 1),
(463, 45, 17),
(464, 45, 1),
(465, 42, 17),
(466, 42, 1),
(467, 44, 17),
(468, 44, 1),
(500, 54, 16),
(501, 55, 17),
(531, 34, 6),
(674, 57, 12),
(734, 58, 21),
(735, 59, 20),
(799, 60, 22),
(832, 35, 14),
(833, 35, 1),
(834, 61, 1),
(844, 50, 8),
(845, 50, 10),
(846, 50, 2),
(847, 50, 7),
(848, 50, 23),
(849, 50, 1),
(891, 64, 23),
(893, 66, 1),
(894, 67, 1),
(895, 68, 1),
(896, 37, 25),
(897, 37, 4),
(967, 69, 1),
(968, 33, 1),
(969, 33, 6),
(971, 71, 1),
(972, 21, 1),
(973, 20, 1),
(974, 70, 1),
(975, 72, 1),
(976, 73, 1),
(1047, 28, 5),
(1048, 28, 14),
(1049, 28, 24),
(1050, 28, 18),
(1051, 28, 25),
(1052, 28, 4),
(1053, 28, 22),
(1054, 28, 8),
(1055, 28, 10),
(1056, 28, 20),
(1057, 28, 17),
(1058, 28, 26),
(1059, 28, 2),
(1060, 28, 7),
(1061, 28, 23),
(1062, 28, 12),
(1063, 28, 3),
(1064, 28, 19),
(1065, 28, 21),
(1066, 28, 1),
(1067, 28, 6),
(1068, 56, 26),
(1069, 56, 19),
(1088, 3, 1),
(1089, 1, 1),
(1091, 52, 5),
(1092, 52, 1),
(1093, 74, 5),
(1094, 74, 1),
(1106, 6, 8),
(1107, 6, 10),
(1108, 6, 2),
(1109, 6, 7),
(1110, 6, 23),
(1111, 6, 1),
(1112, 9, 5),
(1113, 9, 14),
(1114, 9, 13),
(1115, 9, 18),
(1116, 9, 22),
(1117, 9, 8),
(1118, 9, 10),
(1119, 9, 20),
(1120, 9, 26),
(1121, 9, 2),
(1122, 9, 7),
(1123, 9, 23),
(1124, 9, 12),
(1125, 9, 19),
(1126, 9, 21),
(1127, 9, 1),
(1132, 77, 1),
(1133, 78, 1),
(1139, 30, 25),
(1140, 30, 4),
(1141, 30, 1),
(1142, 62, 25),
(1143, 62, 4),
(1144, 62, 1),
(1145, 63, 25),
(1146, 63, 4),
(1147, 63, 1),
(1148, 81, 25),
(1149, 81, 4),
(1150, 81, 1),
(1156, 49, 27),
(1157, 49, 8),
(1158, 49, 10),
(1159, 49, 2),
(1160, 49, 7),
(1161, 49, 23),
(1162, 49, 1),
(1176, 23, 5),
(1177, 23, 14),
(1178, 23, 24),
(1179, 23, 13),
(1180, 23, 27),
(1181, 23, 18),
(1182, 23, 25),
(1183, 23, 4),
(1184, 23, 22),
(1185, 23, 16),
(1186, 23, 8),
(1187, 23, 10),
(1188, 23, 20),
(1189, 23, 17),
(1190, 23, 26),
(1191, 23, 2),
(1192, 23, 7),
(1193, 23, 23),
(1194, 23, 12),
(1195, 23, 3),
(1196, 23, 19),
(1197, 23, 21),
(1198, 23, 1),
(1199, 23, 6),
(1200, 23, 11),
(1206, 25, 27),
(1207, 25, 10),
(1208, 25, 2),
(1209, 25, 1),
(1210, 75, 1),
(1211, 76, 1),
(1220, 79, 1),
(1221, 7, 27),
(1222, 7, 16),
(1223, 7, 2),
(1224, 7, 1),
(1225, 24, 27),
(1226, 24, 16),
(1227, 24, 8),
(1228, 24, 10),
(1229, 24, 2),
(1230, 24, 7),
(1231, 24, 23),
(1232, 24, 1),
(1233, 24, 11),
(1234, 80, 1),
(1235, 27, 5),
(1236, 27, 14),
(1237, 27, 27),
(1238, 27, 18),
(1239, 27, 25),
(1240, 27, 4),
(1241, 27, 22),
(1242, 27, 16),
(1243, 27, 8),
(1244, 27, 10),
(1245, 27, 20),
(1246, 27, 17),
(1247, 27, 26),
(1248, 27, 2),
(1249, 27, 12),
(1250, 27, 19),
(1251, 27, 21),
(1252, 27, 1),
(1253, 65, 27),
(1254, 65, 25),
(1255, 65, 4),
(1256, 65, 2),
(1257, 65, 1),
(1258, 82, 1),
(1260, 83, 1),
(1261, 83, 2),
(1262, 82, 28),
(1263, 49, 28),
(1264, 25, 28),
(1265, 50, 28),
(1266, 24, 28),
(1267, 7, 28),
(1268, 6, 28),
(1269, 23, 28),
(1270, 9, 28),
(1271, 27, 28),
(1272, 28, 28),
(1273, 65, 28),
(1274, 49, 32),
(1275, 25, 32),
(1276, 50, 32),
(1277, 24, 32),
(1278, 7, 32),
(1279, 6, 32),
(1280, 23, 32),
(1281, 9, 32),
(1282, 27, 32),
(1283, 28, 32),
(1284, 65, 32),
(1285, 49, 29),
(1286, 25, 29),
(1287, 50, 29),
(1288, 24, 29),
(1289, 7, 29),
(1290, 6, 29),
(1291, 23, 29),
(1292, 9, 29),
(1293, 27, 29),
(1294, 28, 29),
(1295, 65, 29),
(1296, 49, 31),
(1297, 25, 31),
(1298, 50, 31),
(1299, 24, 31),
(1300, 7, 31),
(1301, 6, 31),
(1302, 23, 31),
(1303, 9, 31),
(1304, 27, 31),
(1305, 28, 31),
(1306, 65, 31),
(1307, 49, 30),
(1308, 25, 30),
(1309, 50, 30),
(1310, 24, 30),
(1311, 7, 30),
(1312, 6, 30),
(1313, 23, 30),
(1314, 9, 30),
(1315, 27, 30),
(1316, 28, 30),
(1317, 65, 30),
(1318, 29, 29),
(1319, 29, 31),
(1320, 29, 30);

-- --------------------------------------------------------

--
-- Table structure for table `cms_moduls`
--

CREATE TABLE `cms_moduls` (
  `id` int UNSIGNED NOT NULL,
  `name` varchar(255) CHARACTER SET utf8mb4 COLLATE utf8mb4_unicode_ci DEFAULT NULL,
  `icon` varchar(255) CHARACTER SET utf8mb4 COLLATE utf8mb4_unicode_ci DEFAULT NULL,
  `path` varchar(255) CHARACTER SET utf8mb4 COLLATE utf8mb4_unicode_ci DEFAULT NULL,
  `table_name` varchar(255) CHARACTER SET utf8mb4 COLLATE utf8mb4_unicode_ci DEFAULT NULL,
  `controller` varchar(255) CHARACTER SET utf8mb4 COLLATE utf8mb4_unicode_ci DEFAULT NULL,
  `is_protected` tinyint(1) NOT NULL DEFAULT '0',
  `is_active` tinyint(1) NOT NULL DEFAULT '0',
  `created_at` timestamp NULL DEFAULT NULL,
  `updated_at` timestamp NULL DEFAULT NULL,
  `deleted_at` timestamp NULL DEFAULT NULL
) ENGINE=InnoDB DEFAULT CHARSET=utf8mb4 COLLATE=utf8mb4_unicode_ci;

--
-- Dumping data for table `cms_moduls`
--

INSERT INTO `cms_moduls` (`id`, `name`, `icon`, `path`, `table_name`, `controller`, `is_protected`, `is_active`, `created_at`, `updated_at`, `deleted_at`) VALUES
(1, 'Notifications', 'fa fa-cog', 'notifications', 'cms_notifications', 'NotificationsController', 1, 1, '2019-08-22 08:23:00', NULL, NULL),
(2, 'Privileges', 'fa fa-cog', 'privileges', 'cms_privileges', 'PrivilegesController', 1, 1, '2019-08-22 08:23:00', NULL, NULL),
(3, 'Privileges Roles', 'fa fa-cog', 'privileges_roles', 'cms_privileges_roles', 'PrivilegesRolesController', 1, 1, '2019-08-22 08:23:00', NULL, NULL),
(4, 'Users Management', 'fa fa-users', 'users', 'cms_users', 'AdminCmsUsersController', 0, 1, '2019-08-22 08:23:00', NULL, NULL),
(5, 'Settings', 'fa fa-cog', 'settings', 'cms_settings', 'SettingsController', 1, 1, '2019-08-22 08:23:00', NULL, NULL),
(6, 'Module Generator', 'fa fa-database', 'module_generator', 'cms_moduls', 'ModulsController', 1, 1, '2019-08-22 08:23:00', NULL, NULL),
(7, 'Menu Management', 'fa fa-bars', 'menu_management', 'cms_menus', 'MenusController', 1, 1, '2019-08-22 08:23:00', NULL, NULL),
(8, 'Email Templates', 'fa fa-envelope-o', 'email_templates', 'cms_email_templates', 'EmailTemplatesController', 1, 1, '2019-08-22 08:23:00', NULL, NULL),
(9, 'Statistic Builder', 'fa fa-dashboard', 'statistic_builder', 'cms_statistics', 'StatisticBuilderController', 1, 1, '2019-08-22 08:23:00', NULL, NULL),
(10, 'API Generator', 'fa fa-cloud-download', 'api_generator', '', 'ApiCustomController', 1, 1, '2019-08-22 08:23:00', NULL, NULL),
(11, 'Log User Access', 'fa fa-flag-o', 'logs', 'cms_logs', 'LogsController', 1, 1, '2019-08-22 08:23:00', NULL, NULL),
(12, 'DR Transactions', 'fa fa-circle-o', 'bea_transactions', 'ebs_pull', 'AdminBeaTransactionsController', 0, 0, '2020-10-28 06:04:51', NULL, NULL),
(13, 'ST Status', 'fa fa-circle-o', 'st_status', 'st_status', 'AdminStStatusController', 0, 0, '2020-11-03 04:03:00', NULL, NULL),
(14, 'STS Transactions', 'fa fa-circle-o', 'pos_transactions', 'pos_pull', 'AdminPosTransactionsController', 0, 0, '2020-11-03 04:12:52', NULL, NULL),
(15, 'Store Name', 'fa fa-circle-o', 'stores', 'stores', 'AdminStoresController', 0, 0, '2020-11-13 03:02:23', NULL, NULL),
(16, 'Delivery Receiving', 'fa fa-check-circle-o', 'delivery_receiving', 'ebs_pull', 'AdminDeliveryReceivingController', 0, 0, '2020-12-11 02:25:55', NULL, NULL),
(17, 'STS Receiving', 'fa fa-thumbs-up', 'transfer_receiving', 'pos_pull_headers', 'AdminStoreTransferReceivingController', 0, 0, '2020-12-17 11:31:22', NULL, NULL),
(18, 'STS', 'fa fa-circle-o', 'store_transfers', 'pos_pull_headers', 'AdminStoreTransferController', 0, 0, '2020-12-17 12:11:15', NULL, NULL),
(19, 'Deliveries', 'fa fa-circle-o', 'deliveries', 'ebs_pull', 'AdminDeliveryController', 0, 0, '2020-12-23 06:52:19', NULL, NULL),
(20, 'STW and STR', 'fa fa-circle-o', 'store_pullout', 'pullout', 'AdminPulloutController', 0, 0, '2020-12-28 10:56:19', NULL, NULL),
(21, 'STW and STR Receiving', 'fa fa-check-circle-o', 'pullout_receiving', 'pullout', 'AdminPulloutReceivingController', 0, 0, '2020-12-29 06:48:54', NULL, NULL),
(22, 'Transaction Types', 'fa fa-circle-o', 'transaction_type', 'transaction_type', 'AdminTransactionTypeController', 0, 0, '2021-01-05 06:24:53', NULL, NULL),
(23, 'Reasons', 'fa fa-circle-o', 'reason', 'reason', 'AdminReasonController', 0, 0, '2021-01-05 06:25:49', NULL, NULL),
(24, 'Channels', 'fa fa-circle-o', 'channel', 'channel', 'AdminChannelController', 0, 0, '2021-01-05 08:31:07', NULL, NULL),
(25, 'Transport Types', 'fa fa-circle-o', 'transport_type', 'transport_types', 'AdminTransportTypeController', 0, 0, '2021-02-02 03:47:46', NULL, NULL),
(26, 'Approval Matrix', 'fa fa-circle-o', 'approval_matrix', 'approval_matrix', 'AdminApprovalMatrixController', 0, 0, '2021-02-04 03:40:54', NULL, NULL),
(27, 'STS Approval', 'fa fa-thumbs-up', 'transfer_approval', 'pos_pull_headers', 'AdminStoreTransferApprovalController', 0, 0, '2021-02-05 01:28:04', NULL, NULL),
(28, 'STR Approval', 'fa fa-thumbs-o-up', 'pullout_approval', 'pullout', 'AdminPulloutApprovalController', 0, 0, '2021-02-05 01:29:26', NULL, NULL),
(29, 'Code Generator', 'fa fa-gear', 'code_counter', 'code_counter', 'AdminCodeCounterController', 0, 0, '2021-03-01 06:31:28', NULL, NULL),
(30, 'HQ Pullout', 'fa fa-circle-o', 'hq_pullout', 'pullout', 'AdminHqPulloutController', 0, 0, '2021-03-02 07:13:15', NULL, NULL),
(31, 'HQ Deliveries', 'fa fa-circle-o', 'hq_deliveries', 'ebs_pull', 'AdminHqDeliveryController', 0, 0, '2021-03-02 07:14:30', NULL, NULL),
(32, 'Customer Type', 'fa fa-circle-o', 'customer_type', 'customer_type', 'AdminCustomerTypeController', 0, 0, '2021-03-16 06:14:04', NULL, NULL),
(33, 'STS History', 'fa fa-thumbs-up', 'sts_history', 'pos_pull_headers', 'AdminStoreTransferHistoryController', 0, 0, '2021-04-26 07:15:17', NULL, NULL),
(34, 'STW and STR History', 'fa fa-file-text-o', 'pullout_history', 'pullout', 'AdminPulloutHistoryController', 0, 0, '2021-04-26 07:16:56', NULL, NULL),
(35, 'Item Master', 'fa fa-circle-o', 'items', 'items', 'AdminItemsController', 0, 0, '2021-09-14 02:03:45', NULL, NULL),
(36, 'STS Pick Confirm', 'fa fa-file-text-o', 'sts_pick_confirm', 'pos_pull', 'AdminStsPickConfirmController', 0, 0, '2021-09-29 07:13:27', NULL, NULL),
(37, 'STS Picklist', 'fa fa-file-text-o', 'sts_picklist', 'pos_pull', 'AdminStsPicklistController', 0, 0, '2021-09-29 07:17:31', NULL, NULL),
(38, 'STW Pick Confirm', 'fa fa-file-text-o', 'pullout_pick_confirm', 'pullout', 'AdminPulloutPickConfirmController', 0, 0, '2021-09-29 07:20:50', NULL, NULL),
(39, 'STW Picklist', 'fa fa-file-text-o', 'pullout_picklist', 'pullout', 'AdminPulloutPicklistController', 0, 0, '2021-09-29 08:04:03', NULL, NULL),
(40, 'Status Workflow', 'fa fa-circle-o', 'status_workflows', 'status_workflows', 'AdminStatusWorkflowsController', 0, 0, '2021-09-29 09:08:27', NULL, NULL),
(41, 'Problem Details', 'fa fa-circle-o', 'problems', 'problems', 'AdminProblemsController', 0, 0, '2021-10-11 01:36:11', NULL, NULL),
(42, 'Pullout Transactions', 'fa fa-circle-o', 'pullout_transactions', 'pullout', 'AdminPulloutTransactionsController', 0, 0, '2022-02-09 01:38:40', NULL, NULL),
(43, 'Trip Ticket', 'fa fa-file-text-o', 'trip_tickets', 'trip_tickets', 'AdminTripTicketsController', 0, 0, '2022-04-06 09:02:56', NULL, NULL),
(44, 'Distri Subinventory', 'fa fa-circle-o', 'distri_subinventories', 'distri_subinventories', 'AdminDistriSubinventoriesController', 0, 0, '2022-04-13 08:04:45', NULL, NULL),
(45, 'Backload Reason', 'fa fa-circle-o', 'backload_reasons', 'backload_reasons', 'AdminBackloadReasonsController', 0, 0, '2022-04-19 09:41:56', NULL, NULL),
(46, 'Location', 'fa fa-circle-o', 'locations', 'locations', 'AdminLocationsController', 0, 0, '2022-04-25 07:33:41', NULL, NULL),
(47, 'Trip Ticket Status', 'fa fa-circle-o', 'trip_ticket_statuses', 'trip_ticket_statuses', 'AdminTripTicketStatusesController', 0, 0, '2022-04-27 03:57:17', NULL, NULL),
(48, 'WRS', 'fa fa-cubes', 'wrs', 'pullout_receivings', 'AdminWrsController', 0, 0, '2022-04-29 03:24:10', NULL, NULL),
(49, 'Cancel Reason', 'fa fa-circle-o', 'cancel_reasons', 'cancel_reasons', 'AdminCancelReasonsController', 0, 0, '2022-04-29 03:38:27', NULL, NULL),
(50, 'STW Approval', 'fa fa-thumbs-o-up', 'stw_approval', 'pullout', 'AdminStwApprovalController', 0, 0, '2023-02-07 00:39:06', NULL, NULL),
(51, 'Create GIS STS', 'fa fa-file-text', 'store_transfer_gis', 'gis_pulls', 'AdminStoreTransferGisController', 0, 0, '2024-02-27 01:36:37', NULL, NULL),
(52, 'Gis STS Approval', 'fa fa-thumbs-up', 'gis_pull_approval', 'gis_pulls', 'AdminGisPullApprovalController', 0, 0, '2024-02-27 09:01:51', NULL, NULL),
(53, 'ST Statuses', 'fa fa-files-o', 'stock_statuses', 'stock_statuses', 'AdminStockStatusesController', 0, 0, '2024-02-28 02:28:19', NULL, NULL),
(54, 'Transfer Stock Statuses', 'fa fa-files-o', 'transfer_stock_statuses', 'st_status', 'AdminTransferStockStatusesController', 0, 0, '2024-02-28 02:29:46', NULL, NULL),
(55, 'GIS STS Receiving', 'fa fa-check-circle-o', 'st_gis_receiving', 'gis_pulls', 'AdminStGisReceivingController', 0, 0, '2024-02-28 03:02:24', NULL, NULL),
(56, 'STS GIS History', 'fa fa-file-text', 'stock_transfer_gis_history', 'gis_pulls', 'AdminStockTransferGisHistoryController', 0, 0, '2024-02-28 07:35:43', NULL, NULL),
(57, 'Schedule STS GIS', 'fa fa-file-text', 'store_transfer_schedule_gis', 'gis_pulls', 'AdminStoreTransferScheduleGisController', 0, 0, '2024-02-29 09:06:38', NULL, NULL),
(58, 'STS Confirmation', 'fa fa-circle-o', 'store_transfer_confirmation', 'pos_pull_headers', 'AdminStoreTransferConfirmationController', 0, 0, '2024-06-06 08:22:19', NULL, NULL),
(59, 'Store Users', 'fa fa-users', 'store_users', 'cms_users', 'AdminStoreUsersController', 0, 0, '2024-06-06 08:22:19', NULL, NULL);

-- --------------------------------------------------------

--
-- Table structure for table `cms_notifications`
--

CREATE TABLE `cms_notifications` (
  `id` int UNSIGNED NOT NULL,
  `id_cms_users` int DEFAULT NULL,
  `content` varchar(255) CHARACTER SET utf8mb4 COLLATE utf8mb4_unicode_ci DEFAULT NULL,
  `url` varchar(255) CHARACTER SET utf8mb4 COLLATE utf8mb4_unicode_ci DEFAULT NULL,
  `is_read` tinyint(1) DEFAULT NULL,
  `created_at` timestamp NULL DEFAULT NULL,
  `updated_at` timestamp NULL DEFAULT NULL
) ENGINE=InnoDB DEFAULT CHARSET=utf8mb4 COLLATE=utf8mb4_unicode_ci;

-- --------------------------------------------------------

--
-- Table structure for table `cms_privileges`
--

CREATE TABLE `cms_privileges` (
  `id` int UNSIGNED NOT NULL,
  `name` varchar(255) CHARACTER SET utf8mb4 COLLATE utf8mb4_unicode_ci DEFAULT NULL,
  `is_superadmin` tinyint(1) DEFAULT NULL,
  `theme_color` varchar(255) CHARACTER SET utf8mb4 COLLATE utf8mb4_unicode_ci DEFAULT NULL,
  `created_at` timestamp NULL DEFAULT NULL,
  `updated_at` timestamp NULL DEFAULT NULL
) ENGINE=InnoDB DEFAULT CHARSET=utf8mb4 COLLATE=utf8mb4_unicode_ci;

--
-- Dumping data for table `cms_privileges`
--

INSERT INTO `cms_privileges` (`id`, `name`, `is_superadmin`, `theme_color`, `created_at`, `updated_at`) VALUES
(1, 'Super Administrator', 1, 'skin-blue', '2019-08-22 08:23:00', NULL),
(2, 'Requestor', 0, 'skin-blue', NULL, NULL),
(3, 'RMA', 0, 'skin-blue', NULL, NULL),
(4, 'LOG TM', 0, 'skin-blue', NULL, NULL),
(5, 'Approver', 0, 'skin-blue', NULL, NULL),
(6, 'Warehouse', 0, 'skin-blue', NULL, NULL),
(7, 'Requestor II', 0, 'skin-blue', NULL, NULL),
(8, 'Online Requestor', 0, 'skin-blue', NULL, NULL),
(9, 'HQ Requestor', 0, 'skin-blue', NULL, NULL),
(10, 'Online Requestor II', 0, 'skin-blue', NULL, NULL),
(11, 'Warehouse Online', 0, 'skin-blue', NULL, NULL),
(12, 'Retail Ops', 0, 'skin-blue', NULL, NULL),
(13, 'Franchise Ops', 0, 'skin-blue', NULL, NULL),
(14, 'Audit', 0, 'skin-blue', NULL, NULL),
(15, 'SDM - Reports', 0, 'skin-blue', NULL, NULL),
(16, 'Online Ops', 0, 'skin-blue', NULL, NULL),
(17, 'Online WSDM', 0, 'skin-blue', NULL, NULL),
(18, 'Inventory Control', 0, 'skin-blue', NULL, NULL),
(19, 'Rtl Fra Ops', 0, 'skin-blue', NULL, NULL),
(20, 'Online Viewer', 0, 'skin-blue', NULL, NULL),
(21, 'Rtl Onl Viewer', 0, 'skin-blue', NULL, NULL),
(22, 'Merch', 0, 'skin-blue', NULL, NULL),
(23, 'Requestor III', 0, 'skin-blue', NULL, NULL),
(24, 'Distri Ops', 0, 'skin-blue', NULL, NULL),
(25, 'LOG TL', 0, 'skin-blue', NULL, NULL),
(26, 'Reports', 0, 'skin-blue', NULL, NULL),
(27, 'Gashapon Requestor', 0, 'skin-blue', NULL, NULL),
(28, 'Operations Manager', 0, 'skin-blue', NULL, NULL),
(29, 'Cashier', 0, 'skin-blue', NULL, NULL),
(30, 'Customer Service Associate', 0, 'skin-blue', NULL, NULL),
(31, 'Store Head', 0, 'skin-blue', NULL, NULL),
(32, 'Area Manager', 0, 'skin-green', NULL, NULL);

-- --------------------------------------------------------

--
-- Table structure for table `cms_privileges_roles`
--

CREATE TABLE `cms_privileges_roles` (
  `id` int UNSIGNED NOT NULL,
  `is_visible` tinyint(1) DEFAULT NULL,
  `is_create` tinyint(1) DEFAULT NULL,
  `is_read` tinyint(1) DEFAULT NULL,
  `is_edit` tinyint(1) DEFAULT NULL,
  `is_delete` tinyint(1) DEFAULT NULL,
  `id_cms_privileges` int DEFAULT NULL,
  `id_cms_moduls` int DEFAULT NULL,
  `created_at` timestamp NULL DEFAULT NULL,
  `updated_at` timestamp NULL DEFAULT NULL
) ENGINE=InnoDB DEFAULT CHARSET=utf8mb4 COLLATE=utf8mb4_unicode_ci;

--
-- Dumping data for table `cms_privileges_roles`
--

INSERT INTO `cms_privileges_roles` (`id`, `is_visible`, `is_create`, `is_read`, `is_edit`, `is_delete`, `id_cms_privileges`, `id_cms_moduls`, `created_at`, `updated_at`) VALUES
(1, 1, 0, 0, 0, 0, 1, 1, '2019-08-22 08:23:00', NULL),
(2, 1, 1, 1, 1, 1, 1, 2, '2019-08-22 08:23:00', NULL),
(3, 0, 1, 1, 1, 1, 1, 3, '2019-08-22 08:23:00', NULL),
(4, 1, 1, 1, 1, 1, 1, 4, '2019-08-22 08:23:00', NULL),
(5, 1, 1, 1, 1, 1, 1, 5, '2019-08-22 08:23:00', NULL),
(6, 1, 1, 1, 1, 1, 1, 6, '2019-08-22 08:23:00', NULL),
(7, 1, 1, 1, 1, 1, 1, 7, '2019-08-22 08:23:00', NULL),
(8, 1, 1, 1, 1, 1, 1, 8, '2019-08-22 08:23:00', NULL),
(9, 1, 1, 1, 1, 1, 1, 9, '2019-08-22 08:23:00', NULL),
(10, 1, 1, 1, 1, 1, 1, 10, '2019-08-22 08:23:00', NULL),
(11, 1, 0, 1, 0, 1, 1, 11, '2019-08-22 08:23:00', NULL),
(12, 1, 1, 1, 1, 1, 1, 12, NULL, NULL),
(13, 1, 1, 1, 1, 1, 1, 13, NULL, NULL),
(14, 1, 1, 1, 1, 1, 1, 14, NULL, NULL),
(15, 1, 1, 1, 1, 1, 1, 15, NULL, NULL),
(16, 1, 1, 1, 1, 1, 1, 16, NULL, NULL),
(17, 1, 1, 1, 1, 1, 1, 17, NULL, NULL),
(18, 1, 1, 1, 1, 1, 1, 18, NULL, NULL),
(19, 1, 1, 1, 1, 0, 2, 18, NULL, NULL),
(20, 1, 0, 1, 1, 0, 2, 17, NULL, NULL),
(21, 1, 0, 1, 1, 0, 2, 16, NULL, NULL),
(22, 1, 1, 1, 1, 1, 1, 19, NULL, NULL),
(23, 1, 0, 1, 0, 0, 2, 19, NULL, NULL),
(24, 1, 1, 1, 1, 1, 1, 20, NULL, NULL),
(25, 1, 1, 1, 1, 0, 2, 20, NULL, NULL),
(26, 1, 1, 1, 1, 1, 1, 21, NULL, NULL),
(27, 1, 0, 1, 1, 0, 2, 21, NULL, NULL),
(28, 1, 1, 1, 1, 1, 1, 22, NULL, NULL),
(29, 1, 1, 1, 1, 1, 1, 23, NULL, NULL),
(30, 1, 1, 1, 1, 1, 1, 24, NULL, NULL),
(31, 1, 0, 1, 0, 0, 3, 19, NULL, NULL),
(32, 1, 0, 1, 1, 0, 3, 16, NULL, NULL),
(33, 1, 0, 1, 0, 0, 3, 21, NULL, NULL),
(34, 1, 1, 1, 0, 0, 3, 18, NULL, NULL),
(35, 1, 0, 1, 1, 0, 3, 17, NULL, NULL),
(36, 1, 0, 1, 0, 0, 3, 20, NULL, NULL),
(37, 1, 0, 1, 1, 0, 3, 4, NULL, NULL),
(38, 1, 0, 1, 1, 0, 4, 18, NULL, NULL),
(39, 1, 0, 1, 1, 0, 4, 20, NULL, NULL),
(40, 1, 0, 1, 1, 0, 4, 4, NULL, NULL),
(41, 1, 1, 1, 1, 1, 1, 25, NULL, NULL),
(42, 1, 0, 1, 1, 0, 2, 4, NULL, NULL),
(43, 1, 0, 1, 0, 0, 5, 18, NULL, NULL),
(44, 1, 0, 1, 0, 0, 5, 20, NULL, NULL),
(45, 1, 0, 1, 1, 0, 5, 4, NULL, NULL),
(46, 1, 1, 1, 1, 1, 1, 26, NULL, NULL),
(47, 1, 1, 1, 1, 1, 1, 27, NULL, NULL),
(48, 1, 1, 1, 1, 1, 1, 28, NULL, NULL),
(49, 1, 0, 1, 1, 0, 5, 27, NULL, NULL),
(50, 1, 1, 1, 1, 0, 5, 28, NULL, NULL),
(51, 1, 0, 1, 0, 0, 6, 19, NULL, NULL),
(52, 1, 0, 1, 1, 0, 6, 21, NULL, NULL),
(53, 1, 0, 1, 0, 0, 6, 20, NULL, NULL),
(54, 1, 0, 1, 1, 0, 6, 4, NULL, NULL),
(55, 1, 0, 1, 0, 0, 7, 19, NULL, NULL),
(56, 1, 0, 1, 1, 0, 7, 16, NULL, NULL),
(57, 1, 0, 1, 0, 0, 7, 20, NULL, NULL),
(58, 1, 0, 1, 1, 0, 7, 4, NULL, NULL),
(59, 1, 1, 1, 1, 1, 1, 29, NULL, NULL),
(60, 1, 1, 1, 1, 1, 1, 30, NULL, NULL),
(61, 1, 1, 1, 1, 1, 1, 31, NULL, NULL),
(62, 1, 0, 1, 0, 0, 8, 19, NULL, NULL),
(63, 1, 0, 1, 1, 0, 8, 16, NULL, NULL),
(64, 1, 1, 1, 0, 0, 8, 20, NULL, NULL),
(65, 1, 0, 1, 1, 0, 8, 4, NULL, NULL),
(66, 1, 0, 1, 1, 0, 9, 31, NULL, NULL),
(67, 1, 1, 1, 0, 0, 9, 30, NULL, NULL),
(68, 1, 0, 1, 1, 0, 9, 4, NULL, NULL),
(69, 1, 1, 1, 1, 1, 1, 32, NULL, NULL),
(70, 1, 1, 1, 0, 0, 8, 18, NULL, NULL),
(71, 1, 0, 1, 0, 0, 10, 19, NULL, NULL),
(72, 1, 0, 1, 1, 0, 10, 16, NULL, NULL),
(73, 1, 1, 1, 0, 0, 10, 18, NULL, NULL),
(74, 1, 1, 1, 0, 0, 10, 20, NULL, NULL),
(75, 1, 0, 1, 1, 0, 10, 4, NULL, NULL),
(76, 1, 0, 1, 0, 0, 11, 19, NULL, NULL),
(77, 1, 0, 1, 1, 0, 11, 17, NULL, NULL),
(78, 1, 0, 1, 0, 0, 11, 20, NULL, NULL),
(79, 1, 0, 1, 1, 0, 11, 21, NULL, NULL),
(80, 1, 0, 1, 1, 0, 11, 4, NULL, NULL),
(81, 1, 1, 1, 1, 1, 1, 33, NULL, NULL),
(82, 1, 1, 1, 1, 1, 1, 34, NULL, NULL),
(83, 1, 0, 1, 0, 0, 2, 33, NULL, NULL),
(84, 1, 0, 1, 0, 0, 2, 34, NULL, NULL),
(85, 1, 0, 1, 0, 0, 7, 34, NULL, NULL),
(86, 1, 0, 1, 0, 0, 8, 33, NULL, NULL),
(87, 1, 0, 1, 0, 0, 8, 34, NULL, NULL),
(88, 1, 0, 1, 0, 0, 10, 33, NULL, NULL),
(89, 1, 0, 1, 0, 0, 10, 34, NULL, NULL),
(90, 1, 0, 1, 0, 0, 5, 33, NULL, NULL),
(91, 1, 0, 1, 0, 0, 5, 34, NULL, NULL),
(92, 1, 0, 1, 0, 0, 4, 33, NULL, NULL),
(93, 1, 0, 1, 0, 0, 4, 34, NULL, NULL),
(94, 1, 0, 1, 0, 0, 6, 34, NULL, NULL),
(95, 1, 0, 1, 0, 0, 11, 34, NULL, NULL),
(96, 1, 0, 1, 0, 0, 3, 34, NULL, NULL),
(97, 1, 0, 1, 0, 0, 11, 33, NULL, NULL),
(98, 1, 0, 1, 0, 0, 12, 19, NULL, NULL),
(99, 1, 0, 1, 1, 0, 12, 4, NULL, NULL),
(100, 1, 0, 1, 0, 0, 13, 19, NULL, NULL),
(101, 1, 0, 1, 1, 0, 13, 4, NULL, NULL),
(102, 1, 0, 1, 0, 0, 14, 19, NULL, NULL),
(103, 1, 0, 1, 1, 0, 14, 4, NULL, NULL),
(104, 1, 0, 1, 1, 0, 15, 4, NULL, NULL),
(105, 1, 1, 1, 1, 1, 1, 35, NULL, NULL),
(106, 1, 0, 1, 0, 0, 16, 19, NULL, NULL),
(107, 1, 0, 1, 1, 0, 16, 17, NULL, NULL),
(108, 1, 0, 1, 0, 0, 16, 34, NULL, NULL),
(109, 1, 0, 1, 1, 0, 16, 4, NULL, NULL),
(110, 1, 1, 1, 1, 1, 1, 36, NULL, NULL),
(111, 1, 1, 1, 1, 1, 1, 37, NULL, NULL),
(112, 1, 1, 1, 1, 1, 1, 38, NULL, NULL),
(113, 1, 1, 1, 1, 1, 1, 39, NULL, NULL),
(114, 1, 0, 1, 0, 0, 17, 33, NULL, NULL),
(115, 1, 0, 1, 0, 0, 17, 36, NULL, NULL),
(116, 1, 0, 1, 0, 0, 17, 37, NULL, NULL),
(117, 1, 0, 1, 0, 0, 17, 34, NULL, NULL),
(118, 1, 0, 1, 0, 0, 17, 38, NULL, NULL),
(119, 1, 0, 1, 0, 0, 17, 39, NULL, NULL),
(120, 1, 0, 1, 1, 0, 17, 4, NULL, NULL),
(121, 1, 1, 1, 1, 1, 1, 40, NULL, NULL),
(122, 1, 0, 1, 0, 0, 18, 19, NULL, NULL),
(123, 1, 0, 1, 1, 0, 18, 4, NULL, NULL),
(124, 1, 1, 1, 1, 1, 1, 41, NULL, NULL),
(125, 1, 0, 1, 0, 0, 16, 33, NULL, NULL),
(126, 1, 0, 1, 0, 0, 18, 33, NULL, NULL),
(127, 1, 0, 1, 0, 0, 18, 34, NULL, NULL),
(128, 1, 0, 1, 0, 0, 19, 19, NULL, NULL),
(129, 1, 0, 1, 0, 0, 19, 33, NULL, NULL),
(130, 1, 0, 1, 0, 0, 19, 34, NULL, NULL),
(131, 1, 0, 1, 1, 0, 19, 4, NULL, NULL),
(132, 1, 0, 1, 0, 0, 12, 33, NULL, NULL),
(133, 1, 0, 1, 0, 0, 12, 34, NULL, NULL),
(134, 1, 0, 1, 0, 0, 20, 19, NULL, NULL),
(135, 1, 0, 1, 0, 0, 20, 33, NULL, NULL),
(136, 1, 0, 1, 0, 0, 20, 34, NULL, NULL),
(137, 1, 0, 1, 1, 0, 20, 4, NULL, NULL),
(138, 1, 0, 1, 0, 0, 21, 19, NULL, NULL),
(139, 1, 0, 1, 0, 0, 21, 33, NULL, NULL),
(140, 1, 0, 1, 0, 0, 21, 34, NULL, NULL),
(141, 1, 0, 1, 1, 0, 21, 4, NULL, NULL),
(142, 1, 0, 1, 0, 0, 22, 19, NULL, NULL),
(143, 1, 0, 1, 0, 0, 22, 33, NULL, NULL),
(144, 1, 0, 1, 0, 0, 22, 34, NULL, NULL),
(145, 1, 0, 1, 1, 0, 22, 4, NULL, NULL),
(146, 1, 0, 1, 0, 0, 14, 33, NULL, NULL),
(147, 1, 0, 1, 0, 0, 14, 34, NULL, NULL),
(148, 1, 1, 1, 1, 1, 1, 42, NULL, NULL),
(149, 1, 0, 1, 0, 0, 23, 19, NULL, NULL),
(150, 1, 0, 1, 0, 0, 23, 16, NULL, NULL),
(151, 1, 0, 1, 0, 0, 23, 20, NULL, NULL),
(152, 1, 0, 1, 0, 0, 23, 34, NULL, NULL),
(153, 1, 0, 1, 1, 0, 23, 4, NULL, NULL),
(154, 1, 0, 1, 0, 0, 24, 19, NULL, NULL),
(155, 1, 0, 1, 0, 0, 24, 34, NULL, NULL),
(156, 1, 0, 1, 1, 0, 24, 4, NULL, NULL),
(157, 1, 1, 1, 1, 1, 1, 43, NULL, NULL),
(158, 1, 1, 1, 1, 1, 1, 44, NULL, NULL),
(159, 1, 1, 1, 1, 1, 1, 45, NULL, NULL),
(160, 1, 1, 1, 1, 1, 1, 46, NULL, NULL),
(161, 1, 0, 1, 1, 0, 25, 18, NULL, NULL),
(162, 1, 0, 1, 0, 0, 25, 20, NULL, NULL),
(163, 1, 1, 1, 1, 0, 25, 43, NULL, NULL),
(164, 1, 0, 1, 1, 0, 25, 4, NULL, NULL),
(165, 1, 0, 1, 0, 0, 25, 33, NULL, NULL),
(166, 1, 0, 1, 0, 0, 25, 34, NULL, NULL),
(167, 1, 1, 1, 0, 0, 4, 43, NULL, NULL),
(168, 1, 0, 1, 0, 0, 2, 43, NULL, NULL),
(169, 1, 1, 1, 1, 1, 1, 47, NULL, NULL),
(170, 1, 1, 1, 1, 1, 1, 48, NULL, NULL),
(171, 1, 1, 1, 1, 1, 1, 49, NULL, NULL),
(172, 1, 0, 1, 0, 0, 5, 19, NULL, NULL),
(173, 1, 0, 1, 0, 0, 26, 19, NULL, NULL),
(174, 1, 0, 1, 0, 0, 26, 33, NULL, NULL),
(175, 1, 0, 1, 0, 0, 26, 34, NULL, NULL),
(176, 1, 0, 1, 1, 0, 26, 4, NULL, NULL),
(177, 1, 1, 1, 1, 1, 1, 50, NULL, NULL),
(178, 1, 0, 1, 1, 0, 5, 50, NULL, NULL),
(179, 1, 1, 1, 1, 0, 2, 51, NULL, NULL),
(180, 1, 1, 1, 1, 1, 1, 52, NULL, NULL),
(181, 1, 0, 1, 1, 0, 5, 52, NULL, NULL),
(182, 1, 1, 1, 1, 1, 1, 53, NULL, NULL),
(183, 1, 1, 1, 1, 1, 1, 54, NULL, NULL),
(184, 1, 1, 1, 1, 1, 1, 55, NULL, NULL),
(185, 1, 0, 1, 1, 0, 2, 55, NULL, NULL),
(186, 1, 1, 1, 1, 1, 1, 56, NULL, NULL),
(187, 1, 0, 1, 0, 0, 5, 56, NULL, NULL),
(188, 1, 0, 1, 0, 0, 2, 56, NULL, NULL),
(189, 1, 1, 1, 1, 1, 1, 57, NULL, NULL),
(190, 1, 0, 1, 1, 0, 25, 51, NULL, NULL),
(191, 1, 0, 1, 1, 0, 4, 51, NULL, NULL),
(192, 1, 0, 1, 1, 0, 4, 56, NULL, NULL),
(193, 1, 0, 1, 1, 0, 25, 56, NULL, NULL),
(194, 1, 1, 1, 1, 0, 27, 51, NULL, NULL),
(195, 1, 1, 1, 1, 0, 27, 55, NULL, NULL),
(196, 1, 0, 1, 0, 0, 27, 56, NULL, NULL),
(197, 1, 0, 1, 1, 0, 27, 4, NULL, NULL),
(198, 1, 1, 1, 1, 0, 27, 18, NULL, NULL),
(199, 1, 0, 1, 1, 0, 27, 17, NULL, NULL),
(200, 1, 0, 1, 0, 0, 27, 33, NULL, NULL),
(201, 1, 1, 1, 1, 0, 27, 43, NULL, NULL),
(203, 1, 1, 1, 1, 1, 1, 58, NULL, NULL),
(204, 1, 1, 1, 1, 0, 2, 58, NULL, NULL),
(205, 1, 1, 1, 0, 1, 29, 18, NULL, NULL),
(206, 1, 1, 1, 0, 1, 30, 18, NULL, NULL),
(207, 1, 1, 1, 0, 1, 31, 18, NULL, NULL),
(208, 1, 0, 1, 0, 0, 32, 18, NULL, NULL),
(209, 1, 0, 1, 0, 0, 28, 18, NULL, NULL),
(210, 1, 1, 1, 1, 0, 28, 59, NULL, NULL);

-- --------------------------------------------------------

--
-- Table structure for table `cms_settings`
--

CREATE TABLE `cms_settings` (
  `id` int UNSIGNED NOT NULL,
  `name` varchar(255) CHARACTER SET utf8mb4 COLLATE utf8mb4_unicode_ci DEFAULT NULL,
  `content` text CHARACTER SET utf8mb4 COLLATE utf8mb4_unicode_ci,
  `content_input_type` varchar(255) CHARACTER SET utf8mb4 COLLATE utf8mb4_unicode_ci DEFAULT NULL,
  `dataenum` varchar(255) CHARACTER SET utf8mb4 COLLATE utf8mb4_unicode_ci DEFAULT NULL,
  `helper` varchar(255) CHARACTER SET utf8mb4 COLLATE utf8mb4_unicode_ci DEFAULT NULL,
  `created_at` timestamp NULL DEFAULT NULL,
  `updated_at` timestamp NULL DEFAULT NULL,
  `group_setting` varchar(255) CHARACTER SET utf8mb4 COLLATE utf8mb4_unicode_ci DEFAULT NULL,
  `label` varchar(255) CHARACTER SET utf8mb4 COLLATE utf8mb4_unicode_ci DEFAULT NULL
) ENGINE=InnoDB DEFAULT CHARSET=utf8mb4 COLLATE=utf8mb4_unicode_ci;



-- --------------------------------------------------------

--
-- Table structure for table `cms_statistics`
--

CREATE TABLE `cms_statistics` (
  `id` int UNSIGNED NOT NULL,
  `name` varchar(255) CHARACTER SET utf8mb4 COLLATE utf8mb4_unicode_ci DEFAULT NULL,
  `slug` varchar(255) CHARACTER SET utf8mb4 COLLATE utf8mb4_unicode_ci DEFAULT NULL,
  `created_at` timestamp NULL DEFAULT NULL,
  `updated_at` timestamp NULL DEFAULT NULL
) ENGINE=InnoDB DEFAULT CHARSET=utf8mb4 COLLATE=utf8mb4_unicode_ci;

--
-- Dumping data for table `cms_statistics`
--

INSERT INTO `cms_statistics` (`id`, `name`, `slug`, `created_at`, `updated_at`) VALUES
(1, 'Requestor Dashboard', 'requestor-dashboard', '2021-04-26 07:27:07', NULL),
(2, 'Warehouse/RMA Dashboard', 'warehouse-dashboard', '2021-05-04 03:21:42', '2021-05-04 03:28:37'),
(3, 'Admin Dashboard', 'admin-dashboard', '2021-05-04 06:36:09', NULL),
(4, 'Approver Dashboard', 'approver-dashboard', '2021-05-04 06:50:43', NULL),
(5, 'Logistics Dashboard', 'logistics-dashboard', '2021-05-04 06:50:53', NULL),
(6, 'Online Warehouse Dashboard', 'online-warehouse-dashboard', '2021-05-04 09:19:13', NULL),
(7, 'Requestor II Dashboard', 'requestor-ii', '2021-05-04 09:39:22', '2021-05-05 01:01:31'),
(8, 'Online Requestor II Dashboard', 'online-requestor-ii-dashboard', '2021-10-19 14:51:33', NULL),
(9, 'Online WSDM Dashboard', 'online-wsdm-dashboard', '2021-10-19 14:51:48', NULL),
(10, 'Online Ops Dashboard', 'online-ops-dashboard', '2021-10-19 14:52:02', NULL),
(11, 'Retail Ops Dashboard', 'retail-ops-dashboard', '2021-12-04 02:59:13', NULL),
(12, 'Franchise Ops Dashboard', 'franchise-ops-dashboard', '2021-12-04 02:59:37', NULL),
(13, 'RTL FRA Ops Dashboard', 'rtl-fra-ops-dashboard', '2021-12-04 02:59:50', NULL),
(14, 'RTL ONL Viewer Dashboard', 'rtl-onl-viewer-dashboard', '2021-12-10 08:58:41', NULL),
(15, 'Online Viewer Dashboard', 'online-viewer-dashboard', '2021-12-10 08:58:58', NULL),
(16, 'Merch Dashboard', 'merch-dashboard', '2021-12-10 11:01:13', NULL),
(17, 'Requestor III Dashboard', 'requestor-iii-dashboard', '2022-03-29 06:20:32', NULL);

-- --------------------------------------------------------

--
-- Table structure for table `cms_statistic_components`
--

CREATE TABLE `cms_statistic_components` (
  `id` int UNSIGNED NOT NULL,
  `id_cms_statistics` int DEFAULT NULL,
  `componentID` varchar(255) CHARACTER SET utf8mb4 COLLATE utf8mb4_unicode_ci DEFAULT NULL,
  `component_name` varchar(255) CHARACTER SET utf8mb4 COLLATE utf8mb4_unicode_ci DEFAULT NULL,
  `area_name` varchar(55) CHARACTER SET utf8mb4 COLLATE utf8mb4_unicode_ci DEFAULT NULL,
  `sorting` int DEFAULT NULL,
  `name` varchar(255) CHARACTER SET utf8mb4 COLLATE utf8mb4_unicode_ci DEFAULT NULL,
  `config` longtext CHARACTER SET utf8mb4 COLLATE utf8mb4_unicode_ci,
  `created_at` timestamp NULL DEFAULT NULL,
  `updated_at` timestamp NULL DEFAULT NULL
) ENGINE=InnoDB DEFAULT CHARSET=utf8mb4 COLLATE=utf8mb4_unicode_ci;

--
-- Dumping data for table `cms_statistic_components`
--

INSERT INTO `cms_statistic_components` (`id`, `id_cms_statistics`, `componentID`, `component_name`, `area_name`, `sorting`, `name`, `config`, `created_at`, `updated_at`) VALUES
(1, 1, '9ac06976e3d1147739767ebdf12706a2', 'smallbox', 'area1', 0, NULL, '{\"name\":\"Delivery Receiving\",\"icon\":\"ion-cube\",\"color\":\"bg-yellow\",\"link\":\"https:\\/\\/dms.digitstrading.ph\\/public\\/admin\\/delivery_receiving?q=PENDING\",\"sql\":\"SELECT COUNT(DISTINCT ebs_pull.dr_number) FROM `ebs_pull` WHERE `ebs_pull`.status=\\\"PENDING\\\" AND (`ebs_pull`.customer_name LIKE \'%[admin_store_so_name]%\' OR `ebs_pull`.customer_name LIKE \'%[admin_store_mo_name]%\')\"}', '2021-04-26 07:27:54', NULL),
(3, 2, 'f3995a0764fcf7871800953718fea25f', 'smallbox', 'area1', 0, NULL, '{\"name\":\"Pullout Receiving\",\"icon\":\"ion-cube\",\"color\":\"bg-green\",\"link\":\"https:\\/\\/dms.digitstrading.ph\\/public\\/admin\\/pullout_receiving\",\"sql\":\"SELECT COUNT(DISTINCT pullout.st_document_number) FROM `pullout` WHERE `pullout`.status=\\\"FOR RECEIVING\\\" AND `pullout`.wh_to LIKE \'%[admin_pos_warehouse]%\'\"}', '2021-05-04 03:23:22', NULL),
(4, 4, '30168fcf1b4802fb76b115bf587bdf7f', 'smallbox', 'area1', 0, NULL, '{\"name\":\"STS for Approval\",\"icon\":\"ion-thumbsup\",\"color\":\"bg-green\",\"link\":\"https:\\/\\/dms.digitstrading.ph\\/public\\/admin\\/transfer_approval\",\"sql\":\"SELECT COUNT(DISTINCT pos_pull.st_document_number) FROM `pos_pull` WHERE `pos_pull`.status=\\\"PENDING\\\" AND `pos_pull`.stores_id IN [approval_store_ids]\"}', '2021-05-04 06:51:03', NULL),
(5, 4, 'dcaa7b3219b15975398d51e4b6422d2c', 'smallbox', 'area2', 0, NULL, '{\"name\":\"STW & STR for Approval\",\"icon\":\"ion-thumbsup\",\"color\":\"bg-aqua\",\"link\":\"https:\\/\\/dms.digitstrading.ph\\/public\\/admin\\/pullout_approval\",\"sql\":\"SELECT COUNT(DISTINCT pullout.st_document_number) FROM `pullout` WHERE `pullout`.status=\\\"PENDING\\\" AND `pullout`.stores_id IN [approval_store_ids]\"}', '2021-05-04 06:51:04', NULL),
(6, 5, 'c443eb3f779310f2a1c79d5542536679', 'smallbox', 'area1', 0, NULL, '{\"name\":\"STS for Schedule\",\"icon\":\"ion-calendar\",\"color\":\"bg-green\",\"link\":\"http:\\/\\/dms.digitstrading.ph\\/public\\/admin\\/store_transfers\",\"sql\":\"SELECT COUNT(DISTINCT pos_pull.st_document_number) FROM `pos_pull` WHERE `pos_pull`.status=\\\"FOR SCHEDULE\\\" AND `pos_pull`.transport_types_id = 1\"}', '2021-05-04 07:31:48', NULL),
(7, 5, '84926f8a0b7574cdedad76caae52a68e', 'smallbox', 'area2', 0, NULL, '{\"name\":\"STW & STR for Schedule\",\"icon\":\"ion-calendar\",\"color\":\"bg-aqua\",\"link\":\"http:\\/\\/dms.digitstrading.ph\\/public\\/admin\\/store_pullout\",\"sql\":\"SELECT COUNT(DISTINCT pullout.st_document_number) FROM `pullout` WHERE `pullout`.status=\\\"FOR SCHEDULE\\\" AND `pullout`.transport_types_id = 1\"}', '2021-05-04 07:31:49', NULL),
(8, 6, '7666e9d4ffc6a9a2f458abc4fde23b07', 'smallbox', 'area1', 0, NULL, '{\"name\":\"STS for Receiving\",\"icon\":\"ion-cube\",\"color\":\"bg-yellow\",\"link\":\"https:\\/\\/dms.digitstrading.ph\\/public\\/admin\\/transfer_receiving\",\"sql\":\"SELECT COUNT(DISTINCT pos_pull.st_document_number) FROM `pos_pull` WHERE `pos_pull`.status=\\\"FOR RECEIVING\\\" AND `pos_pull`.stores_id_destination IN [onlwh_store_ids]\"}', '2021-05-04 09:19:41', NULL),
(9, 7, 'cea6e41256105635f6027e61b1d82fdc', 'smallbox', 'area1', 0, NULL, '{\"name\":\"Delivery Receiving\",\"icon\":\"ion-cube\",\"color\":\"bg-yellow\",\"link\":\"https:\\/\\/dms.digitstrading.ph\\/public\\/admin\\/delivery_receiving\",\"sql\":\"SELECT COUNT(DISTINCT ebs_pull.dr_number) FROM `ebs_pull` WHERE `ebs_pull`.status=\\\"PENDING\\\" AND (`ebs_pull`.customer_name LIKE \'%[admin_store_so_name]%\' OR `ebs_pull`.customer_name LIKE \'%[admin_store_mo_name]%\')\"}', '2021-05-04 09:40:01', NULL),
(10, 3, '75c7fa69da00a1723362d1f607e93a0d', 'smallbox', 'area1', 0, NULL, '{\"name\":\"Pending DR\",\"icon\":\"ion-cube\",\"color\":\"bg-yellow\",\"link\":\"https:\\/\\/dms.digitstrading.ph\\/public\\/admin\\/deliveries?filter_column%5Bebs_pull.status%5D%5Btype%5D=%3D&filter_column%5Bebs_pull.status%5D%5Bvalue%5D=pending\",\"sql\":\"select FORMAT(COUNT(distinct dr_number),0) from ebs_pull where status=\'PENDING\'\"}', '2021-07-13 14:27:53', NULL),
(11, 3, '480bd267154c2715efebc6dbbe3ae105', 'smallbox', 'area2', 0, NULL, '{\"name\":\"Processing DR\",\"icon\":\"ion-alert\",\"color\":\"bg-aqua\",\"link\":\"https:\\/\\/dms.digitstrading.ph\\/public\\/admin\\/deliveries?filter_column%5Bebs_pull.customer_name%5D%5Bsorting%5D=asc&filter_column%5Bebs_pull.status%5D%5Btype%5D=like&filter_column%5Bebs_pull.status%5D%5Bvalue%5D=processing\",\"sql\":\"select COUNT(distinct dr_number) from ebs_pull where status=\'PROCESSING\'\"}', '2021-07-13 14:31:27', NULL),
(12, 3, '475f1655690448f81e84e6fb80e52d67', 'smallbox', 'area3', 0, NULL, '{\"name\":\"Closed DR\",\"icon\":\"ion-cube\",\"color\":\"bg-red\",\"link\":\"https:\\/\\/dms.digitstrading.ph\\/public\\/admin\\/deliveries?filter_column%5Bebs_pull.status%5D%5Btype%5D=%3D&filter_column%5Bebs_pull.status%5D%5Bvalue%5D=closed\",\"sql\":\"select COUNT(distinct dr_number) from ebs_pull where status=\'CLOSED\'\"}', '2021-07-13 14:38:24', NULL),
(13, 3, 'edc9034ef9cc54ee465f4d4630baaa91', 'smallbox', 'area4', 0, NULL, '{\"name\":\"Received DR\",\"icon\":\"ion-cube\",\"color\":\"bg-green\",\"link\":\"https:\\/\\/dms.digitstrading.ph\\/public\\/admin\\/deliveries?filter_column%5Bebs_pull.status%5D%5Btype%5D=%3D&filter_column%5Bebs_pull.status%5D%5Bvalue%5D=received\",\"sql\":\"select FORMAT(COUNT(distinct dr_number),0) from ebs_pull where status=\'RECEIVED\'\"}', '2021-07-13 14:40:08', NULL),
(14, 3, 'afb5a5d062f2b919c67e835b07831ea4', 'chartline', 'area5', 0, NULL, '{\"name\":\"Received DR Counter\",\"sql\":\"select COUNT(distinct dr_number) as value,date_format(received_at,\'%Y-%m-%d\') as label from ebs_pull where status=\'RECEIVED\' and created_at > \'2023-01-01 00:00:00\'  group by label order by label asc\",\"area_name\":\"Received DR\",\"goals\":\"0\"}', '2021-07-13 14:41:19', NULL),
(15, 10, '0e89dcde7ce2d441c6921c29f12cfef5', 'smallbox', 'area1', 0, NULL, '{\"name\":\"STS for Receiving\",\"icon\":\"ion-cube\",\"color\":\"bg-yellow\",\"link\":\"https:\\/\\/dms.digitstrading.ph\\/public\\/admin\\/transfer_receiving\",\"sql\":\"SELECT COUNT(DISTINCT pos_pull.st_document_number) FROM `pos_pull` WHERE `pos_pull`.status=\\\"FOR RECEIVING\\\" and `pos_pull`.wh_to like \'%FBD\'\"}', '2021-10-19 14:53:02', NULL),
(16, 8, '23c8450ded42d6d5fc16542bb7a6808b', 'smallbox', 'area1', 0, NULL, '{\"name\":\"Delivery Receiving\",\"icon\":\"ion-cube\",\"color\":\"bg-yellow\",\"link\":\"https:\\/\\/dms.digitstrading.ph\\/public\\/admin\\/delivery_receiving\",\"sql\":\"SELECT COUNT(DISTINCT ebs_pull.dr_number) FROM `ebs_pull` WHERE `ebs_pull`.status=\\\"PENDING\\\" AND (`ebs_pull`.customer_name LIKE \'%[admin_store_so_name]%\' OR `ebs_pull`.customer_name LIKE \'%[admin_store_mo_name]%\')\"}', '2021-10-19 14:54:36', NULL),
(17, 9, 'de7c36fe6b2bf7a74c53f82b9142be53', 'smallbox', 'area1', 0, NULL, '{\"name\":\"STS for PICKLIST\",\"icon\":\"ion-document\",\"color\":\"bg-yellow\",\"link\":\"https:\\/\\/dms.digitstrading.ph\\/public\\/admin\\/sts_picklist?q=FOR+PICKLIST\",\"sql\":\"SELECT COUNT(DISTINCT pos_pull.st_document_number) FROM `pos_pull` WHERE `pos_pull`.status=\\\"FOR PICKLIST\\\"\"}', '2021-10-19 14:55:39', NULL),
(18, 9, '32e9dce202b07a7f577f5fbbef44a295', 'smallbox', 'area2', 0, NULL, '{\"name\":\"STS for PICK CONFIRM\",\"icon\":\"ion-cube\",\"color\":\"bg-yellow\",\"link\":\"https:\\/\\/dms.digitstrading.ph\\/public\\/admin\\/sts_pick_confirm\",\"sql\":\"SELECT COUNT(DISTINCT pos_pull.st_document_number) FROM `pos_pull` WHERE `pos_pull`.status=\\\"FOR PICK CONFIRM\\\"\"}', '2021-10-19 14:55:40', NULL),
(19, 9, '16fd55036c271c568932a285e258f045', 'smallbox', 'area3', 0, NULL, '{\"name\":\"STW for PICKLIST\",\"icon\":\"ion-document\",\"color\":\"bg-aqua\",\"link\":\"https:\\/\\/dms.digitstrading.ph\\/public\\/admin\\/pullout_picklist\",\"sql\":\"SELECT COUNT(DISTINCT pullout.st_document_number) FROM `pullout` WHERE `pullout`.status=\\\"FOR PICKLIST\\\"\"}', '2021-10-19 14:55:41', NULL),
(20, 9, '2f9a02be0069c377ac7f933e80a63e66', 'smallbox', 'area4', 0, NULL, '{\"name\":\"STW for PICK CONFIRM\",\"icon\":\"ion-cube\",\"color\":\"bg-aqua\",\"link\":\"https:\\/\\/dms.digitstrading.ph\\/public\\/admin\\/pullout_pick_confirm\",\"sql\":\"SELECT COUNT(DISTINCT pullout.st_document_number) FROM `pullout` WHERE `pullout`.status=\\\"FOR PICK CONFIRM\\\"\"}', '2021-10-19 14:55:42', NULL),
(21, 3, 'f718f2336cfc8c3751aa217a39433995', 'chartline', 'area5', 1, NULL, '{\"name\":\"Received STW Counter\",\"sql\":\"select COUNT(distinct st_document_number) as value,date_format(received_st_date,\'%Y-%m-%d\') as label from pullout where status=\'RECEIVED\' and wh_to=\'DIGITSWAREHOUSE\'  and created_at > \'2023-01-01 00:00:00\' group by label order by label asc\",\"area_name\":\"Received STW\",\"goals\":\"0\"}', '2021-11-19 10:14:16', NULL),
(22, 3, 'baff3fbb17127f29fe9511d0e7a3a2ec', 'chartline', 'area5', 2, NULL, '{\"name\":\"Received STR Counter\",\"sql\":\"select COUNT(distinct st_document_number) as value,date_format(received_st_date,\'%Y-%m-%d\') as label from pullout where status=\'RECEIVED\' and wh_to=\'DIGITSRMA\' and created_at > \'2023-01-01 00:00:00\' group by label order by label asc\",\"area_name\":\"Received STR\",\"goals\":\"0\"}', '2021-11-19 10:19:53', NULL),
(23, 1, 'b1763359b01d4e74f9585ee5c5f3ac76', 'smallbox', 'area2', 0, NULL, '{\"name\":\"STS Receiving\",\"icon\":\"ion-cube\",\"color\":\"bg-aqua\",\"link\":\"https:\\/\\/dms.digitstrading.ph\\/public\\/admin\\/transfer_receiving?q=FOR+RECEIVING\",\"sql\":\"SELECT COUNT(DISTINCT pos_pull.st_document_number) FROM `pos_pull` WHERE `pos_pull`.status=\\\"FOR RECEIVING\\\" and `pos_pull`.wh_to LIKE \'%[admin_pos_warehouse]%\'\"}', '2021-12-02 13:51:13', NULL),
(24, 13, 'fc69901d52edb99c80891f278405fabb', 'smallbox', 'area1', 0, NULL, '{\"name\":\"Pending DR\",\"icon\":\"ion-cube\",\"color\":\"bg-yellow\",\"link\":\"https:\\/\\/dms.digitstrading.ph\\/public\\/admin\\/deliveries?filter_column%5Bebs_pull.status%5D%5Btype%5D=%3D&filter_column%5Bebs_pull.status%5D%5Bvalue%5D=pending\",\"sql\":\"select COUNT(distinct dr_number) from ebs_pull where status=\'PENDING\' and SUBSTRING(customer_name,-3) IN (\'FRA\',\'RTL\')\"}', '2021-12-04 03:00:53', NULL),
(25, 13, 'fd3c067fe3162dba3d570176167d10c0', 'smallbox', 'area2', 0, NULL, '{\"name\":\"Pending STS\",\"icon\":\"ion-cube\",\"color\":\"bg-aqua\",\"link\":\"https:\\/\\/dms.digitstrading.ph\\/public\\/admin\\/sts_history?q=PENDING\",\"sql\":\"SELECT COUNT(DISTINCT pos_pull.st_document_number) FROM `pos_pull` WHERE `pos_pull`.status=\\\"PENDING\\\" and `pos_pull`.channel_id IN (1,2)\"}', '2021-12-04 03:03:40', NULL),
(26, 13, 'd035fa497f93c28266d2df62a7cf57ea', 'smallbox', 'area3', 0, NULL, '{\"name\":\"Pending STW\",\"icon\":\"ion-cube\",\"color\":\"bg-yellow\",\"link\":\"https:\\/\\/dms.digitstrading.ph\\/public\\/admin\\/pullout_history?filter_column%5Bpullout.wh_to%5D%5Btype%5D=%3D&filter_column%5Bpullout.wh_to%5D%5Bvalue%5D=DIGITSWAREHOUSE&filter_column%5Bpullout.status%5D%5Btype%5D=%3D&filter_column%5Bpullout.status%5D%5Bvalue%5D=PENDING&\",\"sql\":\"SELECT COUNT(DISTINCT pullout.st_document_number) FROM `pullout` WHERE `pullout`.status=\\\"PENDING\\\" and `pullout`.wh_to=\\\"DIGITSWAREHOUSE\\\" and `pullout`.channel_id in (1,2)\"}', '2021-12-04 03:06:26', NULL),
(27, 13, '71a959e09e3c519bcdde9dab3c84a80c', 'smallbox', 'area4', 0, NULL, '{\"name\":\"Pending STR\",\"icon\":\"ion-cube\",\"color\":\"bg-aqua\",\"link\":\"https:\\/\\/dms.digitstrading.ph\\/public\\/admin\\/pullout_history?filter_column%5Bpullout.wh_to%5D%5Btype%5D=%3D&filter_column%5Bpullout.wh_to%5D%5Bvalue%5D=DIGITSRMA&filter_column%5Bpullout.status%5D%5Btype%5D=like&filter_column%5Bpullout.status%5D%5Bvalue%5D=PENDING&\",\"sql\":\"SELECT COUNT(DISTINCT pullout.st_document_number) FROM `pullout` WHERE `pullout`.status=\\\"PENDING\\\" and `pullout`.wh_to=\\\"DIGITSRMA\\\" and `pullout`.channel_id IN (1,2)\"}', '2021-12-04 03:06:28', NULL),
(28, 11, 'c0001c5d7145133c2a98134722e4828d', 'smallbox', 'area1', 0, NULL, '{\"name\":\"Pending DR\",\"icon\":\"ion-cube\",\"color\":\"bg-yellow\",\"link\":\"https:\\/\\/dms.digitstrading.ph\\/public\\/admin\\/deliveries?filter_column%5Bebs_pull.status%5D%5Btype%5D=%3D&filter_column%5Bebs_pull.status%5D%5Bvalue%5D=pending\",\"sql\":\"select COUNT(distinct dr_number) from ebs_pull where status=\'PENDING\' and SUBSTRING(customer_name,-3) IN (\'RTL\')\"}', '2021-12-07 05:56:41', NULL),
(29, 11, '623d205d2ff550f6cf4b4bfee2e5853a', 'smallbox', 'area2', 0, NULL, '{\"name\":\"Pending STS\",\"icon\":\"ion-cube\",\"color\":\"bg-aqua\",\"link\":\"https:\\/\\/dms.digitstrading.ph\\/public\\/admin\\/sts_history?q=PENDING\",\"sql\":\"SELECT COUNT(DISTINCT pos_pull.st_document_number) FROM `pos_pull` WHERE `pos_pull`.status=\\\"PENDING\\\" and `pos_pull`.channel_id IN (1)\"}', '2021-12-07 05:56:42', NULL),
(30, 11, '21f899ea028d31aa6bb9b34e2ddfae00', 'smallbox', 'area3', 0, NULL, '{\"name\":\"Pending STW\",\"icon\":\"ion-cube\",\"color\":\"bg-yellow\",\"link\":\"https:\\/\\/dms.digitstrading.ph\\/public\\/admin\\/pullout_history?filter_column%5Bpullout.wh_to%5D%5Btype%5D=%3D&filter_column%5Bpullout.wh_to%5D%5Bvalue%5D=DIGITSWAREHOUSE&filter_column%5Bpullout.status%5D%5Btype%5D=%3D&filter_column%5Bpullout.status%5D%5Bvalue%5D=PENDING&\",\"sql\":\"SELECT COUNT(DISTINCT pullout.st_document_number) FROM `pullout` WHERE `pullout`.status=\\\"PENDING\\\" and `pullout`.wh_to=\\\"DIGITSWAREHOUSE\\\" and `pullout`.channel_id in (1)\"}', '2021-12-07 05:56:43', NULL),
(31, 11, '5d0a90c50f88709fd5340f99e9e39dfe', 'smallbox', 'area4', 0, NULL, '{\"name\":\"Pending STR\",\"icon\":\"ion-cube\",\"color\":\"bg-aqua\",\"link\":\"https:\\/\\/dms.digitstrading.ph\\/public\\/admin\\/pullout_history?filter_column%5Bpullout.wh_to%5D%5Btype%5D=%3D&filter_column%5Bpullout.wh_to%5D%5Bvalue%5D=DIGITSRMA&filter_column%5Bpullout.status%5D%5Btype%5D=like&filter_column%5Bpullout.status%5D%5Bvalue%5D=PENDING&\",\"sql\":\"SELECT COUNT(DISTINCT pullout.st_document_number) FROM `pullout` WHERE `pullout`.status=\\\"PENDING\\\" and `pullout`.wh_to=\\\"DIGITSRMA\\\" and `pullout`.channel_id IN (1)\"}', '2021-12-07 05:56:44', NULL),
(32, 14, '21e2cc63bc57661f96c5dc58ece4b9c4', 'smallbox', 'area1', 0, NULL, '{\"name\":\"Pending DR\",\"icon\":\"ion-cube\",\"color\":\"bg-yellow\",\"link\":\"https:\\/\\/dms.digitstrading.ph\\/public\\/admin\\/deliveries?filter_column%5Bebs_pull.status%5D%5Btype%5D=%3D&filter_column%5Bebs_pull.status%5D%5Bvalue%5D=pending\",\"sql\":\"select COUNT(distinct dr_number) from ebs_pull where status=\'PENDING\' and SUBSTRING(customer_name,-3) IN (\'FBV\',\'FBD\',\'RTL\')\"}', '2021-12-10 08:59:23', NULL),
(33, 14, '9fb4421e5e418d79956e21d8dc969fc9', 'smallbox', 'area2', 0, NULL, '{\"name\":\"Pending STS\",\"icon\":\"ion-cube\",\"color\":\"bg-aqua\",\"link\":\"https:\\/\\/dms.digitstrading.ph\\/public\\/admin\\/sts_history?q=PENDING\",\"sql\":\"SELECT COUNT(DISTINCT pos_pull.st_document_number) FROM `pos_pull` WHERE `pos_pull`.status=\\\"PENDING\\\" and `pos_pull`.channel_id IN (1,4)\"}', '2021-12-10 08:59:24', NULL),
(34, 14, '11211661b145177e3482203fdebbcf9c', 'smallbox', 'area3', 0, NULL, '{\"name\":\"Pending STW\",\"icon\":\"ion-cube\",\"color\":\"bg-yellow\",\"link\":\"https:\\/\\/dms.digitstrading.ph\\/public\\/admin\\/pullout_history?filter_column%5Bpullout.wh_to%5D%5Btype%5D=%3D&filter_column%5Bpullout.wh_to%5D%5Bvalue%5D=DIGITSWAREHOUSE&filter_column%5Bpullout.status%5D%5Btype%5D=%3D&filter_column%5Bpullout.status%5D%5Bvalue%5D=PENDING&\",\"sql\":\"SELECT COUNT(DISTINCT pullout.st_document_number) FROM `pullout` WHERE `pullout`.status=\\\"PENDING\\\" and `pullout`.wh_to=\\\"DIGITSWAREHOUSE\\\" and `pullout`.channel_id in (1,4)\"}', '2021-12-10 08:59:25', NULL),
(35, 14, '21f423fdb08332029a34a9e6632dec77', 'smallbox', 'area4', 0, NULL, '{\"name\":\"Pending STR\",\"icon\":\"ion-cube\",\"color\":\"bg-aqua\",\"link\":\"https:\\/\\/dms.digitstrading.ph\\/public\\/admin\\/pullout_history?filter_column%5Bpullout.wh_to%5D%5Btype%5D=%3D&filter_column%5Bpullout.wh_to%5D%5Bvalue%5D=DIGITSRMA&filter_column%5Bpullout.status%5D%5Btype%5D=like&filter_column%5Bpullout.status%5D%5Bvalue%5D=PENDING&\",\"sql\":\"SELECT COUNT(DISTINCT pullout.st_document_number) FROM `pullout` WHERE `pullout`.status=\\\"PENDING\\\" and `pullout`.wh_to=\\\"DIGITSRMA\\\" and `pullout`.channel_id IN (1,4)\"}', '2021-12-10 08:59:26', NULL),
(36, 15, '5c00885ccc3f6e9d2b1cfbed4a891f28', 'smallbox', 'area1', 0, NULL, '{\"name\":\"Pending DR\",\"icon\":\"ion-cube\",\"color\":\"bg-yellow\",\"link\":\"https:\\/\\/dms.digitstrading.ph\\/public\\/admin\\/deliveries?filter_column%5Bebs_pull.status%5D%5Btype%5D=%3D&filter_column%5Bebs_pull.status%5D%5Bvalue%5D=pending\",\"sql\":\"select COUNT(distinct dr_number) from ebs_pull where status=\'PENDING\' and SUBSTRING(customer_name,-3) IN (\'FBV\',\'FBD\')\"}', '2021-12-10 10:05:42', NULL),
(37, 15, 'c271c5c004f443a83f72652bcd1aae11', 'smallbox', 'area2', 0, NULL, '{\"name\":\"Pending STS\",\"icon\":\"ion-cube\",\"color\":\"bg-aqua\",\"link\":\"https:\\/\\/dms.digitstrading.ph\\/public\\/admin\\/sts_history?q=PENDING\",\"sql\":\"SELECT COUNT(DISTINCT pos_pull.st_document_number) FROM `pos_pull` WHERE `pos_pull`.status=\\\"PENDING\\\" and `pos_pull`.channel_id IN (4)\"}', '2021-12-10 10:05:44', NULL),
(38, 15, 'b242a88feaddcaf8b7d5b793e341c246', 'smallbox', 'area3', 0, NULL, '{\"name\":\"Pending STW\",\"icon\":\"ion-cube\",\"color\":\"bg-yellow\",\"link\":\"https:\\/\\/dms.digitstrading.ph\\/public\\/admin\\/pullout_history?filter_column%5Bpullout.wh_to%5D%5Btype%5D=%3D&filter_column%5Bpullout.wh_to%5D%5Bvalue%5D=DIGITSWAREHOUSE&filter_column%5Bpullout.status%5D%5Btype%5D=%3D&filter_column%5Bpullout.status%5D%5Bvalue%5D=PENDING&\",\"sql\":\"SELECT COUNT(DISTINCT pullout.st_document_number) FROM `pullout` WHERE `pullout`.status=\\\"PENDING\\\" and `pullout`.wh_to=\\\"DIGITSWAREHOUSE\\\" and `pullout`.channel_id in (4)\"}', '2021-12-10 10:05:45', NULL),
(39, 15, '540e359103515bdd08e8a1b147ac1051', 'smallbox', 'area4', 0, NULL, '{\"name\":\"Pending STR\",\"icon\":\"ion-cube\",\"color\":\"bg-aqua\",\"link\":\"https:\\/\\/dms.digitstrading.ph\\/public\\/admin\\/pullout_history?filter_column%5Bpullout.wh_to%5D%5Btype%5D=%3D&filter_column%5Bpullout.wh_to%5D%5Bvalue%5D=DIGITSRMA&filter_column%5Bpullout.status%5D%5Btype%5D=like&filter_column%5Bpullout.status%5D%5Bvalue%5D=PENDING&\",\"sql\":\"SELECT COUNT(DISTINCT pullout.st_document_number) FROM `pullout` WHERE `pullout`.status=\\\"PENDING\\\" and `pullout`.wh_to=\\\"DIGITSRMA\\\" and `pullout`.channel_id IN (4)\"}', '2021-12-10 10:05:46', NULL),
(40, 16, 'f3dfce831097e944d60402f5d572eb8c', 'smallbox', 'area1', 0, NULL, '{\"name\":\"Received DR\",\"icon\":\"ion-cube\",\"color\":\"bg-green\",\"link\":\"https:\\/\\/dms.digitstrading.ph\\/public\\/admin\\/deliveries?filter_column%5Bebs_pull.status%5D%5Btype%5D=%3D&filter_column%5Bebs_pull.status%5D%5Bvalue%5D=received\",\"sql\":\"select COUNT(distinct dr_number) from ebs_pull where status=\'RECEIVED\'\"}', '2021-12-10 11:01:29', NULL),
(41, 16, 'd70705825e556505e99c71e488283c30', 'smallbox', 'area2', 0, NULL, '{\"name\":\"Received STS\",\"icon\":\"ion-cube\",\"color\":\"bg-aqua\",\"link\":\"https:\\/\\/dms.digitstrading.ph\\/public\\/admin\\/sts_history?q=RECEIVED\",\"sql\":\"SELECT COUNT(DISTINCT pos_pull.st_document_number) FROM `pos_pull` WHERE `pos_pull`.status=\\\"RECEIVED\\\"\"}', '2021-12-10 11:01:30', NULL),
(42, 16, '2c3940934b99543ed4312dda80203cba', 'smallbox', 'area3', 0, NULL, '{\"name\":\"Received STW\",\"icon\":\"ion-cube\",\"color\":\"bg-green\",\"link\":\"https:\\/\\/dms.digitstrading.ph\\/public\\/admin\\/pullout_history?filter_column%5Bpullout.wh_to%5D%5Btype%5D=%3D&filter_column%5Bpullout.wh_to%5D%5Bvalue%5D=DIGITSWAREHOUSE&filter_column%5Bpullout.status%5D%5Btype%5D=%3D&filter_column%5Bpullout.status%5D%5Bvalue%5D=RECEIVED&\",\"sql\":\"SELECT COUNT(DISTINCT pullout.st_document_number) FROM `pullout` WHERE `pullout`.status=\\\"RECEIVED\\\" and `pullout`.wh_to=\\\"DIGITSWAREHOUSE\\\"\"}', '2021-12-10 11:01:31', NULL),
(43, 16, 'f13970b65588e977b2bf549e2a76ae4b', 'smallbox', 'area4', 0, NULL, '{\"name\":\"Received STR\",\"icon\":\"ion-cube\",\"color\":\"bg-aqua\",\"link\":\"https:\\/\\/dms.digitstrading.ph\\/public\\/admin\\/pullout_history?filter_column%5Bpullout.wh_to%5D%5Btype%5D=%3D&filter_column%5Bpullout.wh_to%5D%5Bvalue%5D=DIGITSRMA&filter_column%5Bpullout.status%5D%5Btype%5D=like&filter_column%5Bpullout.status%5D%5Bvalue%5D=RECEIVED&\",\"sql\":\"SELECT COUNT(DISTINCT pullout.st_document_number) FROM `pullout` WHERE `pullout`.status=\\\"RECEIVED\\\" and `pullout`.wh_to=\\\"DIGITSRMA\\\"\"}', '2021-12-10 11:01:32', NULL),
(44, 16, '65317babecc1fca0c389e08fc7bf0fd9', 'chartarea', NULL, 0, 'Untitled', NULL, '2021-12-10 11:01:43', NULL),
(45, 16, '520984f81f79d53088f5d2826f1697c2', 'chartline', 'area5', 0, NULL, '{\"name\":\"Received DR Counter\",\"sql\":\"select COUNT(distinct dr_number) as value,date_format(received_at,\'%Y-%m-%d\') as label from ebs_pull where status=\'RECEIVED\' group by label order by label asc\",\"area_name\":\"Received DR\",\"goals\":\"0\"}', '2021-12-10 11:01:46', NULL),
(46, 17, '9bfa3ba851ffe7bb2a3189bf017540f4', 'smallbox', 'area1', 0, NULL, '{\"name\":\"Pending STW\",\"icon\":\"ion-cube\",\"color\":\"bg-yellow\",\"link\":\"https:\\/\\/dms.digitstrading.ph\\/public\\/admin\\/pullout_history?filter_column%5Bpullout.wh_to%5D%5Btype%5D=%3D&filter_column%5Bpullout.wh_to%5D%5Bvalue%5D=DIGITSWAREHOUSE&filter_column%5Bpullout.status%5D%5Btype%5D=%3D&filter_column%5Bpullout.status%5D%5Bvalue%5D=PENDING&\",\"sql\":\"SELECT COUNT(DISTINCT pullout.st_document_number) FROM `pullout` WHERE `pullout`.status=\\\"PENDING\\\" and `pullout`.wh_to=\\\"DIGITSWAREHOUSE\\\" and `pullout`.stores_id IN [admin_requestor_store]\"}', '2022-03-29 06:21:21', NULL),
(47, 17, 'cb04d4e249807da8518d64323b06464f', 'smallbox', 'area2', 0, NULL, '{\"name\":\"Pending STR\",\"icon\":\"ion-cube\",\"color\":\"bg-yellow\",\"link\":\"https:\\/\\/dms.digitstrading.ph\\/public\\/admin\\/pullout_history?filter_column%5Bpullout.wh_to%5D%5Btype%5D=%3D&filter_column%5Bpullout.wh_to%5D%5Bvalue%5D=DIGITSRMA&filter_column%5Bpullout.status%5D%5Btype%5D=like&filter_column%5Bpullout.status%5D%5Bvalue%5D=PENDING&\",\"sql\":\"SELECT COUNT(DISTINCT pullout.st_document_number) FROM `pullout` WHERE `pullout`.status=\\\"PENDING\\\" and `pullout`.wh_to=\\\"DIGITSRMA\\\" and `pullout`.stores_id IN [admin_requestor_store]\"}', '2022-03-29 06:21:22', NULL),
(48, 17, 'b3ae7a5a67c3d74865dc8ca00aa8ef97', 'smallbox', 'area3', 0, NULL, '{\"name\":\"Received STW\",\"icon\":\"ion-cube\",\"color\":\"bg-green\",\"link\":\"https:\\/\\/dms.digitstrading.ph\\/public\\/admin\\/pullout_history?filter_column%5Bpullout.wh_to%5D%5Btype%5D=%3D&filter_column%5Bpullout.wh_to%5D%5Bvalue%5D=DIGITSWAREHOUSE&filter_column%5Bpullout.status%5D%5Btype%5D=like&filter_column%5Bpullout.status%5D%5Bvalue%5D=RECEIVED&\",\"sql\":\"SELECT COUNT(DISTINCT pullout.st_document_number) FROM `pullout` WHERE `pullout`.status=\\\"RECEIVED\\\" and `pullout`.wh_to=\\\"DIGITSWAREHOUSE\\\" and `pullout`.stores_id IN [admin_requestor_store]\"}', '2022-03-29 06:21:25', NULL),
(49, 17, '5491acc059a7fb5fc2cc87df819c541a', 'smallbox', 'area4', 0, NULL, '{\"name\":\"Received STR\",\"icon\":\"ion-cube\",\"color\":\"bg-green\",\"link\":\"https:\\/\\/dms.digitstrading.ph\\/public\\/admin\\/pullout_history?filter_column%5Bpullout.wh_to%5D%5Btype%5D=%3D&filter_column%5Bpullout.wh_to%5D%5Bvalue%5D=DIGITSRMA&filter_column%5Bpullout.status%5D%5Btype%5D=like&filter_column%5Bpullout.status%5D%5Bvalue%5D=RECEIVED&\",\"sql\":\"SELECT COUNT(DISTINCT pullout.st_document_number) FROM `pullout` WHERE `pullout`.status=\\\"RECEIVED\\\" and `pullout`.wh_to=\\\"DIGITSRMA\\\" and `pullout`.stores_id IN [admin_requestor_store]\"}', '2022-03-29 06:21:27', NULL),
(50, 5, '5e810da5f97ea2db111b1c230a19e03f', 'smallbox', 'area3', 0, NULL, '{\"name\":\"Pending Trip Ticket\",\"icon\":\"ion-cube\",\"color\":\"bg-yellow\",\"link\":\"https:\\/\\/dms.digitstrading.ph\\/public\\/admin\\/trip_tickets\",\"sql\":\"SELECT COUNT(DISTINCT (trip_number)) FROM `trip_tickets` WHERE trip_ticket_statuses_id in (5,6)\"}', '2022-05-05 10:06:13', NULL),
(51, 5, 'a83bb12f4ad1227d6ff963b35eef8035', 'smallbox', 'area4', 0, NULL, '{\"name\":\"Backload Trip Ticket\",\"icon\":\"ion-cubes\",\"color\":\"bg-red\",\"link\":\"https:\\/\\/dms.digitstrading.ph\\/public\\/admin\\/trip_tickets\",\"sql\":\"SELECT COUNT(DISTINCT (trip_number)) FROM `trip_tickets` WHERE trip_ticket_statuses_id in (1,2)\"}', '2022-05-05 10:06:15', NULL);

-- --------------------------------------------------------

--
-- Table structure for table `code_counter`
--

CREATE TABLE `code_counter` (
  `id` int UNSIGNED NOT NULL,
  `pullout_refcode` int UNSIGNED NOT NULL DEFAULT '0',
  `sts_refcode` int UNSIGNED NOT NULL DEFAULT '0',
  `dr_refcode` int UNSIGNED NOT NULL DEFAULT '0',
  `trip_refcode` int UNSIGNED DEFAULT NULL,
  `status` enum('ACTIVE','INACTIVE') CHARACTER SET utf8mb4 COLLATE utf8mb4_unicode_ci DEFAULT 'ACTIVE',
  `created_by` int UNSIGNED DEFAULT NULL,
  `updated_by` int UNSIGNED DEFAULT NULL,
  `created_at` timestamp NULL DEFAULT NULL,
  `updated_at` timestamp NULL DEFAULT NULL,
  `deleted_at` timestamp NULL DEFAULT NULL
) ENGINE=InnoDB DEFAULT CHARSET=utf8mb4 COLLATE=utf8mb4_unicode_ci;

--
-- Dumping data for table `code_counter`
--

INSERT INTO `code_counter` (`id`, `pullout_refcode`, `sts_refcode`, `dr_refcode`, `trip_refcode`, `status`, `created_by`, `updated_by`, `created_at`, `updated_at`, `deleted_at`) VALUES
(1, 3519, 1, 1, 16072, 'ACTIVE', 1, NULL, '2021-03-01 06:34:08', '2024-02-23 04:06:13', NULL),
(2, 1, 1, 1, NULL, 'ACTIVE', 188, NULL, NULL, NULL, NULL),
(3, 6, 1, 1, NULL, 'ACTIVE', 188, NULL, NULL, NULL, NULL);

-- --------------------------------------------------------

--
-- Table structure for table `customer_type`
--

CREATE TABLE `customer_type` (
  `id` int UNSIGNED NOT NULL,
  `customer_type_code` varchar(5) CHARACTER SET utf8mb4 COLLATE utf8mb4_unicode_ci DEFAULT NULL,
  `customer_type_description` varchar(30) CHARACTER SET utf8mb4 COLLATE utf8mb4_unicode_ci DEFAULT NULL,
  `status` enum('ACTIVE','INACTIVE') CHARACTER SET utf8mb4 COLLATE utf8mb4_unicode_ci DEFAULT 'ACTIVE',
  `created_by` int UNSIGNED DEFAULT NULL,
  `updated_by` int UNSIGNED DEFAULT NULL,
  `created_at` timestamp NULL DEFAULT NULL,
  `updated_at` timestamp NULL DEFAULT NULL,
  `deleted_at` timestamp NULL DEFAULT NULL
) ENGINE=InnoDB DEFAULT CHARSET=utf8mb4 COLLATE=utf8mb4_unicode_ci;

--
-- Dumping data for table `customer_type`
--

INSERT INTO `customer_type` (`id`, `customer_type_code`, `customer_type_description`, `status`, `created_by`, `updated_by`, `created_at`, `updated_at`, `deleted_at`) VALUES
(1, 'SLE', 'CLEARANCE', 'ACTIVE', 1, NULL, '2021-03-16 06:21:00', NULL, NULL),
(2, 'CON', 'CONSIGNMENT', 'ACTIVE', 1, NULL, '2021-03-16 06:21:35', NULL, NULL),
(3, 'CRP', 'CORPORATE', 'ACTIVE', 1, NULL, '2021-03-16 06:21:50', NULL, NULL),
(4, 'DIG', 'DIGITS', 'ACTIVE', 1, NULL, '2021-03-16 06:21:59', NULL, NULL),
(5, 'DEP', 'DEPARTMENT', 'ACTIVE', 1, NULL, '2021-03-16 06:22:15', NULL, NULL),
(6, 'FRA', 'FRANCHISE', 'ACTIVE', 1, NULL, '2021-03-16 06:22:25', NULL, NULL),
(7, 'ONL', 'ONLINE', 'ACTIVE', 1, NULL, '2021-03-16 06:22:31', NULL, NULL),
(8, 'OUT', 'OURIGHT', 'ACTIVE', 1, NULL, '2021-03-16 06:22:36', NULL, NULL),
(9, 'RTL', 'RETAIL', 'ACTIVE', 1, NULL, '2021-03-16 06:23:21', NULL, NULL),
(10, 'SVC', 'SERVICE CENTER', 'ACTIVE', 1, 1, '2021-03-16 06:23:32', '2021-03-16 07:29:01', NULL),
(11, 'SUP', 'SUPPLIER', 'ACTIVE', 1, NULL, '2021-03-16 06:23:37', NULL, NULL),
(12, 'EEE', 'EMPLOYEE', 'ACTIVE', 1, NULL, '2021-03-16 06:23:44', NULL, NULL),
(13, 'BCI', 'TASTELESS', 'ACTIVE', 1, NULL, '2021-03-16 06:23:51', NULL, NULL);

-- --------------------------------------------------------

--
-- Table structure for table `distri_subinventories`
--

CREATE TABLE `distri_subinventories` (
  `id` int UNSIGNED NOT NULL,
  `subinventory` varchar(50) CHARACTER SET utf8mb4 COLLATE utf8mb4_unicode_ci DEFAULT NULL,
  `status` enum('ACTIVE','INACTIVE') CHARACTER SET utf8mb4 COLLATE utf8mb4_unicode_ci DEFAULT 'ACTIVE',
  `created_by` int UNSIGNED DEFAULT NULL,
  `updated_by` int UNSIGNED DEFAULT NULL,
  `created_at` timestamp NULL DEFAULT NULL,
  `updated_at` timestamp NULL DEFAULT NULL,
  `deleted_at` timestamp NULL DEFAULT NULL
) ENGINE=InnoDB DEFAULT CHARSET=utf8mb4 COLLATE=utf8mb4_unicode_ci;

--
-- Dumping data for table `distri_subinventories`
--

INSERT INTO `distri_subinventories` (`id`, `subinventory`, `status`, `created_by`, `updated_by`, `created_at`, `updated_at`, `deleted_at`) VALUES
(1, 'RUSTANS', 'ACTIVE', 1, NULL, '2022-04-13 08:16:51', NULL, NULL),
(2, 'ABENSON', 'ACTIVE', 1, NULL, '2022-04-13 08:16:51', NULL, NULL),
(3, 'ROX', 'ACTIVE', 1, NULL, '2022-04-13 08:16:51', NULL, NULL),
(4, 'PURE MOVE', 'ACTIVE', 1, NULL, '2022-04-13 08:16:51', NULL, NULL),
(5, 'SM DEPT', 'ACTIVE', 1, NULL, '2022-04-13 08:16:51', NULL, NULL),
(6, 'TOBYS', 'ACTIVE', 1, NULL, '2022-06-22 04:38:45', NULL, NULL),
(7, 'I STUDIO', 'ACTIVE', 1, NULL, '2022-07-22 00:49:51', NULL, NULL),
(8, 'SM APP', 'ACTIVE', 1, NULL, '2023-02-15 01:21:37', NULL, NULL),
(9, 'COMMONWLTH', 'ACTIVE', 1, NULL, '2023-03-21 05:37:34', NULL, NULL),
(10, 'DIGIMAP', 'ACTIVE', 1, NULL, '2024-01-30 06:43:39', NULL, NULL);

-- --------------------------------------------------------

--
-- Table structure for table `ebs_pull`
--

CREATE TABLE `ebs_pull` (
  `id` int UNSIGNED NOT NULL,
  `order_number` varchar(255) CHARACTER SET utf8mb4 COLLATE utf8mb4_unicode_ci DEFAULT NULL,
  `io_reference` varchar(100) CHARACTER SET utf8mb4 COLLATE utf8mb4_unicode_ci DEFAULT NULL,
  `line_number` int UNSIGNED DEFAULT NULL,
  `ordered_item` varchar(50) CHARACTER SET utf8mb4 COLLATE utf8mb4_unicode_ci DEFAULT NULL,
  `ordered_item_id` int UNSIGNED DEFAULT NULL,
  `has_serial` int UNSIGNED NOT NULL DEFAULT '0',
  `is_trade` int NOT NULL DEFAULT '1',
  `ordered_quantity` int UNSIGNED DEFAULT NULL,
  `shipped_quantity` int UNSIGNED DEFAULT NULL,
  `from_locator_name` varchar(255) CHARACTER SET utf8mb4 COLLATE utf8mb4_unicode_ci DEFAULT NULL,
  `customer_name` varchar(255) CHARACTER SET utf8mb4 COLLATE utf8mb4_unicode_ci DEFAULT NULL,
  `stores_id` int UNSIGNED DEFAULT NULL,
  `locator_id` int UNSIGNED DEFAULT NULL,
  `transaction_type` varchar(10) CHARACTER SET utf8mb4 COLLATE utf8mb4_unicode_ci DEFAULT NULL,
  `schedule_date` date DEFAULT NULL,
  `hand_carrier` varchar(60) CHARACTER SET utf8mb4 COLLATE utf8mb4_unicode_ci DEFAULT NULL,
  `transport_types_id` int UNSIGNED DEFAULT NULL,
  `dr_number` varchar(255) CHARACTER SET utf8mb4 COLLATE utf8mb4_unicode_ci DEFAULT NULL,
  `customer_po` varchar(255) CHARACTER SET utf8mb4 COLLATE utf8mb4_unicode_ci DEFAULT NULL,
  `shipping_instruction` varchar(255) CHARACTER SET utf8mb4 COLLATE utf8mb4_unicode_ci DEFAULT NULL,
  `st_document_number` varchar(25) CHARACTER SET utf8mb4 COLLATE utf8mb4_unicode_ci DEFAULT NULL,
  `si_document_number` varchar(25) CHARACTER SET utf8mb4 COLLATE utf8mb4_unicode_ci DEFAULT NULL,
  `ship_confirmed_date` datetime DEFAULT NULL,
  `serial1` varchar(255) CHARACTER SET utf8mb4 COLLATE utf8mb4_unicode_ci DEFAULT NULL,
  `serial2` varchar(255) CHARACTER SET utf8mb4 COLLATE utf8mb4_unicode_ci DEFAULT NULL,
  `serial3` varchar(255) CHARACTER SET utf8mb4 COLLATE utf8mb4_unicode_ci DEFAULT NULL,
  `serial4` varchar(255) CHARACTER SET utf8mb4 COLLATE utf8mb4_unicode_ci DEFAULT NULL,
  `serial5` varchar(255) CHARACTER SET utf8mb4 COLLATE utf8mb4_unicode_ci DEFAULT NULL,
  `serial6` varchar(255) CHARACTER SET utf8mb4 COLLATE utf8mb4_unicode_ci DEFAULT NULL,
  `serial7` varchar(255) CHARACTER SET utf8mb4 COLLATE utf8mb4_unicode_ci DEFAULT NULL,
  `serial8` varchar(255) CHARACTER SET utf8mb4 COLLATE utf8mb4_unicode_ci DEFAULT NULL,
  `serial9` varchar(255) CHARACTER SET utf8mb4 COLLATE utf8mb4_unicode_ci DEFAULT NULL,
  `serial10` varchar(255) CHARACTER SET utf8mb4 COLLATE utf8mb4_unicode_ci DEFAULT NULL,
  `serial11` varchar(255) CHARACTER SET utf8mb4 COLLATE utf8mb4_unicode_ci DEFAULT NULL,
  `serial12` varchar(255) CHARACTER SET utf8mb4 COLLATE utf8mb4_unicode_ci DEFAULT NULL,
  `serial13` varchar(255) CHARACTER SET utf8mb4 COLLATE utf8mb4_unicode_ci DEFAULT NULL,
  `serial14` varchar(255) CHARACTER SET utf8mb4 COLLATE utf8mb4_unicode_ci DEFAULT NULL,
  `serial15` varchar(255) CHARACTER SET utf8mb4 COLLATE utf8mb4_unicode_ci DEFAULT NULL,
  `status` varchar(20) CHARACTER SET utf8mb4 COLLATE utf8mb4_unicode_ci DEFAULT NULL,
  `data_pull_date` date DEFAULT NULL,
  `received_at` datetime DEFAULT NULL,
  `created_at` timestamp NULL DEFAULT NULL,
  `updated_at` timestamp NULL DEFAULT NULL,
  `deleted_at` timestamp NULL DEFAULT NULL
) ENGINE=InnoDB DEFAULT CHARSET=utf8mb4 COLLATE=utf8mb4_unicode_ci;

-- --------------------------------------------------------

--
-- Table structure for table `items`
--

CREATE TABLE `items` (
  `id` int UNSIGNED NOT NULL,
  `bea_item_id` varchar(100) CHARACTER SET utf8mb4 COLLATE utf8mb4_unicode_ci DEFAULT NULL,
  `digits_code` varchar(50) CHARACTER SET utf8mb4 COLLATE utf8mb4_unicode_ci NOT NULL,
  `upc_code` varchar(255) CHARACTER SET utf8mb4 COLLATE utf8mb4_unicode_ci DEFAULT NULL,
  `upc_code2` varchar(255) CHARACTER SET utf8mb4 COLLATE utf8mb4_unicode_ci DEFAULT NULL,
  `upc_code3` varchar(255) CHARACTER SET utf8mb4 COLLATE utf8mb4_unicode_ci DEFAULT NULL,
  `upc_code4` varchar(255) CHARACTER SET utf8mb4 COLLATE utf8mb4_unicode_ci DEFAULT NULL,
  `upc_code5` varchar(255) CHARACTER SET utf8mb4 COLLATE utf8mb4_unicode_ci DEFAULT NULL,
  `item_description` varchar(255) CHARACTER SET utf8mb4 COLLATE utf8mb4_unicode_ci DEFAULT NULL,
  `brand` varchar(255) CHARACTER SET utf8mb4 COLLATE utf8mb4_unicode_ci DEFAULT NULL,
  `has_serial` int UNSIGNED NOT NULL DEFAULT '0',
  `allowed_multi_serial` tinyint NOT NULL DEFAULT '0',
  `distri_reserve_qty` int UNSIGNED NOT NULL DEFAULT '0',
  `digimap_reserve_qty` int UNSIGNED NOT NULL DEFAULT '0',
  `commonwlth_reserve_qty` int UNSIGNED NOT NULL DEFAULT '0',
  `sm_app_reserve_qty` int UNSIGNED NOT NULL DEFAULT '0',
  `i_studio_reserve_qty` int UNSIGNED NOT NULL DEFAULT '0',
  `tobys_reserve_qty` int UNSIGNED NOT NULL DEFAULT '0',
  `rustans_reserve_qty` int UNSIGNED NOT NULL DEFAULT '0',
  `abenson_reserve_qty` int UNSIGNED NOT NULL DEFAULT '0',
  `rox_reserve_qty` int UNSIGNED NOT NULL DEFAULT '0',
  `pure_move_reserve_qty` int UNSIGNED NOT NULL DEFAULT '0',
  `sm_dept_reserve_qty` int UNSIGNED NOT NULL DEFAULT '0',
  `reserve_qty` int UNSIGNED NOT NULL DEFAULT '0',
  `lazada_reserve_qty` int UNSIGNED NOT NULL DEFAULT '0',
  `shopee_reserve_qty` int UNSIGNED NOT NULL DEFAULT '0',
  `20240301_tobys_reserved_qty` int UNSIGNED NOT NULL DEFAULT '0',
  `20240301_sm_dept_reserved_qty` int UNSIGNED NOT NULL DEFAULT '0',
  `20240301_sm_app_reserved_qty` int UNSIGNED NOT NULL DEFAULT '0',
  `20240301_rustans_reserved_qty` int UNSIGNED NOT NULL DEFAULT '0',
  `20240301_rox_reserved_qty` int UNSIGNED NOT NULL DEFAULT '0',
  `20240301_pure_move_reserved_qty` int UNSIGNED NOT NULL DEFAULT '0',
  `20240301_i_studio_reserved_qty` int UNSIGNED NOT NULL DEFAULT '0',
  `20240301_digimap_reserved_qty` int UNSIGNED NOT NULL DEFAULT '0',
  `20240301_commonwlth_reserved_qty` int UNSIGNED NOT NULL DEFAULT '0',
  `20240301_abenson_reserved_qty` int UNSIGNED NOT NULL DEFAULT '0',
  `20240301_reserved_qty` int UNSIGNED NOT NULL DEFAULT '0',
  `20240229_tobys_reserved_qty` int UNSIGNED NOT NULL DEFAULT '0',
  `20240229_sm_dept_reserved_qty` int UNSIGNED NOT NULL DEFAULT '0',
  `20240229_sm_app_reserved_qty` int UNSIGNED NOT NULL DEFAULT '0',
  `20240229_rustans_reserved_qty` int UNSIGNED NOT NULL DEFAULT '0',
  `20240229_rox_reserved_qty` int UNSIGNED NOT NULL DEFAULT '0',
  `20240229_pure_move_reserved_qty` int UNSIGNED NOT NULL DEFAULT '0',
  `20240229_i_studio_reserved_qty` int UNSIGNED NOT NULL DEFAULT '0',
  `20240229_digimap_reserved_qty` int UNSIGNED NOT NULL DEFAULT '0',
  `20240229_commonwlth_reserved_qty` int UNSIGNED NOT NULL DEFAULT '0',
  `20240229_abenson_reserved_qty` int UNSIGNED NOT NULL DEFAULT '0',
  `20240229_reserved_qty` int UNSIGNED NOT NULL DEFAULT '0',
  `20240228_tobys_reserved_qty` int UNSIGNED NOT NULL DEFAULT '0',
  `20240228_sm_dept_reserved_qty` int UNSIGNED NOT NULL DEFAULT '0',
  `20240228_sm_app_reserved_qty` int UNSIGNED NOT NULL DEFAULT '0',
  `20240228_rustans_reserved_qty` int UNSIGNED NOT NULL DEFAULT '0',
  `20240228_rox_reserved_qty` int UNSIGNED NOT NULL DEFAULT '0',
  `20240228_pure_move_reserved_qty` int UNSIGNED NOT NULL DEFAULT '0',
  `20240228_i_studio_reserved_qty` int UNSIGNED NOT NULL DEFAULT '0',
  `20240228_digimap_reserved_qty` int UNSIGNED NOT NULL DEFAULT '0',
  `20240228_commonwlth_reserved_qty` int UNSIGNED NOT NULL DEFAULT '0',
  `20240228_abenson_reserved_qty` int UNSIGNED NOT NULL DEFAULT '0',
  `20240228_reserved_qty` int UNSIGNED NOT NULL DEFAULT '0',
  `20240227_tobys_reserved_qty` int UNSIGNED NOT NULL DEFAULT '0',
  `20240227_sm_dept_reserved_qty` int UNSIGNED NOT NULL DEFAULT '0',
  `20240227_sm_app_reserved_qty` int UNSIGNED NOT NULL DEFAULT '0',
  `20240227_rustans_reserved_qty` int UNSIGNED NOT NULL DEFAULT '0',
  `20240227_rox_reserved_qty` int UNSIGNED NOT NULL DEFAULT '0',
  `20240227_pure_move_reserved_qty` int UNSIGNED NOT NULL DEFAULT '0',
  `20240227_i_studio_reserved_qty` int UNSIGNED NOT NULL DEFAULT '0',
  `20240227_digimap_reserved_qty` int UNSIGNED NOT NULL DEFAULT '0',
  `20240227_commonwlth_reserved_qty` int UNSIGNED NOT NULL DEFAULT '0',
  `20240227_abenson_reserved_qty` int UNSIGNED NOT NULL DEFAULT '0',
  `20240227_reserved_qty` int UNSIGNED NOT NULL DEFAULT '0',
  `20240226_tobys_reserved_qty` int UNSIGNED NOT NULL DEFAULT '0',
  `20240226_sm_dept_reserved_qty` int UNSIGNED NOT NULL DEFAULT '0',
  `20240226_sm_app_reserved_qty` int UNSIGNED NOT NULL DEFAULT '0',
  `20240226_rustans_reserved_qty` int UNSIGNED NOT NULL DEFAULT '0',
  `20240226_rox_reserved_qty` int UNSIGNED NOT NULL DEFAULT '0',
  `20240226_pure_move_reserved_qty` int UNSIGNED NOT NULL DEFAULT '0',
  `20240226_i_studio_reserved_qty` int UNSIGNED NOT NULL DEFAULT '0',
  `20240226_digimap_reserved_qty` int UNSIGNED NOT NULL DEFAULT '0',
  `20240226_commonwlth_reserved_qty` int UNSIGNED NOT NULL DEFAULT '0',
  `20240226_abenson_reserved_qty` int UNSIGNED NOT NULL DEFAULT '0',
  `20240226_reserved_qty` int UNSIGNED NOT NULL DEFAULT '0',
  `20240225_tobys_reserved_qty` int UNSIGNED NOT NULL DEFAULT '0',
  `20240225_sm_dept_reserved_qty` int UNSIGNED NOT NULL DEFAULT '0',
  `20240225_sm_app_reserved_qty` int UNSIGNED NOT NULL DEFAULT '0',
  `20240225_rustans_reserved_qty` int UNSIGNED NOT NULL DEFAULT '0',
  `20240225_rox_reserved_qty` int UNSIGNED NOT NULL DEFAULT '0',
  `20240225_pure_move_reserved_qty` int UNSIGNED NOT NULL DEFAULT '0',
  `20240225_i_studio_reserved_qty` int UNSIGNED NOT NULL DEFAULT '0',
  `20240225_digimap_reserved_qty` int UNSIGNED NOT NULL DEFAULT '0',
  `20240225_commonwlth_reserved_qty` int UNSIGNED NOT NULL DEFAULT '0',
  `20240225_abenson_reserved_qty` int UNSIGNED NOT NULL DEFAULT '0',
  `20240225_reserved_qty` int UNSIGNED NOT NULL DEFAULT '0',
  `20240224_tobys_reserved_qty` int UNSIGNED NOT NULL DEFAULT '0',
  `20240224_sm_dept_reserved_qty` int UNSIGNED NOT NULL DEFAULT '0',
  `20240224_sm_app_reserved_qty` int UNSIGNED NOT NULL DEFAULT '0',
  `20240224_rustans_reserved_qty` int UNSIGNED NOT NULL DEFAULT '0',
  `20240224_rox_reserved_qty` int UNSIGNED NOT NULL DEFAULT '0',
  `20240224_pure_move_reserved_qty` int UNSIGNED NOT NULL DEFAULT '0',
  `20240224_i_studio_reserved_qty` int UNSIGNED NOT NULL DEFAULT '0',
  `20240224_digimap_reserved_qty` int UNSIGNED NOT NULL DEFAULT '0',
  `20240224_commonwlth_reserved_qty` int UNSIGNED NOT NULL DEFAULT '0',
  `20240224_abenson_reserved_qty` int UNSIGNED NOT NULL DEFAULT '0',
  `20240224_reserved_qty` int UNSIGNED NOT NULL DEFAULT '0',
  `20240223_tobys_reserved_qty` int UNSIGNED NOT NULL DEFAULT '0',
  `20240223_sm_dept_reserved_qty` int UNSIGNED NOT NULL DEFAULT '0',
  `20240223_sm_app_reserved_qty` int UNSIGNED NOT NULL DEFAULT '0',
  `20240223_rustans_reserved_qty` int UNSIGNED NOT NULL DEFAULT '0',
  `20240223_rox_reserved_qty` int UNSIGNED NOT NULL DEFAULT '0',
  `20240223_pure_move_reserved_qty` int UNSIGNED NOT NULL DEFAULT '0',
  `20240223_i_studio_reserved_qty` int UNSIGNED NOT NULL DEFAULT '0',
  `20240223_digimap_reserved_qty` int UNSIGNED NOT NULL DEFAULT '0',
  `20240223_commonwlth_reserved_qty` int UNSIGNED NOT NULL DEFAULT '0',
  `20240223_abenson_reserved_qty` int UNSIGNED NOT NULL DEFAULT '0',
  `20240223_reserved_qty` int UNSIGNED NOT NULL DEFAULT '0',
  `20240222_tobys_reserved_qty` int UNSIGNED NOT NULL DEFAULT '0',
  `20240222_sm_dept_reserved_qty` int UNSIGNED NOT NULL DEFAULT '0',
  `20240222_sm_app_reserved_qty` int UNSIGNED NOT NULL DEFAULT '0',
  `20240222_rustans_reserved_qty` int UNSIGNED NOT NULL DEFAULT '0',
  `20240222_rox_reserved_qty` int UNSIGNED NOT NULL DEFAULT '0',
  `20240222_pure_move_reserved_qty` int UNSIGNED NOT NULL DEFAULT '0',
  `20240222_i_studio_reserved_qty` int UNSIGNED NOT NULL DEFAULT '0',
  `20240222_digimap_reserved_qty` int UNSIGNED NOT NULL DEFAULT '0',
  `20240222_commonwlth_reserved_qty` int UNSIGNED NOT NULL DEFAULT '0',
  `20240222_abenson_reserved_qty` int UNSIGNED NOT NULL DEFAULT '0',
  `20240222_reserved_qty` int UNSIGNED NOT NULL DEFAULT '0',
  `20240221_tobys_reserved_qty` int UNSIGNED NOT NULL DEFAULT '0',
  `20240221_sm_dept_reserved_qty` int UNSIGNED NOT NULL DEFAULT '0',
  `20240221_sm_app_reserved_qty` int UNSIGNED NOT NULL DEFAULT '0',
  `20240221_rustans_reserved_qty` int UNSIGNED NOT NULL DEFAULT '0',
  `20240221_rox_reserved_qty` int UNSIGNED NOT NULL DEFAULT '0',
  `20240221_pure_move_reserved_qty` int UNSIGNED NOT NULL DEFAULT '0',
  `20240221_i_studio_reserved_qty` int UNSIGNED NOT NULL DEFAULT '0',
  `20240221_digimap_reserved_qty` int UNSIGNED NOT NULL DEFAULT '0',
  `20240221_commonwlth_reserved_qty` int UNSIGNED NOT NULL DEFAULT '0',
  `20240221_abenson_reserved_qty` int UNSIGNED NOT NULL DEFAULT '0',
  `20240221_reserved_qty` int UNSIGNED NOT NULL DEFAULT '0',
  `20240220_tobys_reserved_qty` int UNSIGNED NOT NULL DEFAULT '0',
  `20240220_sm_dept_reserved_qty` int UNSIGNED NOT NULL DEFAULT '0',
  `20240220_sm_app_reserved_qty` int UNSIGNED NOT NULL DEFAULT '0',
  `20240220_rustans_reserved_qty` int UNSIGNED NOT NULL DEFAULT '0',
  `20240220_rox_reserved_qty` int UNSIGNED NOT NULL DEFAULT '0',
  `20240220_pure_move_reserved_qty` int UNSIGNED NOT NULL DEFAULT '0',
  `20240220_i_studio_reserved_qty` int UNSIGNED NOT NULL DEFAULT '0',
  `20240220_digimap_reserved_qty` int UNSIGNED NOT NULL DEFAULT '0',
  `20240220_commonwlth_reserved_qty` int UNSIGNED NOT NULL DEFAULT '0',
  `20240220_abenson_reserved_qty` int UNSIGNED NOT NULL DEFAULT '0',
  `20240220_reserved_qty` int UNSIGNED NOT NULL DEFAULT '0',
  `20240219_tobys_reserved_qty` int UNSIGNED NOT NULL DEFAULT '0',
  `20240219_sm_dept_reserved_qty` int UNSIGNED NOT NULL DEFAULT '0',
  `20240219_sm_app_reserved_qty` int UNSIGNED NOT NULL DEFAULT '0',
  `20240219_rustans_reserved_qty` int UNSIGNED NOT NULL DEFAULT '0',
  `20240219_rox_reserved_qty` int UNSIGNED NOT NULL DEFAULT '0',
  `20240219_pure_move_reserved_qty` int UNSIGNED NOT NULL DEFAULT '0',
  `20240219_i_studio_reserved_qty` int UNSIGNED NOT NULL DEFAULT '0',
  `20240219_digimap_reserved_qty` int UNSIGNED NOT NULL DEFAULT '0',
  `20240219_commonwlth_reserved_qty` int UNSIGNED NOT NULL DEFAULT '0',
  `20240219_abenson_reserved_qty` int UNSIGNED NOT NULL DEFAULT '0',
  `20240219_reserved_qty` int UNSIGNED NOT NULL DEFAULT '0',
  `20240218_tobys_reserved_qty` int UNSIGNED NOT NULL DEFAULT '0',
  `20240218_sm_dept_reserved_qty` int UNSIGNED NOT NULL DEFAULT '0',
  `20240218_sm_app_reserved_qty` int UNSIGNED NOT NULL DEFAULT '0',
  `20240218_rustans_reserved_qty` int UNSIGNED NOT NULL DEFAULT '0',
  `20240218_rox_reserved_qty` int UNSIGNED NOT NULL DEFAULT '0',
  `20240218_pure_move_reserved_qty` int UNSIGNED NOT NULL DEFAULT '0',
  `20240218_i_studio_reserved_qty` int UNSIGNED NOT NULL DEFAULT '0',
  `20240218_digimap_reserved_qty` int UNSIGNED NOT NULL DEFAULT '0',
  `20240218_commonwlth_reserved_qty` int UNSIGNED NOT NULL DEFAULT '0',
  `20240218_abenson_reserved_qty` int UNSIGNED NOT NULL DEFAULT '0',
  `20240218_reserved_qty` int UNSIGNED NOT NULL DEFAULT '0',
  `20240217_tobys_reserved_qty` int UNSIGNED NOT NULL DEFAULT '0',
  `20240217_sm_dept_reserved_qty` int UNSIGNED NOT NULL DEFAULT '0',
  `20240217_sm_app_reserved_qty` int UNSIGNED NOT NULL DEFAULT '0',
  `20240217_rustans_reserved_qty` int UNSIGNED NOT NULL DEFAULT '0',
  `20240217_rox_reserved_qty` int UNSIGNED NOT NULL DEFAULT '0',
  `20240217_pure_move_reserved_qty` int UNSIGNED NOT NULL DEFAULT '0',
  `20240217_i_studio_reserved_qty` int UNSIGNED NOT NULL DEFAULT '0',
  `20240217_digimap_reserved_qty` int UNSIGNED NOT NULL DEFAULT '0',
  `20240217_commonwlth_reserved_qty` int UNSIGNED NOT NULL DEFAULT '0',
  `20240217_abenson_reserved_qty` int UNSIGNED NOT NULL DEFAULT '0',
  `20240217_reserved_qty` int UNSIGNED NOT NULL DEFAULT '0',
  `20240216_tobys_reserved_qty` int UNSIGNED NOT NULL DEFAULT '0',
  `20240216_sm_dept_reserved_qty` int UNSIGNED NOT NULL DEFAULT '0',
  `20240216_sm_app_reserved_qty` int UNSIGNED NOT NULL DEFAULT '0',
  `20240216_rustans_reserved_qty` int UNSIGNED NOT NULL DEFAULT '0',
  `20240216_rox_reserved_qty` int UNSIGNED NOT NULL DEFAULT '0',
  `20240216_pure_move_reserved_qty` int UNSIGNED NOT NULL DEFAULT '0',
  `20240216_i_studio_reserved_qty` int UNSIGNED NOT NULL DEFAULT '0',
  `20240216_digimap_reserved_qty` int UNSIGNED NOT NULL DEFAULT '0',
  `20240216_commonwlth_reserved_qty` int UNSIGNED NOT NULL DEFAULT '0',
  `20240216_abenson_reserved_qty` int UNSIGNED NOT NULL DEFAULT '0',
  `20240216_reserved_qty` int UNSIGNED NOT NULL DEFAULT '0',
  `20240215_tobys_reserved_qty` int UNSIGNED NOT NULL DEFAULT '0',
  `20240215_sm_dept_reserved_qty` int UNSIGNED NOT NULL DEFAULT '0',
  `20240215_sm_app_reserved_qty` int UNSIGNED NOT NULL DEFAULT '0',
  `20240215_rustans_reserved_qty` int UNSIGNED NOT NULL DEFAULT '0',
  `20240215_rox_reserved_qty` int UNSIGNED NOT NULL DEFAULT '0',
  `20240215_pure_move_reserved_qty` int UNSIGNED NOT NULL DEFAULT '0',
  `20240215_i_studio_reserved_qty` int UNSIGNED NOT NULL DEFAULT '0',
  `20240215_digimap_reserved_qty` int UNSIGNED NOT NULL DEFAULT '0',
  `20240215_commonwlth_reserved_qty` int UNSIGNED NOT NULL DEFAULT '0',
  `20240215_abenson_reserved_qty` int UNSIGNED NOT NULL DEFAULT '0',
  `20240215_reserved_qty` int UNSIGNED NOT NULL DEFAULT '0',
  `20240214_tobys_reserved_qty` int UNSIGNED NOT NULL DEFAULT '0',
  `20240214_sm_dept_reserved_qty` int UNSIGNED NOT NULL DEFAULT '0',
  `20240214_sm_app_reserved_qty` int UNSIGNED NOT NULL DEFAULT '0',
  `20240214_rustans_reserved_qty` int UNSIGNED NOT NULL DEFAULT '0',
  `20240214_rox_reserved_qty` int UNSIGNED NOT NULL DEFAULT '0',
  `20240214_pure_move_reserved_qty` int UNSIGNED NOT NULL DEFAULT '0',
  `20240214_i_studio_reserved_qty` int UNSIGNED NOT NULL DEFAULT '0',
  `20240214_digimap_reserved_qty` int UNSIGNED NOT NULL DEFAULT '0',
  `20240214_commonwlth_reserved_qty` int UNSIGNED NOT NULL DEFAULT '0',
  `20240214_abenson_reserved_qty` int UNSIGNED NOT NULL DEFAULT '0',
  `20240214_reserved_qty` int UNSIGNED NOT NULL DEFAULT '0',
  `20240213_tobys_reserved_qty` int UNSIGNED NOT NULL DEFAULT '0',
  `20240213_sm_dept_reserved_qty` int UNSIGNED NOT NULL DEFAULT '0',
  `20240213_sm_app_reserved_qty` int UNSIGNED NOT NULL DEFAULT '0',
  `20240213_rustans_reserved_qty` int UNSIGNED NOT NULL DEFAULT '0',
  `20240213_rox_reserved_qty` int UNSIGNED NOT NULL DEFAULT '0',
  `20240213_pure_move_reserved_qty` int UNSIGNED NOT NULL DEFAULT '0',
  `20240213_i_studio_reserved_qty` int UNSIGNED NOT NULL DEFAULT '0',
  `20240213_digimap_reserved_qty` int UNSIGNED NOT NULL DEFAULT '0',
  `20240213_commonwlth_reserved_qty` int UNSIGNED NOT NULL DEFAULT '0',
  `20240213_abenson_reserved_qty` int UNSIGNED NOT NULL DEFAULT '0',
  `20240213_reserved_qty` int UNSIGNED NOT NULL DEFAULT '0',
  `20240212_tobys_reserved_qty` int UNSIGNED NOT NULL DEFAULT '0',
  `20240212_sm_dept_reserved_qty` int UNSIGNED NOT NULL DEFAULT '0',
  `20240212_sm_app_reserved_qty` int UNSIGNED NOT NULL DEFAULT '0',
  `20240212_rustans_reserved_qty` int UNSIGNED NOT NULL DEFAULT '0',
  `20240212_rox_reserved_qty` int UNSIGNED NOT NULL DEFAULT '0',
  `20240212_pure_move_reserved_qty` int UNSIGNED NOT NULL DEFAULT '0',
  `20240212_i_studio_reserved_qty` int UNSIGNED NOT NULL DEFAULT '0',
  `20240212_digimap_reserved_qty` int UNSIGNED NOT NULL DEFAULT '0',
  `20240212_commonwlth_reserved_qty` int UNSIGNED NOT NULL DEFAULT '0',
  `20240212_abenson_reserved_qty` int UNSIGNED NOT NULL DEFAULT '0',
  `20240212_reserved_qty` int UNSIGNED NOT NULL DEFAULT '0',
  `20240211_tobys_reserved_qty` int UNSIGNED NOT NULL DEFAULT '0',
  `20240211_sm_dept_reserved_qty` int UNSIGNED NOT NULL DEFAULT '0',
  `20240211_sm_app_reserved_qty` int UNSIGNED NOT NULL DEFAULT '0',
  `20240211_rustans_reserved_qty` int UNSIGNED NOT NULL DEFAULT '0',
  `20240211_rox_reserved_qty` int UNSIGNED NOT NULL DEFAULT '0',
  `20240211_pure_move_reserved_qty` int UNSIGNED NOT NULL DEFAULT '0',
  `20240211_i_studio_reserved_qty` int UNSIGNED NOT NULL DEFAULT '0',
  `20240211_digimap_reserved_qty` int UNSIGNED NOT NULL DEFAULT '0',
  `20240211_commonwlth_reserved_qty` int UNSIGNED NOT NULL DEFAULT '0',
  `20240211_abenson_reserved_qty` int UNSIGNED NOT NULL DEFAULT '0',
  `20240211_reserved_qty` int UNSIGNED NOT NULL DEFAULT '0',
  `20240210_abenson_reserved_qty` int UNSIGNED NOT NULL DEFAULT '0',
  `20240210_reserved_qty` int UNSIGNED NOT NULL DEFAULT '0',
  `20240209_tobys_reserved_qty` int UNSIGNED NOT NULL DEFAULT '0',
  `20240209_sm_dept_reserved_qty` int UNSIGNED NOT NULL DEFAULT '0',
  `20240209_sm_app_reserved_qty` int UNSIGNED NOT NULL DEFAULT '0',
  `20240209_rustans_reserved_qty` int UNSIGNED NOT NULL DEFAULT '0',
  `20240209_rox_reserved_qty` int UNSIGNED NOT NULL DEFAULT '0',
  `20240209_pure_move_reserved_qty` int UNSIGNED NOT NULL DEFAULT '0',
  `20240209_i_studio_reserved_qty` int UNSIGNED NOT NULL DEFAULT '0',
  `20240209_digimap_reserved_qty` int UNSIGNED NOT NULL DEFAULT '0',
  `20240209_commonwlth_reserved_qty` int UNSIGNED NOT NULL DEFAULT '0',
  `20240209_abenson_reserved_qty` int UNSIGNED NOT NULL DEFAULT '0',
  `20240209_reserved_qty` int UNSIGNED NOT NULL DEFAULT '0',
  `20240208_tobys_reserved_qty` int UNSIGNED NOT NULL DEFAULT '0',
  `20240208_sm_dept_reserved_qty` int UNSIGNED NOT NULL DEFAULT '0',
  `20240208_sm_app_reserved_qty` int UNSIGNED NOT NULL DEFAULT '0',
  `20240208_rustans_reserved_qty` int UNSIGNED NOT NULL DEFAULT '0',
  `20240208_rox_reserved_qty` int UNSIGNED NOT NULL DEFAULT '0',
  `20240208_pure_move_reserved_qty` int UNSIGNED NOT NULL DEFAULT '0',
  `20240208_i_studio_reserved_qty` int UNSIGNED NOT NULL DEFAULT '0',
  `20240208_digimap_reserved_qty` int UNSIGNED NOT NULL DEFAULT '0',
  `20240208_commonwlth_reserved_qty` int UNSIGNED NOT NULL DEFAULT '0',
  `20240208_abenson_reserved_qty` int UNSIGNED NOT NULL DEFAULT '0',
  `20240208_reserved_qty` int UNSIGNED NOT NULL DEFAULT '0',
  `20240207_tobys_reserved_qty` int UNSIGNED NOT NULL DEFAULT '0',
  `20240207_sm_dept_reserved_qty` int UNSIGNED NOT NULL DEFAULT '0',
  `20240207_sm_app_reserved_qty` int UNSIGNED NOT NULL DEFAULT '0',
  `20240207_rustans_reserved_qty` int UNSIGNED NOT NULL DEFAULT '0',
  `20240207_rox_reserved_qty` int UNSIGNED NOT NULL DEFAULT '0',
  `20240207_pure_move_reserved_qty` int UNSIGNED NOT NULL DEFAULT '0',
  `20240207_i_studio_reserved_qty` int UNSIGNED NOT NULL DEFAULT '0',
  `20240207_digimap_reserved_qty` int UNSIGNED NOT NULL DEFAULT '0',
  `20240207_commonwlth_reserved_qty` int UNSIGNED NOT NULL DEFAULT '0',
  `20240207_abenson_reserved_qty` int UNSIGNED NOT NULL DEFAULT '0',
  `20240207_reserved_qty` int UNSIGNED NOT NULL DEFAULT '0',
  `20240206_tobys_reserved_qty` int UNSIGNED NOT NULL DEFAULT '0',
  `20240206_sm_dept_reserved_qty` int UNSIGNED NOT NULL DEFAULT '0',
  `20240206_sm_app_reserved_qty` int UNSIGNED NOT NULL DEFAULT '0',
  `20240206_rustans_reserved_qty` int UNSIGNED NOT NULL DEFAULT '0',
  `20240206_rox_reserved_qty` int UNSIGNED NOT NULL DEFAULT '0',
  `20240206_pure_move_reserved_qty` int UNSIGNED NOT NULL DEFAULT '0',
  `20240206_i_studio_reserved_qty` int UNSIGNED NOT NULL DEFAULT '0',
  `20240206_digimap_reserved_qty` int UNSIGNED NOT NULL DEFAULT '0',
  `20240206_commonwlth_reserved_qty` int UNSIGNED NOT NULL DEFAULT '0',
  `20240206_abenson_reserved_qty` int UNSIGNED NOT NULL DEFAULT '0',
  `20240206_reserved_qty` int UNSIGNED NOT NULL DEFAULT '0',
  `20240205_tobys_reserved_qty` int UNSIGNED NOT NULL DEFAULT '0',
  `20240205_sm_dept_reserved_qty` int UNSIGNED NOT NULL DEFAULT '0',
  `20240205_sm_app_reserved_qty` int UNSIGNED NOT NULL DEFAULT '0',
  `20240205_rustans_reserved_qty` int UNSIGNED NOT NULL DEFAULT '0',
  `20240205_rox_reserved_qty` int UNSIGNED NOT NULL DEFAULT '0',
  `20240205_pure_move_reserved_qty` int UNSIGNED NOT NULL DEFAULT '0',
  `20240205_i_studio_reserved_qty` int UNSIGNED NOT NULL DEFAULT '0',
  `20240205_digimap_reserved_qty` int UNSIGNED NOT NULL DEFAULT '0',
  `20240205_commonwlth_reserved_qty` int UNSIGNED NOT NULL DEFAULT '0',
  `20240205_abenson_reserved_qty` int UNSIGNED NOT NULL DEFAULT '0',
  `20240205_reserved_qty` int UNSIGNED NOT NULL DEFAULT '0',
  `20240204_tobys_reserved_qty` int UNSIGNED NOT NULL DEFAULT '0',
  `20240204_sm_dept_reserved_qty` int UNSIGNED NOT NULL DEFAULT '0',
  `20240204_sm_app_reserved_qty` int UNSIGNED NOT NULL DEFAULT '0',
  `20240204_rustans_reserved_qty` int UNSIGNED NOT NULL DEFAULT '0',
  `20240204_rox_reserved_qty` int UNSIGNED NOT NULL DEFAULT '0',
  `20240204_pure_move_reserved_qty` int UNSIGNED NOT NULL DEFAULT '0',
  `20240204_i_studio_reserved_qty` int UNSIGNED NOT NULL DEFAULT '0',
  `20240204_digimap_reserved_qty` int UNSIGNED NOT NULL DEFAULT '0',
  `20240204_commonwlth_reserved_qty` int UNSIGNED NOT NULL DEFAULT '0',
  `20240204_abenson_reserved_qty` int UNSIGNED NOT NULL DEFAULT '0',
  `20240204_reserved_qty` int UNSIGNED NOT NULL DEFAULT '0',
  `20240203_tobys_reserved_qty` int UNSIGNED NOT NULL DEFAULT '0',
  `20240203_sm_dept_reserved_qty` int UNSIGNED NOT NULL DEFAULT '0',
  `20240203_sm_app_reserved_qty` int UNSIGNED NOT NULL DEFAULT '0',
  `20240203_rustans_reserved_qty` int UNSIGNED NOT NULL DEFAULT '0',
  `20240203_rox_reserved_qty` int UNSIGNED NOT NULL DEFAULT '0',
  `20240203_pure_move_reserved_qty` int UNSIGNED NOT NULL DEFAULT '0',
  `20240203_i_studio_reserved_qty` int UNSIGNED NOT NULL DEFAULT '0',
  `20240203_digimap_reserved_qty` int UNSIGNED NOT NULL DEFAULT '0',
  `20240203_commonwlth_reserved_qty` int UNSIGNED NOT NULL DEFAULT '0',
  `20240203_abenson_reserved_qty` int UNSIGNED NOT NULL DEFAULT '0',
  `20240203_reserved_qty` int UNSIGNED NOT NULL DEFAULT '0',
  `20240202_tobys_reserved_qty` int UNSIGNED NOT NULL DEFAULT '0',
  `20240202_sm_dept_reserved_qty` int UNSIGNED NOT NULL DEFAULT '0',
  `20240202_sm_app_reserved_qty` int UNSIGNED NOT NULL DEFAULT '0',
  `20240202_rustans_reserved_qty` int UNSIGNED NOT NULL DEFAULT '0',
  `20240202_rox_reserved_qty` int UNSIGNED NOT NULL DEFAULT '0',
  `20240202_pure_move_reserved_qty` int UNSIGNED NOT NULL DEFAULT '0',
  `20240202_i_studio_reserved_qty` int UNSIGNED NOT NULL DEFAULT '0',
  `20240202_digimap_reserved_qty` int UNSIGNED NOT NULL DEFAULT '0',
  `20240202_commonwlth_reserved_qty` int UNSIGNED NOT NULL DEFAULT '0',
  `20240202_abenson_reserved_qty` int UNSIGNED NOT NULL DEFAULT '0',
  `20240202_reserved_qty` int UNSIGNED NOT NULL DEFAULT '0',
  `20240201_tobys_reserved_qty` int UNSIGNED NOT NULL DEFAULT '0',
  `20240201_sm_dept_reserved_qty` int UNSIGNED NOT NULL DEFAULT '0',
  `20240201_sm_app_reserved_qty` int UNSIGNED NOT NULL DEFAULT '0',
  `20240201_rustans_reserved_qty` int UNSIGNED NOT NULL DEFAULT '0',
  `20240201_rox_reserved_qty` int UNSIGNED NOT NULL DEFAULT '0',
  `20240201_pure_move_reserved_qty` int UNSIGNED NOT NULL DEFAULT '0',
  `20240201_i_studio_reserved_qty` int UNSIGNED NOT NULL DEFAULT '0',
  `20240201_digimap_reserved_qty` int UNSIGNED NOT NULL DEFAULT '0',
  `20240201_commonwlth_reserved_qty` int UNSIGNED NOT NULL DEFAULT '0',
  `20240201_abenson_reserved_qty` int UNSIGNED NOT NULL DEFAULT '0',
  `20240201_reserved_qty` int UNSIGNED NOT NULL DEFAULT '0',
  `20240131_tobys_reserved_qty` int UNSIGNED NOT NULL DEFAULT '0',
  `20240131_sm_dept_reserved_qty` int UNSIGNED NOT NULL DEFAULT '0',
  `20240131_sm_app_reserved_qty` int UNSIGNED NOT NULL DEFAULT '0',
  `20240131_rustans_reserved_qty` int UNSIGNED NOT NULL DEFAULT '0',
  `20240131_rox_reserved_qty` int UNSIGNED NOT NULL DEFAULT '0',
  `20240131_pure_move_reserved_qty` int UNSIGNED NOT NULL DEFAULT '0',
  `20240131_i_studio_reserved_qty` int UNSIGNED NOT NULL DEFAULT '0',
  `20240131_digimap_reserved_qty` int UNSIGNED NOT NULL DEFAULT '0',
  `20240131_commonwlth_reserved_qty` int UNSIGNED NOT NULL DEFAULT '0',
  `20240131_abenson_reserved_qty` int UNSIGNED NOT NULL DEFAULT '0',
  `20240131_reserved_qty` int UNSIGNED NOT NULL DEFAULT '0',
  `20240130_tobys_reserved_qty` int UNSIGNED NOT NULL DEFAULT '0',
  `20240130_sm_dept_reserved_qty` int UNSIGNED NOT NULL DEFAULT '0',
  `20240130_sm_app_reserved_qty` int UNSIGNED NOT NULL DEFAULT '0',
  `20240130_rustans_reserved_qty` int UNSIGNED NOT NULL DEFAULT '0',
  `20240130_rox_reserved_qty` int UNSIGNED NOT NULL DEFAULT '0',
  `20240130_pure_move_reserved_qty` int UNSIGNED NOT NULL DEFAULT '0',
  `20240130_i_studio_reserved_qty` int UNSIGNED NOT NULL DEFAULT '0',
  `20240130_commonwlth_reserved_qty` int UNSIGNED NOT NULL DEFAULT '0',
  `20240130_abenson_reserved_qty` int UNSIGNED NOT NULL DEFAULT '0',
  `20240130_reserved_qty` int UNSIGNED NOT NULL DEFAULT '0',
  `20240129_tobys_reserved_qty` int UNSIGNED NOT NULL DEFAULT '0',
  `20240129_sm_dept_reserved_qty` int UNSIGNED NOT NULL DEFAULT '0',
  `20240129_sm_app_reserved_qty` int UNSIGNED NOT NULL DEFAULT '0',
  `20240129_rustans_reserved_qty` int UNSIGNED NOT NULL DEFAULT '0',
  `20240129_rox_reserved_qty` int UNSIGNED NOT NULL DEFAULT '0',
  `20240129_pure_move_reserved_qty` int UNSIGNED NOT NULL DEFAULT '0',
  `20240129_i_studio_reserved_qty` int UNSIGNED NOT NULL DEFAULT '0',
  `20240129_commonwlth_reserved_qty` int UNSIGNED NOT NULL DEFAULT '0',
  `20240129_abenson_reserved_qty` int UNSIGNED NOT NULL DEFAULT '0',
  `20240129_reserved_qty` int UNSIGNED NOT NULL DEFAULT '0',
  `20240128_tobys_reserved_qty` int UNSIGNED NOT NULL DEFAULT '0',
  `20240128_sm_dept_reserved_qty` int UNSIGNED NOT NULL DEFAULT '0',
  `20240128_sm_app_reserved_qty` int UNSIGNED NOT NULL DEFAULT '0',
  `20240128_rustans_reserved_qty` int UNSIGNED NOT NULL DEFAULT '0',
  `20240128_rox_reserved_qty` int UNSIGNED NOT NULL DEFAULT '0',
  `20240128_pure_move_reserved_qty` int UNSIGNED NOT NULL DEFAULT '0',
  `20240128_i_studio_reserved_qty` int UNSIGNED NOT NULL DEFAULT '0',
  `20240128_commonwlth_reserved_qty` int UNSIGNED NOT NULL DEFAULT '0',
  `20240128_abenson_reserved_qty` int UNSIGNED NOT NULL DEFAULT '0',
  `20240128_reserved_qty` int UNSIGNED NOT NULL DEFAULT '0',
  `store_cost` decimal(16,2) DEFAULT NULL,
  `created_by` int UNSIGNED DEFAULT NULL,
  `updated_by` int UNSIGNED DEFAULT NULL,
  `created_at` timestamp NULL DEFAULT NULL,
  `updated_at` timestamp NULL DEFAULT NULL,
  `deleted_at` timestamp NULL DEFAULT NULL
) ENGINE=InnoDB DEFAULT CHARSET=utf8mb4 COLLATE=utf8mb4_unicode_ci;

--
-- Dumping data for table `items`
--

INSERT INTO `items` (`id`, `bea_item_id`, `digits_code`, `upc_code`, `upc_code2`, `upc_code3`, `upc_code4`, `upc_code5`, `item_description`, `brand`, `has_serial`, `allowed_multi_serial`, `distri_reserve_qty`, `digimap_reserve_qty`, `commonwlth_reserve_qty`, `sm_app_reserve_qty`, `i_studio_reserve_qty`, `tobys_reserve_qty`, `rustans_reserve_qty`, `abenson_reserve_qty`, `rox_reserve_qty`, `pure_move_reserve_qty`, `sm_dept_reserve_qty`, `reserve_qty`, `lazada_reserve_qty`, `shopee_reserve_qty`, `20240301_tobys_reserved_qty`, `20240301_sm_dept_reserved_qty`, `20240301_sm_app_reserved_qty`, `20240301_rustans_reserved_qty`, `20240301_rox_reserved_qty`, `20240301_pure_move_reserved_qty`, `20240301_i_studio_reserved_qty`, `20240301_digimap_reserved_qty`, `20240301_commonwlth_reserved_qty`, `20240301_abenson_reserved_qty`, `20240301_reserved_qty`, `20240229_tobys_reserved_qty`, `20240229_sm_dept_reserved_qty`, `20240229_sm_app_reserved_qty`, `20240229_rustans_reserved_qty`, `20240229_rox_reserved_qty`, `20240229_pure_move_reserved_qty`, `20240229_i_studio_reserved_qty`, `20240229_digimap_reserved_qty`, `20240229_commonwlth_reserved_qty`, `20240229_abenson_reserved_qty`, `20240229_reserved_qty`, `20240228_tobys_reserved_qty`, `20240228_sm_dept_reserved_qty`, `20240228_sm_app_reserved_qty`, `20240228_rustans_reserved_qty`, `20240228_rox_reserved_qty`, `20240228_pure_move_reserved_qty`, `20240228_i_studio_reserved_qty`, `20240228_digimap_reserved_qty`, `20240228_commonwlth_reserved_qty`, `20240228_abenson_reserved_qty`, `20240228_reserved_qty`, `20240227_tobys_reserved_qty`, `20240227_sm_dept_reserved_qty`, `20240227_sm_app_reserved_qty`, `20240227_rustans_reserved_qty`, `20240227_rox_reserved_qty`, `20240227_pure_move_reserved_qty`, `20240227_i_studio_reserved_qty`, `20240227_digimap_reserved_qty`, `20240227_commonwlth_reserved_qty`, `20240227_abenson_reserved_qty`, `20240227_reserved_qty`, `20240226_tobys_reserved_qty`, `20240226_sm_dept_reserved_qty`, `20240226_sm_app_reserved_qty`, `20240226_rustans_reserved_qty`, `20240226_rox_reserved_qty`, `20240226_pure_move_reserved_qty`, `20240226_i_studio_reserved_qty`, `20240226_digimap_reserved_qty`, `20240226_commonwlth_reserved_qty`, `20240226_abenson_reserved_qty`, `20240226_reserved_qty`, `20240225_tobys_reserved_qty`, `20240225_sm_dept_reserved_qty`, `20240225_sm_app_reserved_qty`, `20240225_rustans_reserved_qty`, `20240225_rox_reserved_qty`, `20240225_pure_move_reserved_qty`, `20240225_i_studio_reserved_qty`, `20240225_digimap_reserved_qty`, `20240225_commonwlth_reserved_qty`, `20240225_abenson_reserved_qty`, `20240225_reserved_qty`, `20240224_tobys_reserved_qty`, `20240224_sm_dept_reserved_qty`, `20240224_sm_app_reserved_qty`, `20240224_rustans_reserved_qty`, `20240224_rox_reserved_qty`, `20240224_pure_move_reserved_qty`, `20240224_i_studio_reserved_qty`, `20240224_digimap_reserved_qty`, `20240224_commonwlth_reserved_qty`, `20240224_abenson_reserved_qty`, `20240224_reserved_qty`, `20240223_tobys_reserved_qty`, `20240223_sm_dept_reserved_qty`, `20240223_sm_app_reserved_qty`, `20240223_rustans_reserved_qty`, `20240223_rox_reserved_qty`, `20240223_pure_move_reserved_qty`, `20240223_i_studio_reserved_qty`, `20240223_digimap_reserved_qty`, `20240223_commonwlth_reserved_qty`, `20240223_abenson_reserved_qty`, `20240223_reserved_qty`, `20240222_tobys_reserved_qty`, `20240222_sm_dept_reserved_qty`, `20240222_sm_app_reserved_qty`, `20240222_rustans_reserved_qty`, `20240222_rox_reserved_qty`, `20240222_pure_move_reserved_qty`, `20240222_i_studio_reserved_qty`, `20240222_digimap_reserved_qty`, `20240222_commonwlth_reserved_qty`, `20240222_abenson_reserved_qty`, `20240222_reserved_qty`, `20240221_tobys_reserved_qty`, `20240221_sm_dept_reserved_qty`, `20240221_sm_app_reserved_qty`, `20240221_rustans_reserved_qty`, `20240221_rox_reserved_qty`, `20240221_pure_move_reserved_qty`, `20240221_i_studio_reserved_qty`, `20240221_digimap_reserved_qty`, `20240221_commonwlth_reserved_qty`, `20240221_abenson_reserved_qty`, `20240221_reserved_qty`, `20240220_tobys_reserved_qty`, `20240220_sm_dept_reserved_qty`, `20240220_sm_app_reserved_qty`, `20240220_rustans_reserved_qty`, `20240220_rox_reserved_qty`, `20240220_pure_move_reserved_qty`, `20240220_i_studio_reserved_qty`, `20240220_digimap_reserved_qty`, `20240220_commonwlth_reserved_qty`, `20240220_abenson_reserved_qty`, `20240220_reserved_qty`, `20240219_tobys_reserved_qty`, `20240219_sm_dept_reserved_qty`, `20240219_sm_app_reserved_qty`, `20240219_rustans_reserved_qty`, `20240219_rox_reserved_qty`, `20240219_pure_move_reserved_qty`, `20240219_i_studio_reserved_qty`, `20240219_digimap_reserved_qty`, `20240219_commonwlth_reserved_qty`, `20240219_abenson_reserved_qty`, `20240219_reserved_qty`, `20240218_tobys_reserved_qty`, `20240218_sm_dept_reserved_qty`, `20240218_sm_app_reserved_qty`, `20240218_rustans_reserved_qty`, `20240218_rox_reserved_qty`, `20240218_pure_move_reserved_qty`, `20240218_i_studio_reserved_qty`, `20240218_digimap_reserved_qty`, `20240218_commonwlth_reserved_qty`, `20240218_abenson_reserved_qty`, `20240218_reserved_qty`, `20240217_tobys_reserved_qty`, `20240217_sm_dept_reserved_qty`, `20240217_sm_app_reserved_qty`, `20240217_rustans_reserved_qty`, `20240217_rox_reserved_qty`, `20240217_pure_move_reserved_qty`, `20240217_i_studio_reserved_qty`, `20240217_digimap_reserved_qty`, `20240217_commonwlth_reserved_qty`, `20240217_abenson_reserved_qty`, `20240217_reserved_qty`, `20240216_tobys_reserved_qty`, `20240216_sm_dept_reserved_qty`, `20240216_sm_app_reserved_qty`, `20240216_rustans_reserved_qty`, `20240216_rox_reserved_qty`, `20240216_pure_move_reserved_qty`, `20240216_i_studio_reserved_qty`, `20240216_digimap_reserved_qty`, `20240216_commonwlth_reserved_qty`, `20240216_abenson_reserved_qty`, `20240216_reserved_qty`, `20240215_tobys_reserved_qty`, `20240215_sm_dept_reserved_qty`, `20240215_sm_app_reserved_qty`, `20240215_rustans_reserved_qty`, `20240215_rox_reserved_qty`, `20240215_pure_move_reserved_qty`, `20240215_i_studio_reserved_qty`, `20240215_digimap_reserved_qty`, `20240215_commonwlth_reserved_qty`, `20240215_abenson_reserved_qty`, `20240215_reserved_qty`, `20240214_tobys_reserved_qty`, `20240214_sm_dept_reserved_qty`, `20240214_sm_app_reserved_qty`, `20240214_rustans_reserved_qty`, `20240214_rox_reserved_qty`, `20240214_pure_move_reserved_qty`, `20240214_i_studio_reserved_qty`, `20240214_digimap_reserved_qty`, `20240214_commonwlth_reserved_qty`, `20240214_abenson_reserved_qty`, `20240214_reserved_qty`, `20240213_tobys_reserved_qty`, `20240213_sm_dept_reserved_qty`, `20240213_sm_app_reserved_qty`, `20240213_rustans_reserved_qty`, `20240213_rox_reserved_qty`, `20240213_pure_move_reserved_qty`, `20240213_i_studio_reserved_qty`, `20240213_digimap_reserved_qty`, `20240213_commonwlth_reserved_qty`, `20240213_abenson_reserved_qty`, `20240213_reserved_qty`, `20240212_tobys_reserved_qty`, `20240212_sm_dept_reserved_qty`, `20240212_sm_app_reserved_qty`, `20240212_rustans_reserved_qty`, `20240212_rox_reserved_qty`, `20240212_pure_move_reserved_qty`, `20240212_i_studio_reserved_qty`, `20240212_digimap_reserved_qty`, `20240212_commonwlth_reserved_qty`, `20240212_abenson_reserved_qty`, `20240212_reserved_qty`, `20240211_tobys_reserved_qty`, `20240211_sm_dept_reserved_qty`, `20240211_sm_app_reserved_qty`, `20240211_rustans_reserved_qty`, `20240211_rox_reserved_qty`, `20240211_pure_move_reserved_qty`, `20240211_i_studio_reserved_qty`, `20240211_digimap_reserved_qty`, `20240211_commonwlth_reserved_qty`, `20240211_abenson_reserved_qty`, `20240211_reserved_qty`, `20240210_abenson_reserved_qty`, `20240210_reserved_qty`, `20240209_tobys_reserved_qty`, `20240209_sm_dept_reserved_qty`, `20240209_sm_app_reserved_qty`, `20240209_rustans_reserved_qty`, `20240209_rox_reserved_qty`, `20240209_pure_move_reserved_qty`, `20240209_i_studio_reserved_qty`, `20240209_digimap_reserved_qty`, `20240209_commonwlth_reserved_qty`, `20240209_abenson_reserved_qty`, `20240209_reserved_qty`, `20240208_tobys_reserved_qty`, `20240208_sm_dept_reserved_qty`, `20240208_sm_app_reserved_qty`, `20240208_rustans_reserved_qty`, `20240208_rox_reserved_qty`, `20240208_pure_move_reserved_qty`, `20240208_i_studio_reserved_qty`, `20240208_digimap_reserved_qty`, `20240208_commonwlth_reserved_qty`, `20240208_abenson_reserved_qty`, `20240208_reserved_qty`, `20240207_tobys_reserved_qty`, `20240207_sm_dept_reserved_qty`, `20240207_sm_app_reserved_qty`, `20240207_rustans_reserved_qty`, `20240207_rox_reserved_qty`, `20240207_pure_move_reserved_qty`, `20240207_i_studio_reserved_qty`, `20240207_digimap_reserved_qty`, `20240207_commonwlth_reserved_qty`, `20240207_abenson_reserved_qty`, `20240207_reserved_qty`, `20240206_tobys_reserved_qty`, `20240206_sm_dept_reserved_qty`, `20240206_sm_app_reserved_qty`, `20240206_rustans_reserved_qty`, `20240206_rox_reserved_qty`, `20240206_pure_move_reserved_qty`, `20240206_i_studio_reserved_qty`, `20240206_digimap_reserved_qty`, `20240206_commonwlth_reserved_qty`, `20240206_abenson_reserved_qty`, `20240206_reserved_qty`, `20240205_tobys_reserved_qty`, `20240205_sm_dept_reserved_qty`, `20240205_sm_app_reserved_qty`, `20240205_rustans_reserved_qty`, `20240205_rox_reserved_qty`, `20240205_pure_move_reserved_qty`, `20240205_i_studio_reserved_qty`, `20240205_digimap_reserved_qty`, `20240205_commonwlth_reserved_qty`, `20240205_abenson_reserved_qty`, `20240205_reserved_qty`, `20240204_tobys_reserved_qty`, `20240204_sm_dept_reserved_qty`, `20240204_sm_app_reserved_qty`, `20240204_rustans_reserved_qty`, `20240204_rox_reserved_qty`, `20240204_pure_move_reserved_qty`, `20240204_i_studio_reserved_qty`, `20240204_digimap_reserved_qty`, `20240204_commonwlth_reserved_qty`, `20240204_abenson_reserved_qty`, `20240204_reserved_qty`, `20240203_tobys_reserved_qty`, `20240203_sm_dept_reserved_qty`, `20240203_sm_app_reserved_qty`, `20240203_rustans_reserved_qty`, `20240203_rox_reserved_qty`, `20240203_pure_move_reserved_qty`, `20240203_i_studio_reserved_qty`, `20240203_digimap_reserved_qty`, `20240203_commonwlth_reserved_qty`, `20240203_abenson_reserved_qty`, `20240203_reserved_qty`, `20240202_tobys_reserved_qty`, `20240202_sm_dept_reserved_qty`, `20240202_sm_app_reserved_qty`, `20240202_rustans_reserved_qty`, `20240202_rox_reserved_qty`, `20240202_pure_move_reserved_qty`, `20240202_i_studio_reserved_qty`, `20240202_digimap_reserved_qty`, `20240202_commonwlth_reserved_qty`, `20240202_abenson_reserved_qty`, `20240202_reserved_qty`, `20240201_tobys_reserved_qty`, `20240201_sm_dept_reserved_qty`, `20240201_sm_app_reserved_qty`, `20240201_rustans_reserved_qty`, `20240201_rox_reserved_qty`, `20240201_pure_move_reserved_qty`, `20240201_i_studio_reserved_qty`, `20240201_digimap_reserved_qty`, `20240201_commonwlth_reserved_qty`, `20240201_abenson_reserved_qty`, `20240201_reserved_qty`, `20240131_tobys_reserved_qty`, `20240131_sm_dept_reserved_qty`, `20240131_sm_app_reserved_qty`, `20240131_rustans_reserved_qty`, `20240131_rox_reserved_qty`, `20240131_pure_move_reserved_qty`, `20240131_i_studio_reserved_qty`, `20240131_digimap_reserved_qty`, `20240131_commonwlth_reserved_qty`, `20240131_abenson_reserved_qty`, `20240131_reserved_qty`, `20240130_tobys_reserved_qty`, `20240130_sm_dept_reserved_qty`, `20240130_sm_app_reserved_qty`, `20240130_rustans_reserved_qty`, `20240130_rox_reserved_qty`, `20240130_pure_move_reserved_qty`, `20240130_i_studio_reserved_qty`, `20240130_commonwlth_reserved_qty`, `20240130_abenson_reserved_qty`, `20240130_reserved_qty`, `20240129_tobys_reserved_qty`, `20240129_sm_dept_reserved_qty`, `20240129_sm_app_reserved_qty`, `20240129_rustans_reserved_qty`, `20240129_rox_reserved_qty`, `20240129_pure_move_reserved_qty`, `20240129_i_studio_reserved_qty`, `20240129_commonwlth_reserved_qty`, `20240129_abenson_reserved_qty`, `20240129_reserved_qty`, `20240128_tobys_reserved_qty`, `20240128_sm_dept_reserved_qty`, `20240128_sm_app_reserved_qty`, `20240128_rustans_reserved_qty`, `20240128_rox_reserved_qty`, `20240128_pure_move_reserved_qty`, `20240128_i_studio_reserved_qty`, `20240128_commonwlth_reserved_qty`, `20240128_abenson_reserved_qty`, `20240128_reserved_qty`, `store_cost`, `created_by`, `updated_by`, `created_at`, `updated_at`, `deleted_at`) VALUES
(1, '3697658', '30000001', 'APPLEFREE001', NULL, NULL, NULL, NULL, 'SMARTBRO SIM FREE', 'APPLE', 0, 0, 0, 0, 0, 0, 0, 0, 0, 0, 0, 0, 0, 0, 0, 0, 0, 0, 0, 0, 0, 0, 0, 0, 0, 0, 0, 0, 0, 0, 0, 0, 0, 0, 0, 0, 0, 0, 0, 0, 0, 0, 0, 0, 0, 0, 0, 0, 0, 0, 0, 0, 0, 0, 0, 0, 0, 0, 0, 0, 0, 0, 0, 0, 0, 0, 0, 0, 0, 0, 0, 0, 0, 0, 0, 0, 0, 0, 0, 0, 0, 0, 0, 0, 0, 0, 0, 0, 0, 0, 0, 0, 0, 0, 0, 0, 0, 0, 0, 0, 0, 0, 0, 0, 0, 0, 0, 0, 0, 0, 0, 0, 0, 0, 0, 0, 0, 0, 0, 0, 0, 0, 0, 0, 0, 0, 0, 0, 0, 0, 0, 0, 0, 0, 0, 0, 0, 0, 0, 0, 0, 0, 0, 0, 0, 0, 0, 0, 0, 0, 0, 0, 0, 0, 0, 0, 0, 0, 0, 0, 0, 0, 0, 0, 0, 0, 0, 0, 0, 0, 0, 0, 0, 0, 0, 0, 0, 0, 0, 0, 0, 0, 0, 0, 0, 0, 0, 0, 0, 0, 0, 0, 0, 0, 0, 0, 0, 0, 0, 0, 0, 0, 0, 0, 0, 0, 0, 0, 0, 0, 0, 0, 0, 0, 0, 0, 0, 0, 0, 0, 0, 0, 0, 0, 0, 0, 0, 0, 0, 0, 0, 0, 0, 0, 0, 0, 0, 0, 0, 0, 0, 0, 0, 0, 0, 0, 0, 0, 0, 0, 0, 0, 0, 0, 0, 0, 0, 0, 0, 0, 0, 0, 0, 0, 0, 0, 0, 0, 0, 0, 0, 0, 0, 0, 0, 0, 0, 0, 0, 0, 0, 0, 0, 0, 0, 0, 0, 0, 0, 0, 0, 0, 0, 0, 0, 0, 0, 0, 0, 0, 0, 0, 0, 0, 0, 0, 0, 0, 0, 0, 0, 0, 0, 0, 0, 0, 0, 0, 0, 0, 0, 0, 0, 0, 0, 0, 0, 0, 0, 0, 0, 0, 0, 0, 0, 0, 0, 0, 0, 0, 0, 0, 0, 0, 0, 0, 0, 0, 0, 0, 0, 0, 0, 0, 0, 0, 0, 0, 0, 0, 0, 0, 0, 0, 0, 0, 0, 0, 0, 0, 0, 0, 0, 0, 0, 0, 0, 0, '0.00', 2, NULL, '2017-08-07 22:55:00', '2018-07-23 18:12:00', NULL),
(2, '3697659', '30000002', 'APPLEFREE002', NULL, NULL, NULL, NULL, 'SMART MICRO SIM FREE', 'APPLE', 0, 0, 0, 0, 0, 0, 0, 0, 0, 0, 0, 0, 0, 0, 0, 0, 0, 0, 0, 0, 0, 0, 0, 0, 0, 0, 0, 0, 0, 0, 0, 0, 0, 0, 0, 0, 0, 0, 0, 0, 0, 0, 0, 0, 0, 0, 0, 0, 0, 0, 0, 0, 0, 0, 0, 0, 0, 0, 0, 0, 0, 0, 0, 0, 0, 0, 0, 0, 0, 0, 0, 0, 0, 0, 0, 0, 0, 0, 0, 0, 0, 0, 0, 0, 0, 0, 0, 0, 0, 0, 0, 0, 0, 0, 0, 0, 0, 0, 0, 0, 0, 0, 0, 0, 0, 0, 0, 0, 0, 0, 0, 0, 0, 0, 0, 0, 0, 0, 0, 0, 0, 0, 0, 0, 0, 0, 0, 0, 0, 0, 0, 0, 0, 0, 0, 0, 0, 0, 0, 0, 0, 0, 0, 0, 0, 0, 0, 0, 0, 0, 0, 0, 0, 0, 0, 0, 0, 0, 0, 0, 0, 0, 0, 0, 0, 0, 0, 0, 0, 0, 0, 0, 0, 0, 0, 0, 0, 0, 0, 0, 0, 0, 0, 0, 0, 0, 0, 0, 0, 0, 0, 0, 0, 0, 0, 0, 0, 0, 0, 0, 0, 0, 0, 0, 0, 0, 0, 0, 0, 0, 0, 0, 0, 0, 0, 0, 0, 0, 0, 0, 0, 0, 0, 0, 0, 0, 0, 0, 0, 0, 0, 0, 0, 0, 0, 0, 0, 0, 0, 0, 0, 0, 0, 0, 0, 0, 0, 0, 0, 0, 0, 0, 0, 0, 0, 0, 0, 0, 0, 0, 0, 0, 0, 0, 0, 0, 0, 0, 0, 0, 0, 0, 0, 0, 0, 0, 0, 0, 0, 0, 0, 0, 0, 0, 0, 0, 0, 0, 0, 0, 0, 0, 0, 0, 0, 0, 0, 0, 0, 0, 0, 0, 0, 0, 0, 0, 0, 0, 0, 0, 0, 0, 0, 0, 0, 0, 0, 0, 0, 0, 0, 0, 0, 0, 0, 0, 0, 0, 0, 0, 0, 0, 0, 0, 0, 0, 0, 0, 0, 0, 0, 0, 0, 0, 0, 0, 0, 0, 0, 0, 0, 0, 0, 0, 0, 0, 0, 0, 0, 0, 0, 0, 0, 0, 0, 0, 0, 0, 0, 0, 0, 0, 0, 0, 0, 0, 0, 0, '0.00', 2, NULL, '2017-08-07 22:55:00', '2018-07-23 18:12:00', NULL),
(3, '3697660', '30000003', 'APPLEFREE003', NULL, NULL, NULL, NULL, 'SMART NANO SIM FREE', 'APPLE', 0, 0, 0, 0, 0, 0, 0, 0, 0, 0, 0, 0, 0, 0, 0, 0, 0, 0, 0, 0, 0, 0, 0, 0, 0, 0, 0, 0, 0, 0, 0, 0, 0, 0, 0, 0, 0, 0, 0, 0, 0, 0, 0, 0, 0, 0, 0, 0, 0, 0, 0, 0, 0, 0, 0, 0, 0, 0, 0, 0, 0, 0, 0, 0, 0, 0, 0, 0, 0, 0, 0, 0, 0, 0, 0, 0, 0, 0, 0, 0, 0, 0, 0, 0, 0, 0, 0, 0, 0, 0, 0, 0, 0, 0, 0, 0, 0, 0, 0, 0, 0, 0, 0, 0, 0, 0, 0, 0, 0, 0, 0, 0, 0, 0, 0, 0, 0, 0, 0, 0, 0, 0, 0, 0, 0, 0, 0, 0, 0, 0, 0, 0, 0, 0, 0, 0, 0, 0, 0, 0, 0, 0, 0, 0, 0, 0, 0, 0, 0, 0, 0, 0, 0, 0, 0, 0, 0, 0, 0, 0, 0, 0, 0, 0, 0, 0, 0, 0, 0, 0, 0, 0, 0, 0, 0, 0, 0, 0, 0, 0, 0, 0, 0, 0, 0, 0, 0, 0, 0, 0, 0, 0, 0, 0, 0, 0, 0, 0, 0, 0, 0, 0, 0, 0, 0, 0, 0, 0, 0, 0, 0, 0, 0, 0, 0, 0, 0, 0, 0, 0, 0, 0, 0, 0, 0, 0, 0, 0, 0, 0, 0, 0, 0, 0, 0, 0, 0, 0, 0, 0, 0, 0, 0, 0, 0, 0, 0, 0, 0, 0, 0, 0, 0, 0, 0, 0, 0, 0, 0, 0, 0, 0, 0, 0, 0, 0, 0, 0, 0, 0, 0, 0, 0, 0, 0, 0, 0, 0, 0, 0, 0, 0, 0, 0, 0, 0, 0, 0, 0, 0, 0, 0, 0, 0, 0, 0, 0, 0, 0, 0, 0, 0, 0, 0, 0, 0, 0, 0, 0, 0, 0, 0, 0, 0, 0, 0, 0, 0, 0, 0, 0, 0, 0, 0, 0, 0, 0, 0, 0, 0, 0, 0, 0, 0, 0, 0, 0, 0, 0, 0, 0, 0, 0, 0, 0, 0, 0, 0, 0, 0, 0, 0, 0, 0, 0, 0, 0, 0, 0, 0, 0, 0, 0, 0, 0, 0, 0, 0, 0, 0, 0, 0, 0, 0, 0, 0, 0, 0, '0.00', 2, NULL, '2017-08-07 22:55:00', '2018-07-23 18:12:00', NULL),
(4, '3697661', '30000004', 'APPLEFREE004', NULL, NULL, NULL, NULL, 'GLOBE MICROSIM FREE', 'APPLE', 0, 0, 0, 0, 0, 0, 0, 0, 0, 0, 0, 0, 0, 0, 0, 0, 0, 0, 0, 0, 0, 0, 0, 0, 0, 0, 0, 0, 0, 0, 0, 0, 0, 0, 0, 0, 0, 0, 0, 0, 0, 0, 0, 0, 0, 0, 0, 0, 0, 0, 0, 0, 0, 0, 0, 0, 0, 0, 0, 0, 0, 0, 0, 0, 0, 0, 0, 0, 0, 0, 0, 0, 0, 0, 0, 0, 0, 0, 0, 0, 0, 0, 0, 0, 0, 0, 0, 0, 0, 0, 0, 0, 0, 0, 0, 0, 0, 0, 0, 0, 0, 0, 0, 0, 0, 0, 0, 0, 0, 0, 0, 0, 0, 0, 0, 0, 0, 0, 0, 0, 0, 0, 0, 0, 0, 0, 0, 0, 0, 0, 0, 0, 0, 0, 0, 0, 0, 0, 0, 0, 0, 0, 0, 0, 0, 0, 0, 0, 0, 0, 0, 0, 0, 0, 0, 0, 0, 0, 0, 0, 0, 0, 0, 0, 0, 0, 0, 0, 0, 0, 0, 0, 0, 0, 0, 0, 0, 0, 0, 0, 0, 0, 0, 0, 0, 0, 0, 0, 0, 0, 0, 0, 0, 0, 0, 0, 0, 0, 0, 0, 0, 0, 0, 0, 0, 0, 0, 0, 0, 0, 0, 0, 0, 0, 0, 0, 0, 0, 0, 0, 0, 0, 0, 0, 0, 0, 0, 0, 0, 0, 0, 0, 0, 0, 0, 0, 0, 0, 0, 0, 0, 0, 0, 0, 0, 0, 0, 0, 0, 0, 0, 0, 0, 0, 0, 0, 0, 0, 0, 0, 0, 0, 0, 0, 0, 0, 0, 0, 0, 0, 0, 0, 0, 0, 0, 0, 0, 0, 0, 0, 0, 0, 0, 0, 0, 0, 0, 0, 0, 0, 0, 0, 0, 0, 0, 0, 0, 0, 0, 0, 0, 0, 0, 0, 0, 0, 0, 0, 0, 0, 0, 0, 0, 0, 0, 0, 0, 0, 0, 0, 0, 0, 0, 0, 0, 0, 0, 0, 0, 0, 0, 0, 0, 0, 0, 0, 0, 0, 0, 0, 0, 0, 0, 0, 0, 0, 0, 0, 0, 0, 0, 0, 0, 0, 0, 0, 0, 0, 0, 0, 0, 0, 0, 0, 0, 0, 0, 0, 0, 0, 0, 0, 0, 0, 0, 0, 0, 0, '0.00', 2, NULL, '2017-08-07 22:55:00', '2018-07-23 18:12:00', NULL),
(5, '3697662', '30000005', 'APPLEFREE005', NULL, NULL, NULL, NULL, 'GLOBE NANO SIM FREE', 'APPLE', 0, 0, 0, 0, 0, 0, 0, 0, 0, 0, 0, 0, 0, 0, 0, 0, 0, 0, 0, 0, 0, 0, 0, 0, 0, 0, 0, 0, 0, 0, 0, 0, 0, 0, 0, 0, 0, 0, 0, 0, 0, 0, 0, 0, 0, 0, 0, 0, 0, 0, 0, 0, 0, 0, 0, 0, 0, 0, 0, 0, 0, 0, 0, 0, 0, 0, 0, 0, 0, 0, 0, 0, 0, 0, 0, 0, 0, 0, 0, 0, 0, 0, 0, 0, 0, 0, 0, 0, 0, 0, 0, 0, 0, 0, 0, 0, 0, 0, 0, 0, 0, 0, 0, 0, 0, 0, 0, 0, 0, 0, 0, 0, 0, 0, 0, 0, 0, 0, 0, 0, 0, 0, 0, 0, 0, 0, 0, 0, 0, 0, 0, 0, 0, 0, 0, 0, 0, 0, 0, 0, 0, 0, 0, 0, 0, 0, 0, 0, 0, 0, 0, 0, 0, 0, 0, 0, 0, 0, 0, 0, 0, 0, 0, 0, 0, 0, 0, 0, 0, 0, 0, 0, 0, 0, 0, 0, 0, 0, 0, 0, 0, 0, 0, 0, 0, 0, 0, 0, 0, 0, 0, 0, 0, 0, 0, 0, 0, 0, 0, 0, 0, 0, 0, 0, 0, 0, 0, 0, 0, 0, 0, 0, 0, 0, 0, 0, 0, 0, 0, 0, 0, 0, 0, 0, 0, 0, 0, 0, 0, 0, 0, 0, 0, 0, 0, 0, 0, 0, 0, 0, 0, 0, 0, 0, 0, 0, 0, 0, 0, 0, 0, 0, 0, 0, 0, 0, 0, 0, 0, 0, 0, 0, 0, 0, 0, 0, 0, 0, 0, 0, 0, 0, 0, 0, 0, 0, 0, 0, 0, 0, 0, 0, 0, 0, 0, 0, 0, 0, 0, 0, 0, 0, 0, 0, 0, 0, 0, 0, 0, 0, 0, 0, 0, 0, 0, 0, 0, 0, 0, 0, 0, 0, 0, 0, 0, 0, 0, 0, 0, 0, 0, 0, 0, 0, 0, 0, 0, 0, 0, 0, 0, 0, 0, 0, 0, 0, 0, 0, 0, 0, 0, 0, 0, 0, 0, 0, 0, 0, 0, 0, 0, 0, 0, 0, 0, 0, 0, 0, 0, 0, 0, 0, 0, 0, 0, 0, 0, 0, 0, 0, 0, 0, 0, 0, 0, 0, 0, 0, '0.00', 2, NULL, '2017-08-07 22:55:00', '2018-07-23 18:12:00', NULL),
(6, '3697663', '30000006', 'APPLEFREE006', NULL, NULL, NULL, NULL, 'GLOBE TATTOO MBROADBAND FREE', 'APPLE', 0, 0, 0, 0, 0, 0, 0, 0, 0, 0, 0, 0, 0, 0, 0, 0, 0, 0, 0, 0, 0, 0, 0, 0, 0, 0, 0, 0, 0, 0, 0, 0, 0, 0, 0, 0, 0, 0, 0, 0, 0, 0, 0, 0, 0, 0, 0, 0, 0, 0, 0, 0, 0, 0, 0, 0, 0, 0, 0, 0, 0, 0, 0, 0, 0, 0, 0, 0, 0, 0, 0, 0, 0, 0, 0, 0, 0, 0, 0, 0, 0, 0, 0, 0, 0, 0, 0, 0, 0, 0, 0, 0, 0, 0, 0, 0, 0, 0, 0, 0, 0, 0, 0, 0, 0, 0, 0, 0, 0, 0, 0, 0, 0, 0, 0, 0, 0, 0, 0, 0, 0, 0, 0, 0, 0, 0, 0, 0, 0, 0, 0, 0, 0, 0, 0, 0, 0, 0, 0, 0, 0, 0, 0, 0, 0, 0, 0, 0, 0, 0, 0, 0, 0, 0, 0, 0, 0, 0, 0, 0, 0, 0, 0, 0, 0, 0, 0, 0, 0, 0, 0, 0, 0, 0, 0, 0, 0, 0, 0, 0, 0, 0, 0, 0, 0, 0, 0, 0, 0, 0, 0, 0, 0, 0, 0, 0, 0, 0, 0, 0, 0, 0, 0, 0, 0, 0, 0, 0, 0, 0, 0, 0, 0, 0, 0, 0, 0, 0, 0, 0, 0, 0, 0, 0, 0, 0, 0, 0, 0, 0, 0, 0, 0, 0, 0, 0, 0, 0, 0, 0, 0, 0, 0, 0, 0, 0, 0, 0, 0, 0, 0, 0, 0, 0, 0, 0, 0, 0, 0, 0, 0, 0, 0, 0, 0, 0, 0, 0, 0, 0, 0, 0, 0, 0, 0, 0, 0, 0, 0, 0, 0, 0, 0, 0, 0, 0, 0, 0, 0, 0, 0, 0, 0, 0, 0, 0, 0, 0, 0, 0, 0, 0, 0, 0, 0, 0, 0, 0, 0, 0, 0, 0, 0, 0, 0, 0, 0, 0, 0, 0, 0, 0, 0, 0, 0, 0, 0, 0, 0, 0, 0, 0, 0, 0, 0, 0, 0, 0, 0, 0, 0, 0, 0, 0, 0, 0, 0, 0, 0, 0, 0, 0, 0, 0, 0, 0, 0, 0, 0, 0, 0, 0, 0, 0, 0, 0, 0, 0, 0, 0, 0, 0, 0, 0, 0, 0, 0, 0, '0.00', 2, NULL, '2017-08-07 22:55:00', '2018-07-23 18:12:00', NULL),
(7, '3697664', '30000007', 'APPLEFREE010', NULL, NULL, NULL, NULL, 'DISPLAY TABLE CHRGE BRCLET MED', 'APPLE', 0, 0, 0, 0, 0, 0, 0, 0, 0, 0, 0, 0, 0, 0, 0, 0, 0, 0, 0, 0, 0, 0, 0, 0, 0, 0, 0, 0, 0, 0, 0, 0, 0, 0, 0, 0, 0, 0, 0, 0, 0, 0, 0, 0, 0, 0, 0, 0, 0, 0, 0, 0, 0, 0, 0, 0, 0, 0, 0, 0, 0, 0, 0, 0, 0, 0, 0, 0, 0, 0, 0, 0, 0, 0, 0, 0, 0, 0, 0, 0, 0, 0, 0, 0, 0, 0, 0, 0, 0, 0, 0, 0, 0, 0, 0, 0, 0, 0, 0, 0, 0, 0, 0, 0, 0, 0, 0, 0, 0, 0, 0, 0, 0, 0, 0, 0, 0, 0, 0, 0, 0, 0, 0, 0, 0, 0, 0, 0, 0, 0, 0, 0, 0, 0, 0, 0, 0, 0, 0, 0, 0, 0, 0, 0, 0, 0, 0, 0, 0, 0, 0, 0, 0, 0, 0, 0, 0, 0, 0, 0, 0, 0, 0, 0, 0, 0, 0, 0, 0, 0, 0, 0, 0, 0, 0, 0, 0, 0, 0, 0, 0, 0, 0, 0, 0, 0, 0, 0, 0, 0, 0, 0, 0, 0, 0, 0, 0, 0, 0, 0, 0, 0, 0, 0, 0, 0, 0, 0, 0, 0, 0, 0, 0, 0, 0, 0, 0, 0, 0, 0, 0, 0, 0, 0, 0, 0, 0, 0, 0, 0, 0, 0, 0, 0, 0, 0, 0, 0, 0, 0, 0, 0, 0, 0, 0, 0, 0, 0, 0, 0, 0, 0, 0, 0, 0, 0, 0, 0, 0, 0, 0, 0, 0, 0, 0, 0, 0, 0, 0, 0, 0, 0, 0, 0, 0, 0, 0, 0, 0, 0, 0, 0, 0, 0, 0, 0, 0, 0, 0, 0, 0, 0, 0, 0, 0, 0, 0, 0, 0, 0, 0, 0, 0, 0, 0, 0, 0, 0, 0, 0, 0, 0, 0, 0, 0, 0, 0, 0, 0, 0, 0, 0, 0, 0, 0, 0, 0, 0, 0, 0, 0, 0, 0, 0, 0, 0, 0, 0, 0, 0, 0, 0, 0, 0, 0, 0, 0, 0, 0, 0, 0, 0, 0, 0, 0, 0, 0, 0, 0, 0, 0, 0, 0, 0, 0, 0, 0, 0, 0, 0, 0, 0, 0, 0, 0, 0, 0, 0, '1377.00', 2, 197, '2017-08-07 22:55:00', '2021-05-14 06:13:16', NULL),
(8, '3697665', '30000008', 'APPLEFREE011', NULL, NULL, NULL, NULL, 'DISPLAY TABLE CHRGE BRCLET LG', 'APPLE', 0, 0, 0, 0, 0, 0, 0, 0, 0, 0, 0, 0, 0, 0, 0, 0, 0, 0, 0, 0, 0, 0, 0, 0, 0, 0, 0, 0, 0, 0, 0, 0, 0, 0, 0, 0, 0, 0, 0, 0, 0, 0, 0, 0, 0, 0, 0, 0, 0, 0, 0, 0, 0, 0, 0, 0, 0, 0, 0, 0, 0, 0, 0, 0, 0, 0, 0, 0, 0, 0, 0, 0, 0, 0, 0, 0, 0, 0, 0, 0, 0, 0, 0, 0, 0, 0, 0, 0, 0, 0, 0, 0, 0, 0, 0, 0, 0, 0, 0, 0, 0, 0, 0, 0, 0, 0, 0, 0, 0, 0, 0, 0, 0, 0, 0, 0, 0, 0, 0, 0, 0, 0, 0, 0, 0, 0, 0, 0, 0, 0, 0, 0, 0, 0, 0, 0, 0, 0, 0, 0, 0, 0, 0, 0, 0, 0, 0, 0, 0, 0, 0, 0, 0, 0, 0, 0, 0, 0, 0, 0, 0, 0, 0, 0, 0, 0, 0, 0, 0, 0, 0, 0, 0, 0, 0, 0, 0, 0, 0, 0, 0, 0, 0, 0, 0, 0, 0, 0, 0, 0, 0, 0, 0, 0, 0, 0, 0, 0, 0, 0, 0, 0, 0, 0, 0, 0, 0, 0, 0, 0, 0, 0, 0, 0, 0, 0, 0, 0, 0, 0, 0, 0, 0, 0, 0, 0, 0, 0, 0, 0, 0, 0, 0, 0, 0, 0, 0, 0, 0, 0, 0, 0, 0, 0, 0, 0, 0, 0, 0, 0, 0, 0, 0, 0, 0, 0, 0, 0, 0, 0, 0, 0, 0, 0, 0, 0, 0, 0, 0, 0, 0, 0, 0, 0, 0, 0, 0, 0, 0, 0, 0, 0, 0, 0, 0, 0, 0, 0, 0, 0, 0, 0, 0, 0, 0, 0, 0, 0, 0, 0, 0, 0, 0, 0, 0, 0, 0, 0, 0, 0, 0, 0, 0, 0, 0, 0, 0, 0, 0, 0, 0, 0, 0, 0, 0, 0, 0, 0, 0, 0, 0, 0, 0, 0, 0, 0, 0, 0, 0, 0, 0, 0, 0, 0, 0, 0, 0, 0, 0, 0, 0, 0, 0, 0, 0, 0, 0, 0, 0, 0, 0, 0, 0, 0, 0, 0, 0, 0, 0, 0, 0, 0, 0, 0, 0, 0, 0, 0, '1366.80', 2, 197, '2017-08-07 22:55:00', '2021-05-14 06:13:50', NULL),
(9, '3697666', '30000009', 'APPLEFREE012', NULL, NULL, NULL, NULL, 'GLOBE LTE TRI-CUT FREE', 'APPLE', 0, 0, 0, 0, 0, 0, 0, 0, 0, 0, 0, 0, 0, 10, 0, 0, 0, 0, 0, 0, 0, 0, 0, 0, 0, 0, 10, 0, 0, 0, 0, 0, 0, 0, 0, 0, 0, 10, 0, 0, 0, 0, 0, 0, 0, 0, 0, 0, 10, 0, 0, 0, 0, 0, 0, 0, 0, 0, 0, 10, 0, 0, 0, 0, 0, 0, 0, 0, 0, 0, 10, 0, 0, 0, 0, 0, 0, 0, 0, 0, 0, 10, 0, 0, 0, 0, 0, 0, 0, 0, 0, 0, 10, 0, 0, 0, 0, 0, 0, 0, 0, 0, 0, 10, 0, 0, 0, 0, 0, 0, 0, 0, 0, 0, 10, 0, 0, 0, 0, 0, 0, 0, 0, 0, 0, 10, 0, 0, 0, 0, 0, 0, 0, 0, 0, 0, 10, 0, 0, 0, 0, 0, 0, 0, 0, 0, 0, 10, 0, 0, 0, 0, 0, 0, 0, 0, 0, 0, 10, 0, 0, 0, 0, 0, 0, 0, 0, 0, 0, 10, 0, 0, 0, 0, 0, 0, 0, 0, 0, 0, 10, 0, 0, 0, 0, 0, 0, 0, 0, 0, 0, 10, 0, 0, 0, 0, 0, 0, 0, 0, 0, 0, 10, 0, 0, 0, 0, 0, 0, 0, 0, 0, 0, 10, 0, 0, 0, 0, 0, 0, 0, 0, 0, 0, 10, 0, 0, 0, 0, 0, 0, 0, 0, 0, 0, 10, 0, 0, 0, 0, 0, 0, 0, 0, 0, 0, 0, 0, 10, 0, 0, 0, 0, 0, 0, 0, 0, 0, 0, 10, 0, 0, 0, 0, 0, 0, 0, 0, 0, 0, 10, 0, 0, 0, 0, 0, 0, 0, 0, 0, 0, 10, 0, 0, 0, 0, 0, 0, 0, 0, 0, 0, 10, 0, 0, 0, 0, 0, 0, 0, 0, 0, 0, 10, 0, 0, 0, 0, 0, 0, 0, 0, 0, 0, 10, 0, 0, 0, 0, 0, 0, 0, 0, 0, 0, 10, 0, 0, 0, 0, 0, 0, 0, 0, 0, 0, 10, 0, 0, 0, 0, 0, 0, 0, 0, 0, 0, 10, 0, 0, 0, 0, 0, 0, 0, 0, 0, 10, 0, 0, 0, 0, 0, 0, 0, 0, 0, 10, 0, 0, 0, 0, 0, 0, 0, 0, 0, 10, '0.00', 2, NULL, '2017-08-07 22:55:00', '2018-07-23 18:12:00', NULL),
(10, '3697667', '30000010', 'AXSUNIPODFRE1', NULL, NULL, NULL, NULL, 'SHUFFLE 1G SLVR BUNDLE FOR JBL', 'APPLE', 0, 0, 0, 0, 0, 0, 0, 0, 0, 0, 0, 0, 0, 0, 0, 0, 0, 0, 0, 0, 0, 0, 0, 0, 0, 0, 0, 0, 0, 0, 0, 0, 0, 0, 0, 0, 0, 0, 0, 0, 0, 0, 0, 0, 0, 0, 0, 0, 0, 0, 0, 0, 0, 0, 0, 0, 0, 0, 0, 0, 0, 0, 0, 0, 0, 0, 0, 0, 0, 0, 0, 0, 0, 0, 0, 0, 0, 0, 0, 0, 0, 0, 0, 0, 0, 0, 0, 0, 0, 0, 0, 0, 0, 0, 0, 0, 0, 0, 0, 0, 0, 0, 0, 0, 0, 0, 0, 0, 0, 0, 0, 0, 0, 0, 0, 0, 0, 0, 0, 0, 0, 0, 0, 0, 0, 0, 0, 0, 0, 0, 0, 0, 0, 0, 0, 0, 0, 0, 0, 0, 0, 0, 0, 0, 0, 0, 0, 0, 0, 0, 0, 0, 0, 0, 0, 0, 0, 0, 0, 0, 0, 0, 0, 0, 0, 0, 0, 0, 0, 0, 0, 0, 0, 0, 0, 0, 0, 0, 0, 0, 0, 0, 0, 0, 0, 0, 0, 0, 0, 0, 0, 0, 0, 0, 0, 0, 0, 0, 0, 0, 0, 0, 0, 0, 0, 0, 0, 0, 0, 0, 0, 0, 0, 0, 0, 0, 0, 0, 0, 0, 0, 0, 0, 0, 0, 0, 0, 0, 0, 0, 0, 0, 0, 0, 0, 0, 0, 0, 0, 0, 0, 0, 0, 0, 0, 0, 0, 0, 0, 0, 0, 0, 0, 0, 0, 0, 0, 0, 0, 0, 0, 0, 0, 0, 0, 0, 0, 0, 0, 0, 0, 0, 0, 0, 0, 0, 0, 0, 0, 0, 0, 0, 0, 0, 0, 0, 0, 0, 0, 0, 0, 0, 0, 0, 0, 0, 0, 0, 0, 0, 0, 0, 0, 0, 0, 0, 0, 0, 0, 0, 0, 0, 0, 0, 0, 0, 0, 0, 0, 0, 0, 0, 0, 0, 0, 0, 0, 0, 0, 0, 0, 0, 0, 0, 0, 0, 0, 0, 0, 0, 0, 0, 0, 0, 0, 0, 0, 0, 0, 0, 0, 0, 0, 0, 0, 0, 0, 0, 0, 0, 0, 0, 0, 0, 0, 0, 0, 0, 0, 0, 0, 0, 0, 0, 0, 0, 0, 0, '0.00', 2, NULL, '2017-08-07 22:55:00', '2018-07-23 18:12:00', NULL),
(11, '3697668', '30000011', 'CANACCFRE0122', NULL, NULL, NULL, NULL, 'IPAD MINI 16GB WIFI SLV FREE', 'APPLE', 0, 0, 0, 0, 0, 0, 0, 0, 0, 0, 0, 0, 0, 0, 0, 0, 0, 0, 0, 0, 0, 0, 0, 0, 0, 0, 0, 0, 0, 0, 0, 0, 0, 0, 0, 0, 0, 0, 0, 0, 0, 0, 0, 0, 0, 0, 0, 0, 0, 0, 0, 0, 0, 0, 0, 0, 0, 0, 0, 0, 0, 0, 0, 0, 0, 0, 0, 0, 0, 0, 0, 0, 0, 0, 0, 0, 0, 0, 0, 0, 0, 0, 0, 0, 0, 0, 0, 0, 0, 0, 0, 0, 0, 0, 0, 0, 0, 0, 0, 0, 0, 0, 0, 0, 0, 0, 0, 0, 0, 0, 0, 0, 0, 0, 0, 0, 0, 0, 0, 0, 0, 0, 0, 0, 0, 0, 0, 0, 0, 0, 0, 0, 0, 0, 0, 0, 0, 0, 0, 0, 0, 0, 0, 0, 0, 0, 0, 0, 0, 0, 0, 0, 0, 0, 0, 0, 0, 0, 0, 0, 0, 0, 0, 0, 0, 0, 0, 0, 0, 0, 0, 0, 0, 0, 0, 0, 0, 0, 0, 0, 0, 0, 0, 0, 0, 0, 0, 0, 0, 0, 0, 0, 0, 0, 0, 0, 0, 0, 0, 0, 0, 0, 0, 0, 0, 0, 0, 0, 0, 0, 0, 0, 0, 0, 0, 0, 0, 0, 0, 0, 0, 0, 0, 0, 0, 0, 0, 0, 0, 0, 0, 0, 0, 0, 0, 0, 0, 0, 0, 0, 0, 0, 0, 0, 0, 0, 0, 0, 0, 0, 0, 0, 0, 0, 0, 0, 0, 0, 0, 0, 0, 0, 0, 0, 0, 0, 0, 0, 0, 0, 0, 0, 0, 0, 0, 0, 0, 0, 0, 0, 0, 0, 0, 0, 0, 0, 0, 0, 0, 0, 0, 0, 0, 0, 0, 0, 0, 0, 0, 0, 0, 0, 0, 0, 0, 0, 0, 0, 0, 0, 0, 0, 0, 0, 0, 0, 0, 0, 0, 0, 0, 0, 0, 0, 0, 0, 0, 0, 0, 0, 0, 0, 0, 0, 0, 0, 0, 0, 0, 0, 0, 0, 0, 0, 0, 0, 0, 0, 0, 0, 0, 0, 0, 0, 0, 0, 0, 0, 0, 0, 0, 0, 0, 0, 0, 0, 0, 0, 0, 0, 0, 0, 0, 0, 0, 0, 0, 0, '0.00', 2, NULL, '2017-08-07 22:55:00', '2018-07-23 18:12:00', NULL),
(12, '3697669', '30000012', 'IPODU43SLFRE', NULL, NULL, NULL, NULL, 'IPOD NANO2GB FREE TO IPAQ 6828', 'APPLE', 0, 0, 0, 0, 0, 0, 0, 0, 0, 0, 0, 0, 0, 0, 0, 0, 0, 0, 0, 0, 0, 0, 0, 0, 0, 0, 0, 0, 0, 0, 0, 0, 0, 0, 0, 0, 0, 0, 0, 0, 0, 0, 0, 0, 0, 0, 0, 0, 0, 0, 0, 0, 0, 0, 0, 0, 0, 0, 0, 0, 0, 0, 0, 0, 0, 0, 0, 0, 0, 0, 0, 0, 0, 0, 0, 0, 0, 0, 0, 0, 0, 0, 0, 0, 0, 0, 0, 0, 0, 0, 0, 0, 0, 0, 0, 0, 0, 0, 0, 0, 0, 0, 0, 0, 0, 0, 0, 0, 0, 0, 0, 0, 0, 0, 0, 0, 0, 0, 0, 0, 0, 0, 0, 0, 0, 0, 0, 0, 0, 0, 0, 0, 0, 0, 0, 0, 0, 0, 0, 0, 0, 0, 0, 0, 0, 0, 0, 0, 0, 0, 0, 0, 0, 0, 0, 0, 0, 0, 0, 0, 0, 0, 0, 0, 0, 0, 0, 0, 0, 0, 0, 0, 0, 0, 0, 0, 0, 0, 0, 0, 0, 0, 0, 0, 0, 0, 0, 0, 0, 0, 0, 0, 0, 0, 0, 0, 0, 0, 0, 0, 0, 0, 0, 0, 0, 0, 0, 0, 0, 0, 0, 0, 0, 0, 0, 0, 0, 0, 0, 0, 0, 0, 0, 0, 0, 0, 0, 0, 0, 0, 0, 0, 0, 0, 0, 0, 0, 0, 0, 0, 0, 0, 0, 0, 0, 0, 0, 0, 0, 0, 0, 0, 0, 0, 0, 0, 0, 0, 0, 0, 0, 0, 0, 0, 0, 0, 0, 0, 0, 0, 0, 0, 0, 0, 0, 0, 0, 0, 0, 0, 0, 0, 0, 0, 0, 0, 0, 0, 0, 0, 0, 0, 0, 0, 0, 0, 0, 0, 0, 0, 0, 0, 0, 0, 0, 0, 0, 0, 0, 0, 0, 0, 0, 0, 0, 0, 0, 0, 0, 0, 0, 0, 0, 0, 0, 0, 0, 0, 0, 0, 0, 0, 0, 0, 0, 0, 0, 0, 0, 0, 0, 0, 0, 0, 0, 0, 0, 0, 0, 0, 0, 0, 0, 0, 0, 0, 0, 0, 0, 0, 0, 0, 0, 0, 0, 0, 0, 0, 0, 0, 0, 0, 0, 0, 0, 0, 0, 0, '0.00', 2, NULL, '2017-08-07 22:55:00', '2018-07-23 18:12:00', NULL),
(13, '3697670', '30000013', 'ASUSFRE0012', NULL, NULL, NULL, NULL, 'ASUS - NEREUS CARRY BAG FREE', 'ASUS', 0, 0, 0, 0, 0, 0, 0, 0, 0, 0, 0, 0, 0, 0, 0, 0, 0, 0, 0, 0, 0, 0, 0, 0, 0, 0, 0, 0, 0, 0, 0, 0, 0, 0, 0, 0, 0, 0, 0, 0, 0, 0, 0, 0, 0, 0, 0, 0, 0, 0, 0, 0, 0, 0, 0, 0, 0, 0, 0, 0, 0, 0, 0, 0, 0, 0, 0, 0, 0, 0, 0, 0, 0, 0, 0, 0, 0, 0, 0, 0, 0, 0, 0, 0, 0, 0, 0, 0, 0, 0, 0, 0, 0, 0, 0, 0, 0, 0, 0, 0, 0, 0, 0, 0, 0, 0, 0, 0, 0, 0, 0, 0, 0, 0, 0, 0, 0, 0, 0, 0, 0, 0, 0, 0, 0, 0, 0, 0, 0, 0, 0, 0, 0, 0, 0, 0, 0, 0, 0, 0, 0, 0, 0, 0, 0, 0, 0, 0, 0, 0, 0, 0, 0, 0, 0, 0, 0, 0, 0, 0, 0, 0, 0, 0, 0, 0, 0, 0, 0, 0, 0, 0, 0, 0, 0, 0, 0, 0, 0, 0, 0, 0, 0, 0, 0, 0, 0, 0, 0, 0, 0, 0, 0, 0, 0, 0, 0, 0, 0, 0, 0, 0, 0, 0, 0, 0, 0, 0, 0, 0, 0, 0, 0, 0, 0, 0, 0, 0, 0, 0, 0, 0, 0, 0, 0, 0, 0, 0, 0, 0, 0, 0, 0, 0, 0, 0, 0, 0, 0, 0, 0, 0, 0, 0, 0, 0, 0, 0, 0, 0, 0, 0, 0, 0, 0, 0, 0, 0, 0, 0, 0, 0, 0, 0, 0, 0, 0, 0, 0, 0, 0, 0, 0, 0, 0, 0, 0, 0, 0, 0, 0, 0, 0, 0, 0, 0, 0, 0, 0, 0, 0, 0, 0, 0, 0, 0, 0, 0, 0, 0, 0, 0, 0, 0, 0, 0, 0, 0, 0, 0, 0, 0, 0, 0, 0, 0, 0, 0, 0, 0, 0, 0, 0, 0, 0, 0, 0, 0, 0, 0, 0, 0, 0, 0, 0, 0, 0, 0, 0, 0, 0, 0, 0, 0, 0, 0, 0, 0, 0, 0, 0, 0, 0, 0, 0, 0, 0, 0, 0, 0, 0, 0, 0, 0, 0, 0, 0, 0, 0, 0, 0, 0, 0, 0, 0, 0, 0, 0, '0.00', 2, NULL, '2017-08-07 22:55:00', '2018-07-23 18:12:00', NULL),
(14, '3693231', '30000014', 'PPB-BTB-003', NULL, NULL, NULL, NULL, 'BTB PAPERBAG LARGE BRWN', 'BEYOND THE BOX', 0, 0, 0, 0, 0, 0, 0, 0, 0, 0, 0, 0, 0, 0, 0, 0, 0, 0, 0, 0, 0, 0, 0, 0, 0, 0, 0, 0, 0, 0, 0, 0, 0, 0, 0, 0, 0, 0, 0, 0, 0, 0, 0, 0, 0, 0, 0, 0, 0, 0, 0, 0, 0, 0, 0, 0, 0, 0, 0, 0, 0, 0, 0, 0, 0, 0, 0, 0, 0, 0, 0, 0, 0, 0, 0, 0, 0, 0, 0, 0, 0, 0, 0, 0, 0, 0, 0, 0, 0, 0, 0, 0, 0, 0, 0, 0, 0, 0, 0, 0, 0, 0, 0, 0, 0, 0, 0, 0, 0, 0, 0, 0, 0, 0, 0, 0, 0, 0, 0, 0, 0, 0, 0, 0, 0, 0, 0, 0, 0, 0, 0, 0, 0, 0, 0, 0, 0, 0, 0, 0, 0, 0, 0, 0, 0, 0, 0, 0, 0, 0, 0, 0, 0, 0, 0, 0, 0, 0, 0, 0, 0, 0, 0, 0, 0, 0, 0, 0, 0, 0, 0, 0, 0, 0, 0, 0, 0, 0, 0, 0, 0, 0, 0, 0, 0, 0, 0, 0, 0, 0, 0, 0, 0, 0, 0, 0, 0, 0, 0, 0, 0, 0, 0, 0, 0, 0, 0, 0, 0, 0, 0, 0, 0, 0, 0, 0, 0, 0, 0, 0, 0, 0, 0, 0, 0, 0, 0, 0, 0, 0, 0, 0, 0, 0, 0, 0, 0, 0, 0, 0, 0, 0, 0, 0, 0, 0, 0, 0, 0, 0, 0, 0, 0, 0, 0, 0, 0, 0, 0, 0, 0, 0, 0, 0, 0, 0, 0, 0, 0, 0, 0, 0, 0, 0, 0, 0, 0, 0, 0, 0, 0, 0, 0, 0, 0, 0, 0, 0, 0, 0, 0, 0, 0, 0, 0, 0, 0, 0, 0, 0, 0, 0, 0, 0, 0, 0, 0, 0, 0, 0, 0, 0, 0, 0, 0, 0, 0, 0, 0, 0, 0, 0, 0, 0, 0, 0, 0, 0, 0, 0, 0, 0, 0, 0, 0, 0, 0, 0, 0, 0, 0, 0, 0, 0, 0, 0, 0, 0, 0, 0, 0, 0, 0, 0, 0, 0, 0, 0, 0, 0, 0, 0, 0, 0, 0, 0, 0, 0, 0, 0, 0, 0, 0, 0, 0, 0, 0, 0, '22.65', 2, NULL, '2017-08-07 22:55:00', '2018-07-23 18:12:00', NULL),
(15, '3693232', '30000015', 'PPB-BTB-BLK-001', NULL, NULL, NULL, NULL, 'BTB PAPER BAG MEDIUM BLK', 'BEYOND THE BOX', 0, 0, 0, 0, 0, 0, 0, 0, 0, 0, 0, 0, 0, 0, 0, 0, 0, 0, 0, 0, 0, 0, 0, 0, 0, 0, 0, 0, 0, 0, 0, 0, 0, 0, 0, 0, 0, 0, 0, 0, 0, 0, 0, 0, 0, 0, 0, 0, 0, 0, 0, 0, 0, 0, 0, 0, 0, 0, 0, 0, 0, 0, 0, 0, 0, 0, 0, 0, 0, 0, 0, 0, 0, 0, 0, 0, 0, 0, 0, 0, 0, 0, 0, 0, 0, 0, 0, 0, 0, 0, 0, 0, 0, 0, 0, 0, 0, 0, 0, 0, 0, 0, 0, 0, 0, 0, 0, 0, 0, 0, 0, 0, 0, 0, 0, 0, 0, 0, 0, 0, 0, 0, 0, 0, 0, 0, 0, 0, 0, 0, 0, 0, 0, 0, 0, 0, 0, 0, 0, 0, 0, 0, 0, 0, 0, 0, 0, 0, 0, 0, 0, 0, 0, 0, 0, 0, 0, 0, 0, 0, 0, 0, 0, 0, 0, 0, 0, 0, 0, 0, 0, 0, 0, 0, 0, 0, 0, 0, 0, 0, 0, 0, 0, 0, 0, 0, 0, 0, 0, 0, 0, 0, 0, 0, 0, 0, 0, 0, 0, 0, 0, 0, 0, 0, 0, 0, 0, 0, 0, 0, 0, 0, 0, 0, 0, 0, 0, 0, 0, 0, 0, 0, 0, 0, 0, 0, 0, 0, 0, 0, 0, 0, 0, 0, 0, 0, 0, 0, 0, 0, 0, 0, 0, 0, 0, 0, 0, 0, 0, 0, 0, 0, 0, 0, 0, 0, 0, 0, 0, 0, 0, 0, 0, 0, 0, 0, 0, 0, 0, 0, 0, 0, 0, 0, 0, 0, 0, 0, 0, 0, 0, 0, 0, 0, 0, 0, 0, 0, 0, 0, 0, 0, 0, 0, 0, 0, 0, 0, 0, 0, 0, 0, 0, 0, 0, 0, 0, 0, 0, 0, 0, 0, 0, 0, 0, 0, 0, 0, 0, 0, 0, 0, 0, 0, 0, 0, 0, 0, 0, 0, 0, 0, 0, 0, 0, 0, 0, 0, 0, 0, 0, 0, 0, 0, 0, 0, 0, 0, 0, 0, 0, 0, 0, 0, 0, 0, 0, 0, 0, 0, 0, 0, 0, 0, 0, 0, 0, 0, 0, 0, 0, 0, 0, 0, 0, 0, 0, 0, '14.35', 2, 34, '2017-08-07 22:55:00', '2018-07-23 18:12:00', NULL),
(16, '3693233', '30000016', 'PPB-BTB-BLK-003', NULL, NULL, NULL, NULL, 'BTB PAPER BAG SMALL BLK', 'BEYOND THE BOX', 0, 0, 0, 0, 0, 0, 0, 0, 0, 0, 0, 0, 0, 0, 0, 0, 0, 0, 0, 0, 0, 0, 0, 0, 0, 0, 0, 0, 0, 0, 0, 0, 0, 0, 0, 0, 0, 0, 0, 0, 0, 0, 0, 0, 0, 0, 0, 0, 0, 0, 0, 0, 0, 0, 0, 0, 0, 0, 0, 0, 0, 0, 0, 0, 0, 0, 0, 0, 0, 0, 0, 0, 0, 0, 0, 0, 0, 0, 0, 0, 0, 0, 0, 0, 0, 0, 0, 0, 0, 0, 0, 0, 0, 0, 0, 0, 0, 0, 0, 0, 0, 0, 0, 0, 0, 0, 0, 0, 0, 0, 0, 0, 0, 0, 0, 0, 0, 0, 0, 0, 0, 0, 0, 0, 0, 0, 0, 0, 0, 0, 0, 0, 0, 0, 0, 0, 0, 0, 0, 0, 0, 0, 0, 0, 0, 0, 0, 0, 0, 0, 0, 0, 0, 0, 0, 0, 0, 0, 0, 0, 0, 0, 0, 0, 0, 0, 0, 0, 0, 0, 0, 0, 0, 0, 0, 0, 0, 0, 0, 0, 0, 0, 0, 0, 0, 0, 0, 0, 0, 0, 0, 0, 0, 0, 0, 0, 0, 0, 0, 0, 0, 0, 0, 0, 0, 0, 0, 0, 0, 0, 0, 0, 0, 0, 0, 0, 0, 0, 0, 0, 0, 0, 0, 0, 0, 0, 0, 0, 0, 0, 0, 0, 0, 0, 0, 0, 0, 0, 0, 0, 0, 0, 0, 0, 0, 0, 0, 0, 0, 0, 0, 0, 0, 0, 0, 0, 0, 0, 0, 0, 0, 0, 0, 0, 0, 0, 0, 0, 0, 0, 0, 0, 0, 0, 0, 0, 0, 0, 0, 0, 0, 0, 0, 0, 0, 0, 0, 0, 0, 0, 0, 0, 0, 0, 0, 0, 0, 0, 0, 0, 0, 0, 0, 0, 0, 0, 0, 0, 0, 0, 0, 0, 0, 0, 0, 0, 0, 0, 0, 0, 0, 0, 0, 0, 0, 0, 0, 0, 0, 0, 0, 0, 0, 0, 0, 0, 0, 0, 0, 0, 0, 0, 0, 0, 0, 0, 0, 0, 0, 0, 0, 0, 0, 0, 0, 0, 0, 0, 0, 0, 0, 0, 0, 0, 0, 0, 0, 0, 0, 0, 0, 0, 0, 0, 0, 0, 0, 0, '11.35', 2, 34, '2017-08-07 22:55:00', '2018-07-23 18:12:00', NULL),
(17, '3697710', '30000017', 'BEATSFREE001', NULL, NULL, NULL, NULL, 'BEATS IP5 CASE FREE', 'BEATS', 1, 0, 0, 0, 0, 0, 0, 0, 0, 0, 0, 0, 0, 0, 0, 0, 0, 0, 0, 0, 0, 0, 0, 0, 0, 0, 0, 0, 0, 0, 0, 0, 0, 0, 0, 0, 0, 0, 0, 0, 0, 0, 0, 0, 0, 0, 0, 0, 0, 0, 0, 0, 0, 0, 0, 0, 0, 0, 0, 0, 0, 0, 0, 0, 0, 0, 0, 0, 0, 0, 0, 0, 0, 0, 0, 0, 0, 0, 0, 0, 0, 0, 0, 0, 0, 0, 0, 0, 0, 0, 0, 0, 0, 0, 0, 0, 0, 0, 0, 0, 0, 0, 0, 0, 0, 0, 0, 0, 0, 0, 0, 0, 0, 0, 0, 0, 0, 0, 0, 0, 0, 0, 0, 0, 0, 0, 0, 0, 0, 0, 0, 0, 0, 0, 0, 0, 0, 0, 0, 0, 0, 0, 0, 0, 0, 0, 0, 0, 0, 0, 0, 0, 0, 0, 0, 0, 0, 0, 0, 0, 0, 0, 0, 0, 0, 0, 0, 0, 0, 0, 0, 0, 0, 0, 0, 0, 0, 0, 0, 0, 0, 0, 0, 0, 0, 0, 0, 0, 0, 0, 0, 0, 0, 0, 0, 0, 0, 0, 0, 0, 0, 0, 0, 0, 0, 0, 0, 0, 0, 0, 0, 0, 0, 0, 0, 0, 0, 0, 0, 0, 0, 0, 0, 0, 0, 0, 0, 0, 0, 0, 0, 0, 0, 0, 0, 0, 0, 0, 0, 0, 0, 0, 0, 0, 0, 0, 0, 0, 0, 0, 0, 0, 0, 0, 0, 0, 0, 0, 0, 0, 0, 0, 0, 0, 0, 0, 0, 0, 0, 0, 0, 0, 0, 0, 0, 0, 0, 0, 0, 0, 0, 0, 0, 0, 0, 0, 0, 0, 0, 0, 0, 0, 0, 0, 0, 0, 0, 0, 0, 0, 0, 0, 0, 0, 0, 0, 0, 0, 0, 0, 0, 0, 0, 0, 0, 0, 0, 0, 0, 0, 0, 0, 0, 0, 0, 0, 0, 0, 0, 0, 0, 0, 0, 0, 0, 0, 0, 0, 0, 0, 0, 0, 0, 0, 0, 0, 0, 0, 0, 0, 0, 0, 0, 0, 0, 0, 0, 0, 0, 0, 0, 0, 0, 0, 0, 0, 0, 0, 0, 0, 0, 0, 0, 0, 0, 0, 0, 0, '0.00', 2, 156, '2017-08-07 22:55:00', '2020-02-28 22:41:18', NULL),
(18, '3697711', '30000018', '849420002184', NULL, NULL, NULL, NULL, 'CAB LEATHER STICKER ALICE', 'CARTE BLANCHE', 0, 0, 0, 0, 0, 0, 0, 0, 0, 0, 0, 0, 0, 0, 5, 0, 0, 0, 0, 0, 0, 0, 0, 0, 0, 0, 0, 0, 0, 0, 0, 0, 0, 0, 0, 0, 0, 0, 0, 0, 0, 0, 0, 0, 0, 0, 0, 0, 0, 0, 0, 0, 0, 0, 0, 0, 0, 0, 0, 0, 0, 0, 0, 0, 0, 0, 0, 0, 0, 0, 0, 0, 0, 0, 0, 0, 0, 0, 0, 0, 0, 0, 0, 0, 0, 0, 0, 0, 0, 0, 0, 0, 0, 0, 0, 0, 0, 0, 0, 0, 0, 0, 0, 0, 0, 0, 0, 0, 0, 0, 0, 0, 0, 0, 0, 0, 0, 0, 0, 0, 0, 0, 0, 0, 0, 0, 0, 0, 0, 0, 0, 0, 0, 0, 0, 0, 0, 0, 0, 0, 0, 0, 0, 0, 0, 0, 0, 0, 0, 0, 0, 0, 0, 0, 0, 0, 0, 0, 0, 0, 0, 0, 0, 0, 0, 0, 0, 0, 0, 0, 0, 0, 0, 0, 0, 0, 0, 0, 0, 0, 0, 0, 0, 0, 0, 0, 0, 0, 0, 0, 0, 0, 0, 0, 0, 0, 0, 0, 0, 0, 0, 0, 0, 0, 0, 0, 0, 0, 0, 0, 0, 0, 0, 0, 0, 0, 0, 0, 0, 0, 0, 0, 0, 0, 0, 0, 0, 0, 0, 0, 0, 0, 0, 0, 0, 0, 0, 0, 0, 0, 0, 0, 0, 0, 0, 0, 0, 0, 0, 0, 0, 0, 0, 0, 0, 0, 0, 0, 0, 0, 0, 0, 0, 0, 0, 0, 0, 0, 0, 0, 0, 0, 0, 0, 0, 0, 0, 0, 0, 0, 0, 0, 0, 0, 0, 0, 0, 0, 0, 0, 0, 0, 0, 0, 0, 0, 0, 0, 0, 0, 0, 0, 0, 0, 0, 0, 0, 0, 0, 0, 0, 0, 0, 0, 0, 0, 0, 0, 0, 0, 0, 0, 0, 0, 0, 0, 0, 0, 0, 0, 0, 0, 0, 0, 0, 0, 0, 0, 0, 0, 0, 0, 0, 0, 0, 0, 0, 0, 0, 0, 0, 0, 0, 0, 0, 0, 0, 0, 0, 0, 0, 0, 0, 0, 0, 0, 0, 0, 0, 0, 0, 0, 0, 0, 0, 0, 0, 0, '200.00', 2, NULL, '2017-08-07 22:55:00', '2018-07-23 18:12:00', NULL),
(19, '3697712', '30000019', '849420002191', NULL, NULL, NULL, NULL, 'CAB LEATHER STICKER FUDGE', 'CARTE BLANCHE', 0, 0, 0, 0, 0, 0, 0, 0, 0, 0, 0, 0, 0, 0, 5, 0, 0, 0, 0, 0, 0, 0, 0, 0, 0, 0, 0, 0, 0, 0, 0, 0, 0, 0, 0, 0, 0, 0, 0, 0, 0, 0, 0, 0, 0, 0, 0, 0, 0, 0, 0, 0, 0, 0, 0, 0, 0, 0, 0, 0, 0, 0, 0, 0, 0, 0, 0, 0, 0, 0, 0, 0, 0, 0, 0, 0, 0, 0, 0, 0, 0, 0, 0, 0, 0, 0, 0, 0, 0, 0, 0, 0, 0, 0, 0, 0, 0, 0, 0, 0, 0, 0, 0, 0, 0, 0, 0, 0, 0, 0, 0, 0, 0, 0, 0, 0, 0, 0, 0, 0, 0, 0, 0, 0, 0, 0, 0, 0, 0, 0, 0, 0, 0, 0, 0, 0, 0, 0, 0, 0, 0, 0, 0, 0, 0, 0, 0, 0, 0, 0, 0, 0, 0, 0, 0, 0, 0, 0, 0, 0, 0, 0, 0, 0, 0, 0, 0, 0, 0, 0, 0, 0, 0, 0, 0, 0, 0, 0, 0, 0, 0, 0, 0, 0, 0, 0, 0, 0, 0, 0, 0, 0, 0, 0, 0, 0, 0, 0, 0, 0, 0, 0, 0, 0, 0, 0, 0, 0, 0, 0, 0, 0, 0, 0, 0, 0, 0, 0, 0, 0, 0, 0, 0, 0, 0, 0, 0, 0, 0, 0, 0, 0, 0, 0, 0, 0, 0, 0, 0, 0, 0, 0, 0, 0, 0, 0, 0, 0, 0, 0, 0, 0, 0, 0, 0, 0, 0, 0, 0, 0, 0, 0, 0, 0, 0, 0, 0, 0, 0, 0, 0, 0, 0, 0, 0, 0, 0, 0, 0, 0, 0, 0, 0, 0, 0, 0, 0, 0, 0, 0, 0, 0, 0, 0, 0, 0, 0, 0, 0, 0, 0, 0, 0, 0, 0, 0, 0, 0, 0, 0, 0, 0, 0, 0, 0, 0, 0, 0, 0, 0, 0, 0, 0, 0, 0, 0, 0, 0, 0, 0, 0, 0, 0, 0, 0, 0, 0, 0, 0, 0, 0, 0, 0, 0, 0, 0, 0, 0, 0, 0, 0, 0, 0, 0, 0, 0, 0, 0, 0, 0, 0, 0, 0, 0, 0, 0, 0, 0, 0, 0, 0, 0, 0, 0, 0, 0, 0, 0, '200.00', 2, NULL, '2017-08-07 22:55:00', '2018-07-23 18:12:00', NULL),
(20, '3697713', '30000020', '849420002207', NULL, NULL, NULL, NULL, 'CAB LEATHER STICKER BINKY', 'CARTE BLANCHE', 0, 0, 0, 0, 0, 0, 0, 0, 0, 0, 0, 0, 0, 0, 8, 0, 0, 0, 0, 0, 0, 0, 0, 0, 0, 0, 0, 0, 0, 0, 0, 0, 0, 0, 0, 0, 0, 0, 0, 0, 0, 0, 0, 0, 0, 0, 0, 0, 0, 0, 0, 0, 0, 0, 0, 0, 0, 0, 0, 0, 0, 0, 0, 0, 0, 0, 0, 0, 0, 0, 0, 0, 0, 0, 0, 0, 0, 0, 0, 0, 0, 0, 0, 0, 0, 0, 0, 0, 0, 0, 0, 0, 0, 0, 0, 0, 0, 0, 0, 0, 0, 0, 0, 0, 0, 0, 0, 0, 0, 0, 0, 0, 0, 0, 0, 0, 0, 0, 0, 0, 0, 0, 0, 0, 0, 0, 0, 0, 0, 0, 0, 0, 0, 0, 0, 0, 0, 0, 0, 0, 0, 0, 0, 0, 0, 0, 0, 0, 0, 0, 0, 0, 0, 0, 0, 0, 0, 0, 0, 0, 0, 0, 0, 0, 0, 0, 0, 0, 0, 0, 0, 0, 0, 0, 0, 0, 0, 0, 0, 0, 0, 0, 0, 0, 0, 0, 0, 0, 0, 0, 0, 0, 0, 0, 0, 0, 0, 0, 0, 0, 0, 0, 0, 0, 0, 0, 0, 0, 0, 0, 0, 0, 0, 0, 0, 0, 0, 0, 0, 0, 0, 0, 0, 0, 0, 0, 0, 0, 0, 0, 0, 0, 0, 0, 0, 0, 0, 0, 0, 0, 0, 0, 0, 0, 0, 0, 0, 0, 0, 0, 0, 0, 0, 0, 0, 0, 0, 0, 0, 0, 0, 0, 0, 0, 0, 0, 0, 0, 0, 0, 0, 0, 0, 0, 0, 0, 0, 0, 0, 0, 0, 0, 0, 0, 0, 0, 0, 0, 0, 0, 0, 0, 0, 0, 0, 0, 0, 0, 0, 0, 0, 0, 0, 0, 0, 0, 0, 0, 0, 0, 0, 0, 0, 0, 0, 0, 0, 0, 0, 0, 0, 0, 0, 0, 0, 0, 0, 0, 0, 0, 0, 0, 0, 0, 0, 0, 0, 0, 0, 0, 0, 0, 0, 0, 0, 0, 0, 0, 0, 0, 0, 0, 0, 0, 0, 0, 0, 0, 0, 0, 0, 0, 0, 0, 0, 0, 0, 0, 0, 0, 0, 0, 0, 0, 0, 0, 0, 0, '200.00', 2, NULL, '2017-08-07 22:55:00', '2018-07-23 18:12:00', NULL),
(21, '3697714', '30000021', '849420002214', NULL, NULL, NULL, NULL, 'CAB LEATHER STICKER CHEERS', 'CARTE BLANCHE', 0, 0, 0, 0, 0, 0, 0, 0, 0, 0, 0, 0, 0, 0, 8, 0, 0, 0, 0, 0, 0, 0, 0, 0, 0, 0, 0, 0, 0, 0, 0, 0, 0, 0, 0, 0, 0, 0, 0, 0, 0, 0, 0, 0, 0, 0, 0, 0, 0, 0, 0, 0, 0, 0, 0, 0, 0, 0, 0, 0, 0, 0, 0, 0, 0, 0, 0, 0, 0, 0, 0, 0, 0, 0, 0, 0, 0, 0, 0, 0, 0, 0, 0, 0, 0, 0, 0, 0, 0, 0, 0, 0, 0, 0, 0, 0, 0, 0, 0, 0, 0, 0, 0, 0, 0, 0, 0, 0, 0, 0, 0, 0, 0, 0, 0, 0, 0, 0, 0, 0, 0, 0, 0, 0, 0, 0, 0, 0, 0, 0, 0, 0, 0, 0, 0, 0, 0, 0, 0, 0, 0, 0, 0, 0, 0, 0, 0, 0, 0, 0, 0, 0, 0, 0, 0, 0, 0, 0, 0, 0, 0, 0, 0, 0, 0, 0, 0, 0, 0, 0, 0, 0, 0, 0, 0, 0, 0, 0, 0, 0, 0, 0, 0, 0, 0, 0, 0, 0, 0, 0, 0, 0, 0, 0, 0, 0, 0, 0, 0, 0, 0, 0, 0, 0, 0, 0, 0, 0, 0, 0, 0, 0, 0, 0, 0, 0, 0, 0, 0, 0, 0, 0, 0, 0, 0, 0, 0, 0, 0, 0, 0, 0, 0, 0, 0, 0, 0, 0, 0, 0, 0, 0, 0, 0, 0, 0, 0, 0, 0, 0, 0, 0, 0, 0, 0, 0, 0, 0, 0, 0, 0, 0, 0, 0, 0, 0, 0, 0, 0, 0, 0, 0, 0, 0, 0, 0, 0, 0, 0, 0, 0, 0, 0, 0, 0, 0, 0, 0, 0, 0, 0, 0, 0, 0, 0, 0, 0, 0, 0, 0, 0, 0, 0, 0, 0, 0, 0, 0, 0, 0, 0, 0, 0, 0, 0, 0, 0, 0, 0, 0, 0, 0, 0, 0, 0, 0, 0, 0, 0, 0, 0, 0, 0, 0, 0, 0, 0, 0, 0, 0, 0, 0, 0, 0, 0, 0, 0, 0, 0, 0, 0, 0, 0, 0, 0, 0, 0, 0, 0, 0, 0, 0, 0, 0, 0, 0, 0, 0, 0, 0, 0, 0, 0, 0, 0, 0, 0, 0, '200.00', 2, NULL, '2017-08-07 22:55:00', '2018-07-23 18:12:00', NULL),
(22, '3697715', '30000022', '849420002221', NULL, NULL, NULL, NULL, 'CAB LEATHER STICKER MOCHI', 'CARTE BLANCHE', 0, 0, 0, 0, 0, 0, 0, 0, 0, 0, 0, 0, 0, 0, 7, 0, 0, 0, 0, 0, 0, 0, 0, 0, 0, 0, 0, 0, 0, 0, 0, 0, 0, 0, 0, 0, 0, 0, 0, 0, 0, 0, 0, 0, 0, 0, 0, 0, 0, 0, 0, 0, 0, 0, 0, 0, 0, 0, 0, 0, 0, 0, 0, 0, 0, 0, 0, 0, 0, 0, 0, 0, 0, 0, 0, 0, 0, 0, 0, 0, 0, 0, 0, 0, 0, 0, 0, 0, 0, 0, 0, 0, 0, 0, 0, 0, 0, 0, 0, 0, 0, 0, 0, 0, 0, 0, 0, 0, 0, 0, 0, 0, 0, 0, 0, 0, 0, 0, 0, 0, 0, 0, 0, 0, 0, 0, 0, 0, 0, 0, 0, 0, 0, 0, 0, 0, 0, 0, 0, 0, 0, 0, 0, 0, 0, 0, 0, 0, 0, 0, 0, 0, 0, 0, 0, 0, 0, 0, 0, 0, 0, 0, 0, 0, 0, 0, 0, 0, 0, 0, 0, 0, 0, 0, 0, 0, 0, 0, 0, 0, 0, 0, 0, 0, 0, 0, 0, 0, 0, 0, 0, 0, 0, 0, 0, 0, 0, 0, 0, 0, 0, 0, 0, 0, 0, 0, 0, 0, 0, 0, 0, 0, 0, 0, 0, 0, 0, 0, 0, 0, 0, 0, 0, 0, 0, 0, 0, 0, 0, 0, 0, 0, 0, 0, 0, 0, 0, 0, 0, 0, 0, 0, 0, 0, 0, 0, 0, 0, 0, 0, 0, 0, 0, 0, 0, 0, 0, 0, 0, 0, 0, 0, 0, 0, 0, 0, 0, 0, 0, 0, 0, 0, 0, 0, 0, 0, 0, 0, 0, 0, 0, 0, 0, 0, 0, 0, 0, 0, 0, 0, 0, 0, 0, 0, 0, 0, 0, 0, 0, 0, 0, 0, 0, 0, 0, 0, 0, 0, 0, 0, 0, 0, 0, 0, 0, 0, 0, 0, 0, 0, 0, 0, 0, 0, 0, 0, 0, 0, 0, 0, 0, 0, 0, 0, 0, 0, 0, 0, 0, 0, 0, 0, 0, 0, 0, 0, 0, 0, 0, 0, 0, 0, 0, 0, 0, 0, 0, 0, 0, 0, 0, 0, 0, 0, 0, 0, 0, 0, 0, 0, 0, 0, 0, 0, 0, 0, 0, 0, '240.00', 2, NULL, '2017-08-07 22:55:00', '2018-07-23 18:12:00', NULL),
(23, '3697716', '30000023', '849420002238', NULL, NULL, NULL, NULL, 'CAB LEATHER STICKER GOOGLY', 'CARTE BLANCHE', 0, 0, 0, 0, 0, 0, 0, 0, 0, 0, 0, 0, 0, 0, 5, 0, 0, 0, 0, 0, 0, 0, 0, 0, 0, 0, 0, 0, 0, 0, 0, 0, 0, 0, 0, 0, 0, 0, 0, 0, 0, 0, 0, 0, 0, 0, 0, 0, 0, 0, 0, 0, 0, 0, 0, 0, 0, 0, 0, 0, 0, 0, 0, 0, 0, 0, 0, 0, 0, 0, 0, 0, 0, 0, 0, 0, 0, 0, 0, 0, 0, 0, 0, 0, 0, 0, 0, 0, 0, 0, 0, 0, 0, 0, 0, 0, 0, 0, 0, 0, 0, 0, 0, 0, 0, 0, 0, 0, 0, 0, 0, 0, 0, 0, 0, 0, 0, 0, 0, 0, 0, 0, 0, 0, 0, 0, 0, 0, 0, 0, 0, 0, 0, 0, 0, 0, 0, 0, 0, 0, 0, 0, 0, 0, 0, 0, 0, 0, 0, 0, 0, 0, 0, 0, 0, 0, 0, 0, 0, 0, 0, 0, 0, 0, 0, 0, 0, 0, 0, 0, 0, 0, 0, 0, 0, 0, 0, 0, 0, 0, 0, 0, 0, 0, 0, 0, 0, 0, 0, 0, 0, 0, 0, 0, 0, 0, 0, 0, 0, 0, 0, 0, 0, 0, 0, 0, 0, 0, 0, 0, 0, 0, 0, 0, 0, 0, 0, 0, 0, 0, 0, 0, 0, 0, 0, 0, 0, 0, 0, 0, 0, 0, 0, 0, 0, 0, 0, 0, 0, 0, 0, 0, 0, 0, 0, 0, 0, 0, 0, 0, 0, 0, 0, 0, 0, 0, 0, 0, 0, 0, 0, 0, 0, 0, 0, 0, 0, 0, 0, 0, 0, 0, 0, 0, 0, 0, 0, 0, 0, 0, 0, 0, 0, 0, 0, 0, 0, 0, 0, 0, 0, 0, 0, 0, 0, 0, 0, 0, 0, 0, 0, 0, 0, 0, 0, 0, 0, 0, 0, 0, 0, 0, 0, 0, 0, 0, 0, 0, 0, 0, 0, 0, 0, 0, 0, 0, 0, 0, 0, 0, 0, 0, 0, 0, 0, 0, 0, 0, 0, 0, 0, 0, 0, 0, 0, 0, 0, 0, 0, 0, 0, 0, 0, 0, 0, 0, 0, 0, 0, 0, 0, 0, 0, 0, 0, 0, 0, 0, 0, 0, 0, 0, 0, 0, 0, 0, 0, 0, '450.00', 2, NULL, '2017-08-07 22:55:00', '2018-07-23 18:12:00', NULL),
(24, '3697717', '30000024', '849420002245', NULL, NULL, NULL, NULL, 'CAB LEATHER STICKER GEORGE', 'CARTE BLANCHE', 0, 0, 0, 0, 0, 0, 0, 0, 0, 0, 0, 0, 0, 0, 5, 0, 0, 0, 0, 0, 0, 0, 0, 0, 0, 0, 0, 0, 0, 0, 0, 0, 0, 0, 0, 0, 0, 0, 0, 0, 0, 0, 0, 0, 0, 0, 0, 0, 0, 0, 0, 0, 0, 0, 0, 0, 0, 0, 0, 0, 0, 0, 0, 0, 0, 0, 0, 0, 0, 0, 0, 0, 0, 0, 0, 0, 0, 0, 0, 0, 0, 0, 0, 0, 0, 0, 0, 0, 0, 0, 0, 0, 0, 0, 0, 0, 0, 0, 0, 0, 0, 0, 0, 0, 0, 0, 0, 0, 0, 0, 0, 0, 0, 0, 0, 0, 0, 0, 0, 0, 0, 0, 0, 0, 0, 0, 0, 0, 0, 0, 0, 0, 0, 0, 0, 0, 0, 0, 0, 0, 0, 0, 0, 0, 0, 0, 0, 0, 0, 0, 0, 0, 0, 0, 0, 0, 0, 0, 0, 0, 0, 0, 0, 0, 0, 0, 0, 0, 0, 0, 0, 0, 0, 0, 0, 0, 0, 0, 0, 0, 0, 0, 0, 0, 0, 0, 0, 0, 0, 0, 0, 0, 0, 0, 0, 0, 0, 0, 0, 0, 0, 0, 0, 0, 0, 0, 0, 0, 0, 0, 0, 0, 0, 0, 0, 0, 0, 0, 0, 0, 0, 0, 0, 0, 0, 0, 0, 0, 0, 0, 0, 0, 0, 0, 0, 0, 0, 0, 0, 0, 0, 0, 0, 0, 0, 0, 0, 0, 0, 0, 0, 0, 0, 0, 0, 0, 0, 0, 0, 0, 0, 0, 0, 0, 0, 0, 0, 0, 0, 0, 0, 0, 0, 0, 0, 0, 0, 0, 0, 0, 0, 0, 0, 0, 0, 0, 0, 0, 0, 0, 0, 0, 0, 0, 0, 0, 0, 0, 0, 0, 0, 0, 0, 0, 0, 0, 0, 0, 0, 0, 0, 0, 0, 0, 0, 0, 0, 0, 0, 0, 0, 0, 0, 0, 0, 0, 0, 0, 0, 0, 0, 0, 0, 0, 0, 0, 0, 0, 0, 0, 0, 0, 0, 0, 0, 0, 0, 0, 0, 0, 0, 0, 0, 0, 0, 0, 0, 0, 0, 0, 0, 0, 0, 0, 0, 0, 0, 0, 0, 0, 0, 0, 0, 0, 0, 0, 0, 0, '240.00', 2, NULL, '2017-08-07 22:55:00', '2018-07-23 18:12:00', NULL),
(25, '3697718', '30000025', '849420002252', NULL, NULL, NULL, NULL, 'CAB LEATHER STICKER JAWS', 'CARTE BLANCHE', 0, 0, 0, 0, 0, 0, 0, 0, 0, 0, 0, 0, 0, 0, 5, 0, 0, 0, 0, 0, 0, 0, 0, 0, 0, 0, 0, 0, 0, 0, 0, 0, 0, 0, 0, 0, 0, 0, 0, 0, 0, 0, 0, 0, 0, 0, 0, 0, 0, 0, 0, 0, 0, 0, 0, 0, 0, 0, 0, 0, 0, 0, 0, 0, 0, 0, 0, 0, 0, 0, 0, 0, 0, 0, 0, 0, 0, 0, 0, 0, 0, 0, 0, 0, 0, 0, 0, 0, 0, 0, 0, 0, 0, 0, 0, 0, 0, 0, 0, 0, 0, 0, 0, 0, 0, 0, 0, 0, 0, 0, 0, 0, 0, 0, 0, 0, 0, 0, 0, 0, 0, 0, 0, 0, 0, 0, 0, 0, 0, 0, 0, 0, 0, 0, 0, 0, 0, 0, 0, 0, 0, 0, 0, 0, 0, 0, 0, 0, 0, 0, 0, 0, 0, 0, 0, 0, 0, 0, 0, 0, 0, 0, 0, 0, 0, 0, 0, 0, 0, 0, 0, 0, 0, 0, 0, 0, 0, 0, 0, 0, 0, 0, 0, 0, 0, 0, 0, 0, 0, 0, 0, 0, 0, 0, 0, 0, 0, 0, 0, 0, 0, 0, 0, 0, 0, 0, 0, 0, 0, 0, 0, 0, 0, 0, 0, 0, 0, 0, 0, 0, 0, 0, 0, 0, 0, 0, 0, 0, 0, 0, 0, 0, 0, 0, 0, 0, 0, 0, 0, 0, 0, 0, 0, 0, 0, 0, 0, 0, 0, 0, 0, 0, 0, 0, 0, 0, 0, 0, 0, 0, 0, 0, 0, 0, 0, 0, 0, 0, 0, 0, 0, 0, 0, 0, 0, 0, 0, 0, 0, 0, 0, 0, 0, 0, 0, 0, 0, 0, 0, 0, 0, 0, 0, 0, 0, 0, 0, 0, 0, 0, 0, 0, 0, 0, 0, 0, 0, 0, 0, 0, 0, 0, 0, 0, 0, 0, 0, 0, 0, 0, 0, 0, 0, 0, 0, 0, 0, 0, 0, 0, 0, 0, 0, 0, 0, 0, 0, 0, 0, 0, 0, 0, 0, 0, 0, 0, 0, 0, 0, 0, 0, 0, 0, 0, 0, 0, 0, 0, 0, 0, 0, 0, 0, 0, 0, 0, 0, 0, 0, 0, 0, 0, 0, 0, 0, 0, 0, 0, '240.00', 2, NULL, '2017-08-07 22:55:00', '2018-07-23 18:12:00', NULL),
(26, '3697719', '30000026', '849420002269', NULL, NULL, NULL, NULL, 'CAB LEATHER STICKER MISTY', 'CARTE BLANCHE', 0, 0, 0, 0, 0, 0, 0, 0, 0, 0, 0, 0, 0, 0, 6, 0, 0, 0, 0, 0, 0, 0, 0, 0, 0, 0, 0, 0, 0, 0, 0, 0, 0, 0, 0, 0, 0, 0, 0, 0, 0, 0, 0, 0, 0, 0, 0, 0, 0, 0, 0, 0, 0, 0, 0, 0, 0, 0, 0, 0, 0, 0, 0, 0, 0, 0, 0, 0, 0, 0, 0, 0, 0, 0, 0, 0, 0, 0, 0, 0, 0, 0, 0, 0, 0, 0, 0, 0, 0, 0, 0, 0, 0, 0, 0, 0, 0, 0, 0, 0, 0, 0, 0, 0, 0, 0, 0, 0, 0, 0, 0, 0, 0, 0, 0, 0, 0, 0, 0, 0, 0, 0, 0, 0, 0, 0, 0, 0, 0, 0, 0, 0, 0, 0, 0, 0, 0, 0, 0, 0, 0, 0, 0, 0, 0, 0, 0, 0, 0, 0, 0, 0, 0, 0, 0, 0, 0, 0, 0, 0, 0, 0, 0, 0, 0, 0, 0, 0, 0, 0, 0, 0, 0, 0, 0, 0, 0, 0, 0, 0, 0, 0, 0, 0, 0, 0, 0, 0, 0, 0, 0, 0, 0, 0, 0, 0, 0, 0, 0, 0, 0, 0, 0, 0, 0, 0, 0, 0, 0, 0, 0, 0, 0, 0, 0, 0, 0, 0, 0, 0, 0, 0, 0, 0, 0, 0, 0, 0, 0, 0, 0, 0, 0, 0, 0, 0, 0, 0, 0, 0, 0, 0, 0, 0, 0, 0, 0, 0, 0, 0, 0, 0, 0, 0, 0, 0, 0, 0, 0, 0, 0, 0, 0, 0, 0, 0, 0, 0, 0, 0, 0, 0, 0, 0, 0, 0, 0, 0, 0, 0, 0, 0, 0, 0, 0, 0, 0, 0, 0, 0, 0, 0, 0, 0, 0, 0, 0, 0, 0, 0, 0, 0, 0, 0, 0, 0, 0, 0, 0, 0, 0, 0, 0, 0, 0, 0, 0, 0, 0, 0, 0, 0, 0, 0, 0, 0, 0, 0, 0, 0, 0, 0, 0, 0, 0, 0, 0, 0, 0, 0, 0, 0, 0, 0, 0, 0, 0, 0, 0, 0, 0, 0, 0, 0, 0, 0, 0, 0, 0, 0, 0, 0, 0, 0, 0, 0, 0, 0, 0, 0, 0, 0, 0, 0, 0, 0, 0, 0, '240.00', 2, NULL, '2017-08-07 22:55:00', '2018-07-23 18:12:00', NULL),
(27, '3697720', '30000027', '849420002276', NULL, NULL, NULL, NULL, 'CAB LEATHER STICKER CASPER', 'CARTE BLANCHE', 0, 0, 0, 0, 0, 0, 0, 0, 0, 0, 0, 0, 0, 0, 5, 0, 0, 0, 0, 0, 0, 0, 0, 0, 0, 0, 0, 0, 0, 0, 0, 0, 0, 0, 0, 0, 0, 0, 0, 0, 0, 0, 0, 0, 0, 0, 0, 0, 0, 0, 0, 0, 0, 0, 0, 0, 0, 0, 0, 0, 0, 0, 0, 0, 0, 0, 0, 0, 0, 0, 0, 0, 0, 0, 0, 0, 0, 0, 0, 0, 0, 0, 0, 0, 0, 0, 0, 0, 0, 0, 0, 0, 0, 0, 0, 0, 0, 0, 0, 0, 0, 0, 0, 0, 0, 0, 0, 0, 0, 0, 0, 0, 0, 0, 0, 0, 0, 0, 0, 0, 0, 0, 0, 0, 0, 0, 0, 0, 0, 0, 0, 0, 0, 0, 0, 0, 0, 0, 0, 0, 0, 0, 0, 0, 0, 0, 0, 0, 0, 0, 0, 0, 0, 0, 0, 0, 0, 0, 0, 0, 0, 0, 0, 0, 0, 0, 0, 0, 0, 0, 0, 0, 0, 0, 0, 0, 0, 0, 0, 0, 0, 0, 0, 0, 0, 0, 0, 0, 0, 0, 0, 0, 0, 0, 0, 0, 0, 0, 0, 0, 0, 0, 0, 0, 0, 0, 0, 0, 0, 0, 0, 0, 0, 0, 0, 0, 0, 0, 0, 0, 0, 0, 0, 0, 0, 0, 0, 0, 0, 0, 0, 0, 0, 0, 0, 0, 0, 0, 0, 0, 0, 0, 0, 0, 0, 0, 0, 0, 0, 0, 0, 0, 0, 0, 0, 0, 0, 0, 0, 0, 0, 0, 0, 0, 0, 0, 0, 0, 0, 0, 0, 0, 0, 0, 0, 0, 0, 0, 0, 0, 0, 0, 0, 0, 0, 0, 0, 0, 0, 0, 0, 0, 0, 0, 0, 0, 0, 0, 0, 0, 0, 0, 0, 0, 0, 0, 0, 0, 0, 0, 0, 0, 0, 0, 0, 0, 0, 0, 0, 0, 0, 0, 0, 0, 0, 0, 0, 0, 0, 0, 0, 0, 0, 0, 0, 0, 0, 0, 0, 0, 0, 0, 0, 0, 0, 0, 0, 0, 0, 0, 0, 0, 0, 0, 0, 0, 0, 0, 0, 0, 0, 0, 0, 0, 0, 0, 0, 0, 0, 0, 0, 0, 0, 0, 0, 0, 0, 0, '200.00', 2, NULL, '2017-08-07 22:55:00', '2018-07-23 18:12:00', NULL),
(28, '3697721', '30000028', '4960999783260', NULL, NULL, NULL, NULL, 'SPEED LITE 270 EX 11 FREE', 'CANON', 0, 0, 0, 0, 0, 0, 0, 0, 0, 0, 0, 0, 0, 0, 0, 0, 0, 0, 0, 0, 0, 0, 0, 0, 0, 0, 0, 0, 0, 0, 0, 0, 0, 0, 0, 0, 0, 0, 0, 0, 0, 0, 0, 0, 0, 0, 0, 0, 0, 0, 0, 0, 0, 0, 0, 0, 0, 0, 0, 0, 0, 0, 0, 0, 0, 0, 0, 0, 0, 0, 0, 0, 0, 0, 0, 0, 0, 0, 0, 0, 0, 0, 0, 0, 0, 0, 0, 0, 0, 0, 0, 0, 0, 0, 0, 0, 0, 0, 0, 0, 0, 0, 0, 0, 0, 0, 0, 0, 0, 0, 0, 0, 0, 0, 0, 0, 0, 0, 0, 0, 0, 0, 0, 0, 0, 0, 0, 0, 0, 0, 0, 0, 0, 0, 0, 0, 0, 0, 0, 0, 0, 0, 0, 0, 0, 0, 0, 0, 0, 0, 0, 0, 0, 0, 0, 0, 0, 0, 0, 0, 0, 0, 0, 0, 0, 0, 0, 0, 0, 0, 0, 0, 0, 0, 0, 0, 0, 0, 0, 0, 0, 0, 0, 0, 0, 0, 0, 0, 0, 0, 0, 0, 0, 0, 0, 0, 0, 0, 0, 0, 0, 0, 0, 0, 0, 0, 0, 0, 0, 0, 0, 0, 0, 0, 0, 0, 0, 0, 0, 0, 0, 0, 0, 0, 0, 0, 0, 0, 0, 0, 0, 0, 0, 0, 0, 0, 0, 0, 0, 0, 0, 0, 0, 0, 0, 0, 0, 0, 0, 0, 0, 0, 0, 0, 0, 0, 0, 0, 0, 0, 0, 0, 0, 0, 0, 0, 0, 0, 0, 0, 0, 0, 0, 0, 0, 0, 0, 0, 0, 0, 0, 0, 0, 0, 0, 0, 0, 0, 0, 0, 0, 0, 0, 0, 0, 0, 0, 0, 0, 0, 0, 0, 0, 0, 0, 0, 0, 0, 0, 0, 0, 0, 0, 0, 0, 0, 0, 0, 0, 0, 0, 0, 0, 0, 0, 0, 0, 0, 0, 0, 0, 0, 0, 0, 0, 0, 0, 0, 0, 0, 0, 0, 0, 0, 0, 0, 0, 0, 0, 0, 0, 0, 0, 0, 0, 0, 0, 0, 0, 0, 0, 0, 0, 0, 0, 0, 0, 0, 0, 0, 0, 0, 0, 0, 0, 0, 0, 0, '0.00', 2, NULL, '2017-08-07 22:55:00', '2018-07-23 18:12:00', NULL);
INSERT INTO `items` (`id`, `bea_item_id`, `digits_code`, `upc_code`, `upc_code2`, `upc_code3`, `upc_code4`, `upc_code5`, `item_description`, `brand`, `has_serial`, `allowed_multi_serial`, `distri_reserve_qty`, `digimap_reserve_qty`, `commonwlth_reserve_qty`, `sm_app_reserve_qty`, `i_studio_reserve_qty`, `tobys_reserve_qty`, `rustans_reserve_qty`, `abenson_reserve_qty`, `rox_reserve_qty`, `pure_move_reserve_qty`, `sm_dept_reserve_qty`, `reserve_qty`, `lazada_reserve_qty`, `shopee_reserve_qty`, `20240301_tobys_reserved_qty`, `20240301_sm_dept_reserved_qty`, `20240301_sm_app_reserved_qty`, `20240301_rustans_reserved_qty`, `20240301_rox_reserved_qty`, `20240301_pure_move_reserved_qty`, `20240301_i_studio_reserved_qty`, `20240301_digimap_reserved_qty`, `20240301_commonwlth_reserved_qty`, `20240301_abenson_reserved_qty`, `20240301_reserved_qty`, `20240229_tobys_reserved_qty`, `20240229_sm_dept_reserved_qty`, `20240229_sm_app_reserved_qty`, `20240229_rustans_reserved_qty`, `20240229_rox_reserved_qty`, `20240229_pure_move_reserved_qty`, `20240229_i_studio_reserved_qty`, `20240229_digimap_reserved_qty`, `20240229_commonwlth_reserved_qty`, `20240229_abenson_reserved_qty`, `20240229_reserved_qty`, `20240228_tobys_reserved_qty`, `20240228_sm_dept_reserved_qty`, `20240228_sm_app_reserved_qty`, `20240228_rustans_reserved_qty`, `20240228_rox_reserved_qty`, `20240228_pure_move_reserved_qty`, `20240228_i_studio_reserved_qty`, `20240228_digimap_reserved_qty`, `20240228_commonwlth_reserved_qty`, `20240228_abenson_reserved_qty`, `20240228_reserved_qty`, `20240227_tobys_reserved_qty`, `20240227_sm_dept_reserved_qty`, `20240227_sm_app_reserved_qty`, `20240227_rustans_reserved_qty`, `20240227_rox_reserved_qty`, `20240227_pure_move_reserved_qty`, `20240227_i_studio_reserved_qty`, `20240227_digimap_reserved_qty`, `20240227_commonwlth_reserved_qty`, `20240227_abenson_reserved_qty`, `20240227_reserved_qty`, `20240226_tobys_reserved_qty`, `20240226_sm_dept_reserved_qty`, `20240226_sm_app_reserved_qty`, `20240226_rustans_reserved_qty`, `20240226_rox_reserved_qty`, `20240226_pure_move_reserved_qty`, `20240226_i_studio_reserved_qty`, `20240226_digimap_reserved_qty`, `20240226_commonwlth_reserved_qty`, `20240226_abenson_reserved_qty`, `20240226_reserved_qty`, `20240225_tobys_reserved_qty`, `20240225_sm_dept_reserved_qty`, `20240225_sm_app_reserved_qty`, `20240225_rustans_reserved_qty`, `20240225_rox_reserved_qty`, `20240225_pure_move_reserved_qty`, `20240225_i_studio_reserved_qty`, `20240225_digimap_reserved_qty`, `20240225_commonwlth_reserved_qty`, `20240225_abenson_reserved_qty`, `20240225_reserved_qty`, `20240224_tobys_reserved_qty`, `20240224_sm_dept_reserved_qty`, `20240224_sm_app_reserved_qty`, `20240224_rustans_reserved_qty`, `20240224_rox_reserved_qty`, `20240224_pure_move_reserved_qty`, `20240224_i_studio_reserved_qty`, `20240224_digimap_reserved_qty`, `20240224_commonwlth_reserved_qty`, `20240224_abenson_reserved_qty`, `20240224_reserved_qty`, `20240223_tobys_reserved_qty`, `20240223_sm_dept_reserved_qty`, `20240223_sm_app_reserved_qty`, `20240223_rustans_reserved_qty`, `20240223_rox_reserved_qty`, `20240223_pure_move_reserved_qty`, `20240223_i_studio_reserved_qty`, `20240223_digimap_reserved_qty`, `20240223_commonwlth_reserved_qty`, `20240223_abenson_reserved_qty`, `20240223_reserved_qty`, `20240222_tobys_reserved_qty`, `20240222_sm_dept_reserved_qty`, `20240222_sm_app_reserved_qty`, `20240222_rustans_reserved_qty`, `20240222_rox_reserved_qty`, `20240222_pure_move_reserved_qty`, `20240222_i_studio_reserved_qty`, `20240222_digimap_reserved_qty`, `20240222_commonwlth_reserved_qty`, `20240222_abenson_reserved_qty`, `20240222_reserved_qty`, `20240221_tobys_reserved_qty`, `20240221_sm_dept_reserved_qty`, `20240221_sm_app_reserved_qty`, `20240221_rustans_reserved_qty`, `20240221_rox_reserved_qty`, `20240221_pure_move_reserved_qty`, `20240221_i_studio_reserved_qty`, `20240221_digimap_reserved_qty`, `20240221_commonwlth_reserved_qty`, `20240221_abenson_reserved_qty`, `20240221_reserved_qty`, `20240220_tobys_reserved_qty`, `20240220_sm_dept_reserved_qty`, `20240220_sm_app_reserved_qty`, `20240220_rustans_reserved_qty`, `20240220_rox_reserved_qty`, `20240220_pure_move_reserved_qty`, `20240220_i_studio_reserved_qty`, `20240220_digimap_reserved_qty`, `20240220_commonwlth_reserved_qty`, `20240220_abenson_reserved_qty`, `20240220_reserved_qty`, `20240219_tobys_reserved_qty`, `20240219_sm_dept_reserved_qty`, `20240219_sm_app_reserved_qty`, `20240219_rustans_reserved_qty`, `20240219_rox_reserved_qty`, `20240219_pure_move_reserved_qty`, `20240219_i_studio_reserved_qty`, `20240219_digimap_reserved_qty`, `20240219_commonwlth_reserved_qty`, `20240219_abenson_reserved_qty`, `20240219_reserved_qty`, `20240218_tobys_reserved_qty`, `20240218_sm_dept_reserved_qty`, `20240218_sm_app_reserved_qty`, `20240218_rustans_reserved_qty`, `20240218_rox_reserved_qty`, `20240218_pure_move_reserved_qty`, `20240218_i_studio_reserved_qty`, `20240218_digimap_reserved_qty`, `20240218_commonwlth_reserved_qty`, `20240218_abenson_reserved_qty`, `20240218_reserved_qty`, `20240217_tobys_reserved_qty`, `20240217_sm_dept_reserved_qty`, `20240217_sm_app_reserved_qty`, `20240217_rustans_reserved_qty`, `20240217_rox_reserved_qty`, `20240217_pure_move_reserved_qty`, `20240217_i_studio_reserved_qty`, `20240217_digimap_reserved_qty`, `20240217_commonwlth_reserved_qty`, `20240217_abenson_reserved_qty`, `20240217_reserved_qty`, `20240216_tobys_reserved_qty`, `20240216_sm_dept_reserved_qty`, `20240216_sm_app_reserved_qty`, `20240216_rustans_reserved_qty`, `20240216_rox_reserved_qty`, `20240216_pure_move_reserved_qty`, `20240216_i_studio_reserved_qty`, `20240216_digimap_reserved_qty`, `20240216_commonwlth_reserved_qty`, `20240216_abenson_reserved_qty`, `20240216_reserved_qty`, `20240215_tobys_reserved_qty`, `20240215_sm_dept_reserved_qty`, `20240215_sm_app_reserved_qty`, `20240215_rustans_reserved_qty`, `20240215_rox_reserved_qty`, `20240215_pure_move_reserved_qty`, `20240215_i_studio_reserved_qty`, `20240215_digimap_reserved_qty`, `20240215_commonwlth_reserved_qty`, `20240215_abenson_reserved_qty`, `20240215_reserved_qty`, `20240214_tobys_reserved_qty`, `20240214_sm_dept_reserved_qty`, `20240214_sm_app_reserved_qty`, `20240214_rustans_reserved_qty`, `20240214_rox_reserved_qty`, `20240214_pure_move_reserved_qty`, `20240214_i_studio_reserved_qty`, `20240214_digimap_reserved_qty`, `20240214_commonwlth_reserved_qty`, `20240214_abenson_reserved_qty`, `20240214_reserved_qty`, `20240213_tobys_reserved_qty`, `20240213_sm_dept_reserved_qty`, `20240213_sm_app_reserved_qty`, `20240213_rustans_reserved_qty`, `20240213_rox_reserved_qty`, `20240213_pure_move_reserved_qty`, `20240213_i_studio_reserved_qty`, `20240213_digimap_reserved_qty`, `20240213_commonwlth_reserved_qty`, `20240213_abenson_reserved_qty`, `20240213_reserved_qty`, `20240212_tobys_reserved_qty`, `20240212_sm_dept_reserved_qty`, `20240212_sm_app_reserved_qty`, `20240212_rustans_reserved_qty`, `20240212_rox_reserved_qty`, `20240212_pure_move_reserved_qty`, `20240212_i_studio_reserved_qty`, `20240212_digimap_reserved_qty`, `20240212_commonwlth_reserved_qty`, `20240212_abenson_reserved_qty`, `20240212_reserved_qty`, `20240211_tobys_reserved_qty`, `20240211_sm_dept_reserved_qty`, `20240211_sm_app_reserved_qty`, `20240211_rustans_reserved_qty`, `20240211_rox_reserved_qty`, `20240211_pure_move_reserved_qty`, `20240211_i_studio_reserved_qty`, `20240211_digimap_reserved_qty`, `20240211_commonwlth_reserved_qty`, `20240211_abenson_reserved_qty`, `20240211_reserved_qty`, `20240210_abenson_reserved_qty`, `20240210_reserved_qty`, `20240209_tobys_reserved_qty`, `20240209_sm_dept_reserved_qty`, `20240209_sm_app_reserved_qty`, `20240209_rustans_reserved_qty`, `20240209_rox_reserved_qty`, `20240209_pure_move_reserved_qty`, `20240209_i_studio_reserved_qty`, `20240209_digimap_reserved_qty`, `20240209_commonwlth_reserved_qty`, `20240209_abenson_reserved_qty`, `20240209_reserved_qty`, `20240208_tobys_reserved_qty`, `20240208_sm_dept_reserved_qty`, `20240208_sm_app_reserved_qty`, `20240208_rustans_reserved_qty`, `20240208_rox_reserved_qty`, `20240208_pure_move_reserved_qty`, `20240208_i_studio_reserved_qty`, `20240208_digimap_reserved_qty`, `20240208_commonwlth_reserved_qty`, `20240208_abenson_reserved_qty`, `20240208_reserved_qty`, `20240207_tobys_reserved_qty`, `20240207_sm_dept_reserved_qty`, `20240207_sm_app_reserved_qty`, `20240207_rustans_reserved_qty`, `20240207_rox_reserved_qty`, `20240207_pure_move_reserved_qty`, `20240207_i_studio_reserved_qty`, `20240207_digimap_reserved_qty`, `20240207_commonwlth_reserved_qty`, `20240207_abenson_reserved_qty`, `20240207_reserved_qty`, `20240206_tobys_reserved_qty`, `20240206_sm_dept_reserved_qty`, `20240206_sm_app_reserved_qty`, `20240206_rustans_reserved_qty`, `20240206_rox_reserved_qty`, `20240206_pure_move_reserved_qty`, `20240206_i_studio_reserved_qty`, `20240206_digimap_reserved_qty`, `20240206_commonwlth_reserved_qty`, `20240206_abenson_reserved_qty`, `20240206_reserved_qty`, `20240205_tobys_reserved_qty`, `20240205_sm_dept_reserved_qty`, `20240205_sm_app_reserved_qty`, `20240205_rustans_reserved_qty`, `20240205_rox_reserved_qty`, `20240205_pure_move_reserved_qty`, `20240205_i_studio_reserved_qty`, `20240205_digimap_reserved_qty`, `20240205_commonwlth_reserved_qty`, `20240205_abenson_reserved_qty`, `20240205_reserved_qty`, `20240204_tobys_reserved_qty`, `20240204_sm_dept_reserved_qty`, `20240204_sm_app_reserved_qty`, `20240204_rustans_reserved_qty`, `20240204_rox_reserved_qty`, `20240204_pure_move_reserved_qty`, `20240204_i_studio_reserved_qty`, `20240204_digimap_reserved_qty`, `20240204_commonwlth_reserved_qty`, `20240204_abenson_reserved_qty`, `20240204_reserved_qty`, `20240203_tobys_reserved_qty`, `20240203_sm_dept_reserved_qty`, `20240203_sm_app_reserved_qty`, `20240203_rustans_reserved_qty`, `20240203_rox_reserved_qty`, `20240203_pure_move_reserved_qty`, `20240203_i_studio_reserved_qty`, `20240203_digimap_reserved_qty`, `20240203_commonwlth_reserved_qty`, `20240203_abenson_reserved_qty`, `20240203_reserved_qty`, `20240202_tobys_reserved_qty`, `20240202_sm_dept_reserved_qty`, `20240202_sm_app_reserved_qty`, `20240202_rustans_reserved_qty`, `20240202_rox_reserved_qty`, `20240202_pure_move_reserved_qty`, `20240202_i_studio_reserved_qty`, `20240202_digimap_reserved_qty`, `20240202_commonwlth_reserved_qty`, `20240202_abenson_reserved_qty`, `20240202_reserved_qty`, `20240201_tobys_reserved_qty`, `20240201_sm_dept_reserved_qty`, `20240201_sm_app_reserved_qty`, `20240201_rustans_reserved_qty`, `20240201_rox_reserved_qty`, `20240201_pure_move_reserved_qty`, `20240201_i_studio_reserved_qty`, `20240201_digimap_reserved_qty`, `20240201_commonwlth_reserved_qty`, `20240201_abenson_reserved_qty`, `20240201_reserved_qty`, `20240131_tobys_reserved_qty`, `20240131_sm_dept_reserved_qty`, `20240131_sm_app_reserved_qty`, `20240131_rustans_reserved_qty`, `20240131_rox_reserved_qty`, `20240131_pure_move_reserved_qty`, `20240131_i_studio_reserved_qty`, `20240131_digimap_reserved_qty`, `20240131_commonwlth_reserved_qty`, `20240131_abenson_reserved_qty`, `20240131_reserved_qty`, `20240130_tobys_reserved_qty`, `20240130_sm_dept_reserved_qty`, `20240130_sm_app_reserved_qty`, `20240130_rustans_reserved_qty`, `20240130_rox_reserved_qty`, `20240130_pure_move_reserved_qty`, `20240130_i_studio_reserved_qty`, `20240130_commonwlth_reserved_qty`, `20240130_abenson_reserved_qty`, `20240130_reserved_qty`, `20240129_tobys_reserved_qty`, `20240129_sm_dept_reserved_qty`, `20240129_sm_app_reserved_qty`, `20240129_rustans_reserved_qty`, `20240129_rox_reserved_qty`, `20240129_pure_move_reserved_qty`, `20240129_i_studio_reserved_qty`, `20240129_commonwlth_reserved_qty`, `20240129_abenson_reserved_qty`, `20240129_reserved_qty`, `20240128_tobys_reserved_qty`, `20240128_sm_dept_reserved_qty`, `20240128_sm_app_reserved_qty`, `20240128_rustans_reserved_qty`, `20240128_rox_reserved_qty`, `20240128_pure_move_reserved_qty`, `20240128_i_studio_reserved_qty`, `20240128_commonwlth_reserved_qty`, `20240128_abenson_reserved_qty`, `20240128_reserved_qty`, `store_cost`, `created_by`, `updated_by`, `created_at`, `updated_at`, `deleted_at`) VALUES
(29, '3697722', '30000029', 'CANACCFRE0063', NULL, NULL, NULL, NULL, 'VTECH HANDSET FREE', 'CANON', 0, 0, 0, 0, 0, 0, 0, 0, 0, 0, 0, 0, 0, 0, 0, 0, 0, 0, 0, 0, 0, 0, 0, 0, 0, 0, 0, 0, 0, 0, 0, 0, 0, 0, 0, 0, 0, 0, 0, 0, 0, 0, 0, 0, 0, 0, 0, 0, 0, 0, 0, 0, 0, 0, 0, 0, 0, 0, 0, 0, 0, 0, 0, 0, 0, 0, 0, 0, 0, 0, 0, 0, 0, 0, 0, 0, 0, 0, 0, 0, 0, 0, 0, 0, 0, 0, 0, 0, 0, 0, 0, 0, 0, 0, 0, 0, 0, 0, 0, 0, 0, 0, 0, 0, 0, 0, 0, 0, 0, 0, 0, 0, 0, 0, 0, 0, 0, 0, 0, 0, 0, 0, 0, 0, 0, 0, 0, 0, 0, 0, 0, 0, 0, 0, 0, 0, 0, 0, 0, 0, 0, 0, 0, 0, 0, 0, 0, 0, 0, 0, 0, 0, 0, 0, 0, 0, 0, 0, 0, 0, 0, 0, 0, 0, 0, 0, 0, 0, 0, 0, 0, 0, 0, 0, 0, 0, 0, 0, 0, 0, 0, 0, 0, 0, 0, 0, 0, 0, 0, 0, 0, 0, 0, 0, 0, 0, 0, 0, 0, 0, 0, 0, 0, 0, 0, 0, 0, 0, 0, 0, 0, 0, 0, 0, 0, 0, 0, 0, 0, 0, 0, 0, 0, 0, 0, 0, 0, 0, 0, 0, 0, 0, 0, 0, 0, 0, 0, 0, 0, 0, 0, 0, 0, 0, 0, 0, 0, 0, 0, 0, 0, 0, 0, 0, 0, 0, 0, 0, 0, 0, 0, 0, 0, 0, 0, 0, 0, 0, 0, 0, 0, 0, 0, 0, 0, 0, 0, 0, 0, 0, 0, 0, 0, 0, 0, 0, 0, 0, 0, 0, 0, 0, 0, 0, 0, 0, 0, 0, 0, 0, 0, 0, 0, 0, 0, 0, 0, 0, 0, 0, 0, 0, 0, 0, 0, 0, 0, 0, 0, 0, 0, 0, 0, 0, 0, 0, 0, 0, 0, 0, 0, 0, 0, 0, 0, 0, 0, 0, 0, 0, 0, 0, 0, 0, 0, 0, 0, 0, 0, 0, 0, 0, 0, 0, 0, 0, 0, 0, 0, 0, 0, 0, 0, 0, 0, 0, 0, 0, 0, 0, 0, 0, 0, 0, 0, 0, 0, 0, '0.00', 2, NULL, '2017-08-07 22:55:00', '2018-07-23 18:12:00', NULL),
(30, '3697756', '30000030', 'CANACCFRE0064', NULL, NULL, NULL, NULL, 'CANON USB CABLE FREE', 'CANON', 0, 0, 0, 0, 0, 0, 0, 0, 0, 0, 0, 0, 0, 0, 0, 0, 0, 0, 0, 0, 0, 0, 0, 0, 0, 0, 0, 0, 0, 0, 0, 0, 0, 0, 0, 0, 0, 0, 0, 0, 0, 0, 0, 0, 0, 0, 0, 0, 0, 0, 0, 0, 0, 0, 0, 0, 0, 0, 0, 0, 0, 0, 0, 0, 0, 0, 0, 0, 0, 0, 0, 0, 0, 0, 0, 0, 0, 0, 0, 0, 0, 0, 0, 0, 0, 0, 0, 0, 0, 0, 0, 0, 0, 0, 0, 0, 0, 0, 0, 0, 0, 0, 0, 0, 0, 0, 0, 0, 0, 0, 0, 0, 0, 0, 0, 0, 0, 0, 0, 0, 0, 0, 0, 0, 0, 0, 0, 0, 0, 0, 0, 0, 0, 0, 0, 0, 0, 0, 0, 0, 0, 0, 0, 0, 0, 0, 0, 0, 0, 0, 0, 0, 0, 0, 0, 0, 0, 0, 0, 0, 0, 0, 0, 0, 0, 0, 0, 0, 0, 0, 0, 0, 0, 0, 0, 0, 0, 0, 0, 0, 0, 0, 0, 0, 0, 0, 0, 0, 0, 0, 0, 0, 0, 0, 0, 0, 0, 0, 0, 0, 0, 0, 0, 0, 0, 0, 0, 0, 0, 0, 0, 0, 0, 0, 0, 0, 0, 0, 0, 0, 0, 0, 0, 0, 0, 0, 0, 0, 0, 0, 0, 0, 0, 0, 0, 0, 0, 0, 0, 0, 0, 0, 0, 0, 0, 0, 0, 0, 0, 0, 0, 0, 0, 0, 0, 0, 0, 0, 0, 0, 0, 0, 0, 0, 0, 0, 0, 0, 0, 0, 0, 0, 0, 0, 0, 0, 0, 0, 0, 0, 0, 0, 0, 0, 0, 0, 0, 0, 0, 0, 0, 0, 0, 0, 0, 0, 0, 0, 0, 0, 0, 0, 0, 0, 0, 0, 0, 0, 0, 0, 0, 0, 0, 0, 0, 0, 0, 0, 0, 0, 0, 0, 0, 0, 0, 0, 0, 0, 0, 0, 0, 0, 0, 0, 0, 0, 0, 0, 0, 0, 0, 0, 0, 0, 0, 0, 0, 0, 0, 0, 0, 0, 0, 0, 0, 0, 0, 0, 0, 0, 0, 0, 0, 0, 0, 0, 0, 0, 0, 0, 0, 0, 0, 0, 0, 0, 0, 0, '0.00', 2, NULL, '2017-08-07 22:55:00', '2018-07-23 18:12:00', NULL),
(31, '3697757', '30000031', 'CANACCFRE0070', NULL, NULL, NULL, NULL, 'CANON MX7600 HANDSET FREE', 'CANON', 0, 0, 0, 0, 0, 0, 0, 0, 0, 0, 0, 0, 0, 0, 0, 0, 0, 0, 0, 0, 0, 0, 0, 0, 0, 0, 0, 0, 0, 0, 0, 0, 0, 0, 0, 0, 0, 0, 0, 0, 0, 0, 0, 0, 0, 0, 0, 0, 0, 0, 0, 0, 0, 0, 0, 0, 0, 0, 0, 0, 0, 0, 0, 0, 0, 0, 0, 0, 0, 0, 0, 0, 0, 0, 0, 0, 0, 0, 0, 0, 0, 0, 0, 0, 0, 0, 0, 0, 0, 0, 0, 0, 0, 0, 0, 0, 0, 0, 0, 0, 0, 0, 0, 0, 0, 0, 0, 0, 0, 0, 0, 0, 0, 0, 0, 0, 0, 0, 0, 0, 0, 0, 0, 0, 0, 0, 0, 0, 0, 0, 0, 0, 0, 0, 0, 0, 0, 0, 0, 0, 0, 0, 0, 0, 0, 0, 0, 0, 0, 0, 0, 0, 0, 0, 0, 0, 0, 0, 0, 0, 0, 0, 0, 0, 0, 0, 0, 0, 0, 0, 0, 0, 0, 0, 0, 0, 0, 0, 0, 0, 0, 0, 0, 0, 0, 0, 0, 0, 0, 0, 0, 0, 0, 0, 0, 0, 0, 0, 0, 0, 0, 0, 0, 0, 0, 0, 0, 0, 0, 0, 0, 0, 0, 0, 0, 0, 0, 0, 0, 0, 0, 0, 0, 0, 0, 0, 0, 0, 0, 0, 0, 0, 0, 0, 0, 0, 0, 0, 0, 0, 0, 0, 0, 0, 0, 0, 0, 0, 0, 0, 0, 0, 0, 0, 0, 0, 0, 0, 0, 0, 0, 0, 0, 0, 0, 0, 0, 0, 0, 0, 0, 0, 0, 0, 0, 0, 0, 0, 0, 0, 0, 0, 0, 0, 0, 0, 0, 0, 0, 0, 0, 0, 0, 0, 0, 0, 0, 0, 0, 0, 0, 0, 0, 0, 0, 0, 0, 0, 0, 0, 0, 0, 0, 0, 0, 0, 0, 0, 0, 0, 0, 0, 0, 0, 0, 0, 0, 0, 0, 0, 0, 0, 0, 0, 0, 0, 0, 0, 0, 0, 0, 0, 0, 0, 0, 0, 0, 0, 0, 0, 0, 0, 0, 0, 0, 0, 0, 0, 0, 0, 0, 0, 0, 0, 0, 0, 0, 0, 0, 0, 0, 0, 0, 0, 0, 0, 0, 0, '0.00', 2, NULL, '2017-08-07 22:55:00', '2018-07-23 18:12:00', NULL),
(32, '3697758', '30000032', 'CANACCFRE0074', NULL, NULL, NULL, NULL, '8GB CF CARD FREE', 'CANON', 0, 0, 0, 0, 0, 0, 0, 0, 0, 0, 0, 0, 0, 0, 0, 0, 0, 0, 0, 0, 0, 0, 0, 0, 0, 0, 0, 0, 0, 0, 0, 0, 0, 0, 0, 0, 0, 0, 0, 0, 0, 0, 0, 0, 0, 0, 0, 0, 0, 0, 0, 0, 0, 0, 0, 0, 0, 0, 0, 0, 0, 0, 0, 0, 0, 0, 0, 0, 0, 0, 0, 0, 0, 0, 0, 0, 0, 0, 0, 0, 0, 0, 0, 0, 0, 0, 0, 0, 0, 0, 0, 0, 0, 0, 0, 0, 0, 0, 0, 0, 0, 0, 0, 0, 0, 0, 0, 0, 0, 0, 0, 0, 0, 0, 0, 0, 0, 0, 0, 0, 0, 0, 0, 0, 0, 0, 0, 0, 0, 0, 0, 0, 0, 0, 0, 0, 0, 0, 0, 0, 0, 0, 0, 0, 0, 0, 0, 0, 0, 0, 0, 0, 0, 0, 0, 0, 0, 0, 0, 0, 0, 0, 0, 0, 0, 0, 0, 0, 0, 0, 0, 0, 0, 0, 0, 0, 0, 0, 0, 0, 0, 0, 0, 0, 0, 0, 0, 0, 0, 0, 0, 0, 0, 0, 0, 0, 0, 0, 0, 0, 0, 0, 0, 0, 0, 0, 0, 0, 0, 0, 0, 0, 0, 0, 0, 0, 0, 0, 0, 0, 0, 0, 0, 0, 0, 0, 0, 0, 0, 0, 0, 0, 0, 0, 0, 0, 0, 0, 0, 0, 0, 0, 0, 0, 0, 0, 0, 0, 0, 0, 0, 0, 0, 0, 0, 0, 0, 0, 0, 0, 0, 0, 0, 0, 0, 0, 0, 0, 0, 0, 0, 0, 0, 0, 0, 0, 0, 0, 0, 0, 0, 0, 0, 0, 0, 0, 0, 0, 0, 0, 0, 0, 0, 0, 0, 0, 0, 0, 0, 0, 0, 0, 0, 0, 0, 0, 0, 0, 0, 0, 0, 0, 0, 0, 0, 0, 0, 0, 0, 0, 0, 0, 0, 0, 0, 0, 0, 0, 0, 0, 0, 0, 0, 0, 0, 0, 0, 0, 0, 0, 0, 0, 0, 0, 0, 0, 0, 0, 0, 0, 0, 0, 0, 0, 0, 0, 0, 0, 0, 0, 0, 0, 0, 0, 0, 0, 0, 0, 0, 0, 0, 0, 0, 0, 0, 0, 0, 0, '0.00', 2, NULL, '2017-08-07 22:55:00', '2018-07-23 18:12:00', NULL),
(33, '3697759', '30000033', 'CANACCFRE0077', NULL, NULL, NULL, NULL, 'CANON CASE A800/A1200 FREE', 'CANON', 0, 0, 0, 0, 0, 0, 0, 0, 0, 0, 0, 0, 0, 0, 0, 0, 0, 0, 0, 0, 0, 0, 0, 0, 0, 0, 0, 0, 0, 0, 0, 0, 0, 0, 0, 0, 0, 0, 0, 0, 0, 0, 0, 0, 0, 0, 0, 0, 0, 0, 0, 0, 0, 0, 0, 0, 0, 0, 0, 0, 0, 0, 0, 0, 0, 0, 0, 0, 0, 0, 0, 0, 0, 0, 0, 0, 0, 0, 0, 0, 0, 0, 0, 0, 0, 0, 0, 0, 0, 0, 0, 0, 0, 0, 0, 0, 0, 0, 0, 0, 0, 0, 0, 0, 0, 0, 0, 0, 0, 0, 0, 0, 0, 0, 0, 0, 0, 0, 0, 0, 0, 0, 0, 0, 0, 0, 0, 0, 0, 0, 0, 0, 0, 0, 0, 0, 0, 0, 0, 0, 0, 0, 0, 0, 0, 0, 0, 0, 0, 0, 0, 0, 0, 0, 0, 0, 0, 0, 0, 0, 0, 0, 0, 0, 0, 0, 0, 0, 0, 0, 0, 0, 0, 0, 0, 0, 0, 0, 0, 0, 0, 0, 0, 0, 0, 0, 0, 0, 0, 0, 0, 0, 0, 0, 0, 0, 0, 0, 0, 0, 0, 0, 0, 0, 0, 0, 0, 0, 0, 0, 0, 0, 0, 0, 0, 0, 0, 0, 0, 0, 0, 0, 0, 0, 0, 0, 0, 0, 0, 0, 0, 0, 0, 0, 0, 0, 0, 0, 0, 0, 0, 0, 0, 0, 0, 0, 0, 0, 0, 0, 0, 0, 0, 0, 0, 0, 0, 0, 0, 0, 0, 0, 0, 0, 0, 0, 0, 0, 0, 0, 0, 0, 0, 0, 0, 0, 0, 0, 0, 0, 0, 0, 0, 0, 0, 0, 0, 0, 0, 0, 0, 0, 0, 0, 0, 0, 0, 0, 0, 0, 0, 0, 0, 0, 0, 0, 0, 0, 0, 0, 0, 0, 0, 0, 0, 0, 0, 0, 0, 0, 0, 0, 0, 0, 0, 0, 0, 0, 0, 0, 0, 0, 0, 0, 0, 0, 0, 0, 0, 0, 0, 0, 0, 0, 0, 0, 0, 0, 0, 0, 0, 0, 0, 0, 0, 0, 0, 0, 0, 0, 0, 0, 0, 0, 0, 0, 0, 0, 0, 0, 0, 0, 0, 0, 0, 0, 0, 0, '0.00', 2, NULL, '2017-08-07 22:55:00', '2018-07-23 18:12:00', NULL),
(34, '3697760', '30000034', 'CANACCFRE0080', NULL, NULL, NULL, NULL, 'CASE FOR PSD10/PSSX130/PS FREE', 'CANON', 0, 0, 0, 0, 0, 0, 0, 0, 0, 0, 0, 0, 0, 0, 0, 0, 0, 0, 0, 0, 0, 0, 0, 0, 0, 0, 0, 0, 0, 0, 0, 0, 0, 0, 0, 0, 0, 0, 0, 0, 0, 0, 0, 0, 0, 0, 0, 0, 0, 0, 0, 0, 0, 0, 0, 0, 0, 0, 0, 0, 0, 0, 0, 0, 0, 0, 0, 0, 0, 0, 0, 0, 0, 0, 0, 0, 0, 0, 0, 0, 0, 0, 0, 0, 0, 0, 0, 0, 0, 0, 0, 0, 0, 0, 0, 0, 0, 0, 0, 0, 0, 0, 0, 0, 0, 0, 0, 0, 0, 0, 0, 0, 0, 0, 0, 0, 0, 0, 0, 0, 0, 0, 0, 0, 0, 0, 0, 0, 0, 0, 0, 0, 0, 0, 0, 0, 0, 0, 0, 0, 0, 0, 0, 0, 0, 0, 0, 0, 0, 0, 0, 0, 0, 0, 0, 0, 0, 0, 0, 0, 0, 0, 0, 0, 0, 0, 0, 0, 0, 0, 0, 0, 0, 0, 0, 0, 0, 0, 0, 0, 0, 0, 0, 0, 0, 0, 0, 0, 0, 0, 0, 0, 0, 0, 0, 0, 0, 0, 0, 0, 0, 0, 0, 0, 0, 0, 0, 0, 0, 0, 0, 0, 0, 0, 0, 0, 0, 0, 0, 0, 0, 0, 0, 0, 0, 0, 0, 0, 0, 0, 0, 0, 0, 0, 0, 0, 0, 0, 0, 0, 0, 0, 0, 0, 0, 0, 0, 0, 0, 0, 0, 0, 0, 0, 0, 0, 0, 0, 0, 0, 0, 0, 0, 0, 0, 0, 0, 0, 0, 0, 0, 0, 0, 0, 0, 0, 0, 0, 0, 0, 0, 0, 0, 0, 0, 0, 0, 0, 0, 0, 0, 0, 0, 0, 0, 0, 0, 0, 0, 0, 0, 0, 0, 0, 0, 0, 0, 0, 0, 0, 0, 0, 0, 0, 0, 0, 0, 0, 0, 0, 0, 0, 0, 0, 0, 0, 0, 0, 0, 0, 0, 0, 0, 0, 0, 0, 0, 0, 0, 0, 0, 0, 0, 0, 0, 0, 0, 0, 0, 0, 0, 0, 0, 0, 0, 0, 0, 0, 0, 0, 0, 0, 0, 0, 0, 0, 0, 0, 0, 0, 0, 0, 0, 0, 0, 0, 0, 0, '0.00', 2, NULL, '2017-08-07 22:55:00', '2018-07-23 18:12:00', NULL),
(35, '3697761', '30000035', 'CANACCFRE0088', NULL, NULL, NULL, NULL, 'CANON LEATHER CASE G12 FREE', 'CANON', 0, 0, 0, 0, 0, 0, 0, 0, 0, 0, 0, 0, 0, 0, 0, 0, 0, 0, 0, 0, 0, 0, 0, 0, 0, 0, 0, 0, 0, 0, 0, 0, 0, 0, 0, 0, 0, 0, 0, 0, 0, 0, 0, 0, 0, 0, 0, 0, 0, 0, 0, 0, 0, 0, 0, 0, 0, 0, 0, 0, 0, 0, 0, 0, 0, 0, 0, 0, 0, 0, 0, 0, 0, 0, 0, 0, 0, 0, 0, 0, 0, 0, 0, 0, 0, 0, 0, 0, 0, 0, 0, 0, 0, 0, 0, 0, 0, 0, 0, 0, 0, 0, 0, 0, 0, 0, 0, 0, 0, 0, 0, 0, 0, 0, 0, 0, 0, 0, 0, 0, 0, 0, 0, 0, 0, 0, 0, 0, 0, 0, 0, 0, 0, 0, 0, 0, 0, 0, 0, 0, 0, 0, 0, 0, 0, 0, 0, 0, 0, 0, 0, 0, 0, 0, 0, 0, 0, 0, 0, 0, 0, 0, 0, 0, 0, 0, 0, 0, 0, 0, 0, 0, 0, 0, 0, 0, 0, 0, 0, 0, 0, 0, 0, 0, 0, 0, 0, 0, 0, 0, 0, 0, 0, 0, 0, 0, 0, 0, 0, 0, 0, 0, 0, 0, 0, 0, 0, 0, 0, 0, 0, 0, 0, 0, 0, 0, 0, 0, 0, 0, 0, 0, 0, 0, 0, 0, 0, 0, 0, 0, 0, 0, 0, 0, 0, 0, 0, 0, 0, 0, 0, 0, 0, 0, 0, 0, 0, 0, 0, 0, 0, 0, 0, 0, 0, 0, 0, 0, 0, 0, 0, 0, 0, 0, 0, 0, 0, 0, 0, 0, 0, 0, 0, 0, 0, 0, 0, 0, 0, 0, 0, 0, 0, 0, 0, 0, 0, 0, 0, 0, 0, 0, 0, 0, 0, 0, 0, 0, 0, 0, 0, 0, 0, 0, 0, 0, 0, 0, 0, 0, 0, 0, 0, 0, 0, 0, 0, 0, 0, 0, 0, 0, 0, 0, 0, 0, 0, 0, 0, 0, 0, 0, 0, 0, 0, 0, 0, 0, 0, 0, 0, 0, 0, 0, 0, 0, 0, 0, 0, 0, 0, 0, 0, 0, 0, 0, 0, 0, 0, 0, 0, 0, 0, 0, 0, 0, 0, 0, 0, 0, 0, 0, 0, 0, 0, 0, 0, 0, '0.00', 2, NULL, '2017-08-07 22:55:00', '2018-07-23 18:12:00', NULL),
(36, '3697762', '30000036', 'CANACCFRE0091', NULL, NULL, NULL, NULL, 'CANON CAMERA CASE IXUS FREE', 'CANON', 0, 0, 0, 0, 0, 0, 0, 0, 0, 0, 0, 0, 0, 1, 0, 0, 0, 0, 0, 0, 0, 0, 0, 0, 0, 0, 1, 0, 0, 0, 0, 0, 0, 0, 0, 0, 0, 1, 0, 0, 0, 0, 0, 0, 0, 0, 0, 0, 1, 0, 0, 0, 0, 0, 0, 0, 0, 0, 0, 1, 0, 0, 0, 0, 0, 0, 0, 0, 0, 0, 1, 0, 0, 0, 0, 0, 0, 0, 0, 0, 0, 1, 0, 0, 0, 0, 0, 0, 0, 0, 0, 0, 1, 0, 0, 0, 0, 0, 0, 0, 0, 0, 0, 1, 0, 0, 0, 0, 0, 0, 0, 0, 0, 0, 1, 0, 0, 0, 0, 0, 0, 0, 0, 0, 0, 1, 0, 0, 0, 0, 0, 0, 0, 0, 0, 0, 1, 0, 0, 0, 0, 0, 0, 0, 0, 0, 0, 1, 0, 0, 0, 0, 0, 0, 0, 0, 0, 0, 1, 0, 0, 0, 0, 0, 0, 0, 0, 0, 0, 1, 0, 0, 0, 0, 0, 0, 0, 0, 0, 0, 1, 0, 0, 0, 0, 0, 0, 0, 0, 0, 0, 1, 0, 0, 0, 0, 0, 0, 0, 0, 0, 0, 1, 0, 0, 0, 0, 0, 0, 0, 0, 0, 0, 1, 0, 0, 0, 0, 0, 0, 0, 0, 0, 0, 1, 0, 0, 0, 0, 0, 0, 0, 0, 0, 0, 1, 0, 0, 0, 0, 0, 0, 0, 0, 0, 0, 0, 0, 1, 0, 0, 0, 0, 0, 0, 0, 0, 0, 0, 1, 0, 0, 0, 0, 0, 0, 0, 0, 0, 0, 1, 0, 0, 0, 0, 0, 0, 0, 0, 0, 0, 1, 0, 0, 0, 0, 0, 0, 0, 0, 0, 0, 1, 0, 0, 0, 0, 0, 0, 0, 0, 0, 0, 1, 0, 0, 0, 0, 0, 0, 0, 0, 0, 0, 1, 0, 0, 0, 0, 0, 0, 0, 0, 0, 0, 1, 0, 0, 0, 0, 0, 0, 0, 0, 0, 0, 1, 0, 0, 0, 0, 0, 0, 0, 0, 0, 0, 1, 0, 0, 0, 0, 0, 0, 0, 0, 0, 1, 0, 0, 0, 0, 0, 0, 0, 0, 0, 1, 0, 0, 0, 0, 0, 0, 0, 0, 0, 1, '0.00', 2, NULL, '2017-08-07 22:55:00', '2018-07-23 18:12:00', NULL),
(37, '3697763', '30000037', 'CANACCFRE0094', NULL, NULL, NULL, NULL, 'CANON PSD20 CAMERA BAG FREE', 'CANON', 0, 0, 0, 0, 0, 0, 0, 0, 0, 0, 0, 0, 0, 0, 0, 0, 0, 0, 0, 0, 0, 0, 0, 0, 0, 0, 0, 0, 0, 0, 0, 0, 0, 0, 0, 0, 0, 0, 0, 0, 0, 0, 0, 0, 0, 0, 0, 0, 0, 0, 0, 0, 0, 0, 0, 0, 0, 0, 0, 0, 0, 0, 0, 0, 0, 0, 0, 0, 0, 0, 0, 0, 0, 0, 0, 0, 0, 0, 0, 0, 0, 0, 0, 0, 0, 0, 0, 0, 0, 0, 0, 0, 0, 0, 0, 0, 0, 0, 0, 0, 0, 0, 0, 0, 0, 0, 0, 0, 0, 0, 0, 0, 0, 0, 0, 0, 0, 0, 0, 0, 0, 0, 0, 0, 0, 0, 0, 0, 0, 0, 0, 0, 0, 0, 0, 0, 0, 0, 0, 0, 0, 0, 0, 0, 0, 0, 0, 0, 0, 0, 0, 0, 0, 0, 0, 0, 0, 0, 0, 0, 0, 0, 0, 0, 0, 0, 0, 0, 0, 0, 0, 0, 0, 0, 0, 0, 0, 0, 0, 0, 0, 0, 0, 0, 0, 0, 0, 0, 0, 0, 0, 0, 0, 0, 0, 0, 0, 0, 0, 0, 0, 0, 0, 0, 0, 0, 0, 0, 0, 0, 0, 0, 0, 0, 0, 0, 0, 0, 0, 0, 0, 0, 0, 0, 0, 0, 0, 0, 0, 0, 0, 0, 0, 0, 0, 0, 0, 0, 0, 0, 0, 0, 0, 0, 0, 0, 0, 0, 0, 0, 0, 0, 0, 0, 0, 0, 0, 0, 0, 0, 0, 0, 0, 0, 0, 0, 0, 0, 0, 0, 0, 0, 0, 0, 0, 0, 0, 0, 0, 0, 0, 0, 0, 0, 0, 0, 0, 0, 0, 0, 0, 0, 0, 0, 0, 0, 0, 0, 0, 0, 0, 0, 0, 0, 0, 0, 0, 0, 0, 0, 0, 0, 0, 0, 0, 0, 0, 0, 0, 0, 0, 0, 0, 0, 0, 0, 0, 0, 0, 0, 0, 0, 0, 0, 0, 0, 0, 0, 0, 0, 0, 0, 0, 0, 0, 0, 0, 0, 0, 0, 0, 0, 0, 0, 0, 0, 0, 0, 0, 0, 0, 0, 0, 0, 0, 0, 0, 0, 0, 0, 0, 0, 0, 0, 0, 0, 0, 0, '0.00', 2, NULL, '2017-08-07 22:55:00', '2018-07-23 18:12:00', NULL),
(38, '3697764', '30000038', 'CANACCFRE0095', NULL, NULL, NULL, NULL, 'CANON A4 70 GSM PAPER FREE', 'CANON', 0, 0, 0, 0, 0, 0, 0, 0, 0, 0, 0, 0, 0, 0, 0, 0, 0, 0, 0, 0, 0, 0, 0, 0, 0, 0, 0, 0, 0, 0, 0, 0, 0, 0, 0, 0, 0, 0, 0, 0, 0, 0, 0, 0, 0, 0, 0, 0, 0, 0, 0, 0, 0, 0, 0, 0, 0, 0, 0, 0, 0, 0, 0, 0, 0, 0, 0, 0, 0, 0, 0, 0, 0, 0, 0, 0, 0, 0, 0, 0, 0, 0, 0, 0, 0, 0, 0, 0, 0, 0, 0, 0, 0, 0, 0, 0, 0, 0, 0, 0, 0, 0, 0, 0, 0, 0, 0, 0, 0, 0, 0, 0, 0, 0, 0, 0, 0, 0, 0, 0, 0, 0, 0, 0, 0, 0, 0, 0, 0, 0, 0, 0, 0, 0, 0, 0, 0, 0, 0, 0, 0, 0, 0, 0, 0, 0, 0, 0, 0, 0, 0, 0, 0, 0, 0, 0, 0, 0, 0, 0, 0, 0, 0, 0, 0, 0, 0, 0, 0, 0, 0, 0, 0, 0, 0, 0, 0, 0, 0, 0, 0, 0, 0, 0, 0, 0, 0, 0, 0, 0, 0, 0, 0, 0, 0, 0, 0, 0, 0, 0, 0, 0, 0, 0, 0, 0, 0, 0, 0, 0, 0, 0, 0, 0, 0, 0, 0, 0, 0, 0, 0, 0, 0, 0, 0, 0, 0, 0, 0, 0, 0, 0, 0, 0, 0, 0, 0, 0, 0, 0, 0, 0, 0, 0, 0, 0, 0, 0, 0, 0, 0, 0, 0, 0, 0, 0, 0, 0, 0, 0, 0, 0, 0, 0, 0, 0, 0, 0, 0, 0, 0, 0, 0, 0, 0, 0, 0, 0, 0, 0, 0, 0, 0, 0, 0, 0, 0, 0, 0, 0, 0, 0, 0, 0, 0, 0, 0, 0, 0, 0, 0, 0, 0, 0, 0, 0, 0, 0, 0, 0, 0, 0, 0, 0, 0, 0, 0, 0, 0, 0, 0, 0, 0, 0, 0, 0, 0, 0, 0, 0, 0, 0, 0, 0, 0, 0, 0, 0, 0, 0, 0, 0, 0, 0, 0, 0, 0, 0, 0, 0, 0, 0, 0, 0, 0, 0, 0, 0, 0, 0, 0, 0, 0, 0, 0, 0, 0, 0, 0, 0, 0, 0, 0, 0, 0, 0, 0, 0, '0.00', 2, NULL, '2017-08-07 22:55:00', '2018-07-23 18:12:00', NULL),
(39, '3697765', '30000039', 'CANACCFRE0097', NULL, NULL, NULL, NULL, 'CASE PSS95/PSS100 W/STRAP FREE', 'CANON', 0, 0, 0, 0, 0, 0, 0, 0, 0, 0, 0, 0, 0, 0, 0, 0, 0, 0, 0, 0, 0, 0, 0, 0, 0, 0, 0, 0, 0, 0, 0, 0, 0, 0, 0, 0, 0, 0, 0, 0, 0, 0, 0, 0, 0, 0, 0, 0, 0, 0, 0, 0, 0, 0, 0, 0, 0, 0, 0, 0, 0, 0, 0, 0, 0, 0, 0, 0, 0, 0, 0, 0, 0, 0, 0, 0, 0, 0, 0, 0, 0, 0, 0, 0, 0, 0, 0, 0, 0, 0, 0, 0, 0, 0, 0, 0, 0, 0, 0, 0, 0, 0, 0, 0, 0, 0, 0, 0, 0, 0, 0, 0, 0, 0, 0, 0, 0, 0, 0, 0, 0, 0, 0, 0, 0, 0, 0, 0, 0, 0, 0, 0, 0, 0, 0, 0, 0, 0, 0, 0, 0, 0, 0, 0, 0, 0, 0, 0, 0, 0, 0, 0, 0, 0, 0, 0, 0, 0, 0, 0, 0, 0, 0, 0, 0, 0, 0, 0, 0, 0, 0, 0, 0, 0, 0, 0, 0, 0, 0, 0, 0, 0, 0, 0, 0, 0, 0, 0, 0, 0, 0, 0, 0, 0, 0, 0, 0, 0, 0, 0, 0, 0, 0, 0, 0, 0, 0, 0, 0, 0, 0, 0, 0, 0, 0, 0, 0, 0, 0, 0, 0, 0, 0, 0, 0, 0, 0, 0, 0, 0, 0, 0, 0, 0, 0, 0, 0, 0, 0, 0, 0, 0, 0, 0, 0, 0, 0, 0, 0, 0, 0, 0, 0, 0, 0, 0, 0, 0, 0, 0, 0, 0, 0, 0, 0, 0, 0, 0, 0, 0, 0, 0, 0, 0, 0, 0, 0, 0, 0, 0, 0, 0, 0, 0, 0, 0, 0, 0, 0, 0, 0, 0, 0, 0, 0, 0, 0, 0, 0, 0, 0, 0, 0, 0, 0, 0, 0, 0, 0, 0, 0, 0, 0, 0, 0, 0, 0, 0, 0, 0, 0, 0, 0, 0, 0, 0, 0, 0, 0, 0, 0, 0, 0, 0, 0, 0, 0, 0, 0, 0, 0, 0, 0, 0, 0, 0, 0, 0, 0, 0, 0, 0, 0, 0, 0, 0, 0, 0, 0, 0, 0, 0, 0, 0, 0, 0, 0, 0, 0, 0, 0, 0, 0, 0, 0, 0, 0, 0, '0.00', 2, NULL, '2017-08-07 22:55:00', '2018-07-23 18:12:00', NULL),
(40, '3697766', '30000040', 'CANACCFRE0098', NULL, NULL, NULL, NULL, 'CANON TAMRAC JAZZ36 CAMBAGFREE', 'CANON', 0, 0, 0, 0, 0, 0, 0, 0, 0, 0, 0, 0, 0, 0, 0, 0, 0, 0, 0, 0, 0, 0, 0, 0, 0, 0, 0, 0, 0, 0, 0, 0, 0, 0, 0, 0, 0, 0, 0, 0, 0, 0, 0, 0, 0, 0, 0, 0, 0, 0, 0, 0, 0, 0, 0, 0, 0, 0, 0, 0, 0, 0, 0, 0, 0, 0, 0, 0, 0, 0, 0, 0, 0, 0, 0, 0, 0, 0, 0, 0, 0, 0, 0, 0, 0, 0, 0, 0, 0, 0, 0, 0, 0, 0, 0, 0, 0, 0, 0, 0, 0, 0, 0, 0, 0, 0, 0, 0, 0, 0, 0, 0, 0, 0, 0, 0, 0, 0, 0, 0, 0, 0, 0, 0, 0, 0, 0, 0, 0, 0, 0, 0, 0, 0, 0, 0, 0, 0, 0, 0, 0, 0, 0, 0, 0, 0, 0, 0, 0, 0, 0, 0, 0, 0, 0, 0, 0, 0, 0, 0, 0, 0, 0, 0, 0, 0, 0, 0, 0, 0, 0, 0, 0, 0, 0, 0, 0, 0, 0, 0, 0, 0, 0, 0, 0, 0, 0, 0, 0, 0, 0, 0, 0, 0, 0, 0, 0, 0, 0, 0, 0, 0, 0, 0, 0, 0, 0, 0, 0, 0, 0, 0, 0, 0, 0, 0, 0, 0, 0, 0, 0, 0, 0, 0, 0, 0, 0, 0, 0, 0, 0, 0, 0, 0, 0, 0, 0, 0, 0, 0, 0, 0, 0, 0, 0, 0, 0, 0, 0, 0, 0, 0, 0, 0, 0, 0, 0, 0, 0, 0, 0, 0, 0, 0, 0, 0, 0, 0, 0, 0, 0, 0, 0, 0, 0, 0, 0, 0, 0, 0, 0, 0, 0, 0, 0, 0, 0, 0, 0, 0, 0, 0, 0, 0, 0, 0, 0, 0, 0, 0, 0, 0, 0, 0, 0, 0, 0, 0, 0, 0, 0, 0, 0, 0, 0, 0, 0, 0, 0, 0, 0, 0, 0, 0, 0, 0, 0, 0, 0, 0, 0, 0, 0, 0, 0, 0, 0, 0, 0, 0, 0, 0, 0, 0, 0, 0, 0, 0, 0, 0, 0, 0, 0, 0, 0, 0, 0, 0, 0, 0, 0, 0, 0, 0, 0, 0, 0, 0, 0, 0, 0, 0, 0, 0, 0, 0, 0, 0, '0.00', 2, NULL, '2017-08-07 22:55:00', '2018-07-23 18:12:00', NULL),
(41, '3697767', '30000041', 'CANACCFRE0099', NULL, NULL, NULL, NULL, 'CANON PHOTOGRAPHY BOOK FREE', 'CANON', 0, 0, 0, 0, 0, 0, 0, 0, 0, 0, 0, 0, 0, 0, 0, 0, 0, 0, 0, 0, 0, 0, 0, 0, 0, 0, 0, 0, 0, 0, 0, 0, 0, 0, 0, 0, 0, 0, 0, 0, 0, 0, 0, 0, 0, 0, 0, 0, 0, 0, 0, 0, 0, 0, 0, 0, 0, 0, 0, 0, 0, 0, 0, 0, 0, 0, 0, 0, 0, 0, 0, 0, 0, 0, 0, 0, 0, 0, 0, 0, 0, 0, 0, 0, 0, 0, 0, 0, 0, 0, 0, 0, 0, 0, 0, 0, 0, 0, 0, 0, 0, 0, 0, 0, 0, 0, 0, 0, 0, 0, 0, 0, 0, 0, 0, 0, 0, 0, 0, 0, 0, 0, 0, 0, 0, 0, 0, 0, 0, 0, 0, 0, 0, 0, 0, 0, 0, 0, 0, 0, 0, 0, 0, 0, 0, 0, 0, 0, 0, 0, 0, 0, 0, 0, 0, 0, 0, 0, 0, 0, 0, 0, 0, 0, 0, 0, 0, 0, 0, 0, 0, 0, 0, 0, 0, 0, 0, 0, 0, 0, 0, 0, 0, 0, 0, 0, 0, 0, 0, 0, 0, 0, 0, 0, 0, 0, 0, 0, 0, 0, 0, 0, 0, 0, 0, 0, 0, 0, 0, 0, 0, 0, 0, 0, 0, 0, 0, 0, 0, 0, 0, 0, 0, 0, 0, 0, 0, 0, 0, 0, 0, 0, 0, 0, 0, 0, 0, 0, 0, 0, 0, 0, 0, 0, 0, 0, 0, 0, 0, 0, 0, 0, 0, 0, 0, 0, 0, 0, 0, 0, 0, 0, 0, 0, 0, 0, 0, 0, 0, 0, 0, 0, 0, 0, 0, 0, 0, 0, 0, 0, 0, 0, 0, 0, 0, 0, 0, 0, 0, 0, 0, 0, 0, 0, 0, 0, 0, 0, 0, 0, 0, 0, 0, 0, 0, 0, 0, 0, 0, 0, 0, 0, 0, 0, 0, 0, 0, 0, 0, 0, 0, 0, 0, 0, 0, 0, 0, 0, 0, 0, 0, 0, 0, 0, 0, 0, 0, 0, 0, 0, 0, 0, 0, 0, 0, 0, 0, 0, 0, 0, 0, 0, 0, 0, 0, 0, 0, 0, 0, 0, 0, 0, 0, 0, 0, 0, 0, 0, 0, 0, 0, 0, 0, 0, 0, 0, 0, 0, '0.00', 2, NULL, '2017-08-07 22:55:00', '2018-07-23 18:12:00', NULL),
(42, '3697768', '30000042', 'CANACCFRE0106', NULL, NULL, NULL, NULL, 'CANON LETTER SIZE 8.5X11 FREE', 'CANON', 0, 0, 0, 0, 0, 0, 0, 0, 0, 0, 0, 0, 0, 0, 0, 0, 0, 0, 0, 0, 0, 0, 0, 0, 0, 0, 0, 0, 0, 0, 0, 0, 0, 0, 0, 0, 0, 0, 0, 0, 0, 0, 0, 0, 0, 0, 0, 0, 0, 0, 0, 0, 0, 0, 0, 0, 0, 0, 0, 0, 0, 0, 0, 0, 0, 0, 0, 0, 0, 0, 0, 0, 0, 0, 0, 0, 0, 0, 0, 0, 0, 0, 0, 0, 0, 0, 0, 0, 0, 0, 0, 0, 0, 0, 0, 0, 0, 0, 0, 0, 0, 0, 0, 0, 0, 0, 0, 0, 0, 0, 0, 0, 0, 0, 0, 0, 0, 0, 0, 0, 0, 0, 0, 0, 0, 0, 0, 0, 0, 0, 0, 0, 0, 0, 0, 0, 0, 0, 0, 0, 0, 0, 0, 0, 0, 0, 0, 0, 0, 0, 0, 0, 0, 0, 0, 0, 0, 0, 0, 0, 0, 0, 0, 0, 0, 0, 0, 0, 0, 0, 0, 0, 0, 0, 0, 0, 0, 0, 0, 0, 0, 0, 0, 0, 0, 0, 0, 0, 0, 0, 0, 0, 0, 0, 0, 0, 0, 0, 0, 0, 0, 0, 0, 0, 0, 0, 0, 0, 0, 0, 0, 0, 0, 0, 0, 0, 0, 0, 0, 0, 0, 0, 0, 0, 0, 0, 0, 0, 0, 0, 0, 0, 0, 0, 0, 0, 0, 0, 0, 0, 0, 0, 0, 0, 0, 0, 0, 0, 0, 0, 0, 0, 0, 0, 0, 0, 0, 0, 0, 0, 0, 0, 0, 0, 0, 0, 0, 0, 0, 0, 0, 0, 0, 0, 0, 0, 0, 0, 0, 0, 0, 0, 0, 0, 0, 0, 0, 0, 0, 0, 0, 0, 0, 0, 0, 0, 0, 0, 0, 0, 0, 0, 0, 0, 0, 0, 0, 0, 0, 0, 0, 0, 0, 0, 0, 0, 0, 0, 0, 0, 0, 0, 0, 0, 0, 0, 0, 0, 0, 0, 0, 0, 0, 0, 0, 0, 0, 0, 0, 0, 0, 0, 0, 0, 0, 0, 0, 0, 0, 0, 0, 0, 0, 0, 0, 0, 0, 0, 0, 0, 0, 0, 0, 0, 0, 0, 0, 0, 0, 0, 0, 0, 0, 0, 0, 0, 0, 0, '0.00', 2, NULL, '2017-08-07 22:55:00', '2018-07-23 18:12:00', NULL),
(43, '3694992', '30000043', 'CANACCFRE0107', NULL, NULL, NULL, NULL, 'CANON MYDLINK N150 ROUTER FREE', 'CANON', 0, 0, 0, 0, 0, 0, 0, 0, 0, 0, 0, 0, 0, 0, 0, 0, 0, 0, 0, 0, 0, 0, 0, 0, 0, 0, 0, 0, 0, 0, 0, 0, 0, 0, 0, 0, 0, 0, 0, 0, 0, 0, 0, 0, 0, 0, 0, 0, 0, 0, 0, 0, 0, 0, 0, 0, 0, 0, 0, 0, 0, 0, 0, 0, 0, 0, 0, 0, 0, 0, 0, 0, 0, 0, 0, 0, 0, 0, 0, 0, 0, 0, 0, 0, 0, 0, 0, 0, 0, 0, 0, 0, 0, 0, 0, 0, 0, 0, 0, 0, 0, 0, 0, 0, 0, 0, 0, 0, 0, 0, 0, 0, 0, 0, 0, 0, 0, 0, 0, 0, 0, 0, 0, 0, 0, 0, 0, 0, 0, 0, 0, 0, 0, 0, 0, 0, 0, 0, 0, 0, 0, 0, 0, 0, 0, 0, 0, 0, 0, 0, 0, 0, 0, 0, 0, 0, 0, 0, 0, 0, 0, 0, 0, 0, 0, 0, 0, 0, 0, 0, 0, 0, 0, 0, 0, 0, 0, 0, 0, 0, 0, 0, 0, 0, 0, 0, 0, 0, 0, 0, 0, 0, 0, 0, 0, 0, 0, 0, 0, 0, 0, 0, 0, 0, 0, 0, 0, 0, 0, 0, 0, 0, 0, 0, 0, 0, 0, 0, 0, 0, 0, 0, 0, 0, 0, 0, 0, 0, 0, 0, 0, 0, 0, 0, 0, 0, 0, 0, 0, 0, 0, 0, 0, 0, 0, 0, 0, 0, 0, 0, 0, 0, 0, 0, 0, 0, 0, 0, 0, 0, 0, 0, 0, 0, 0, 0, 0, 0, 0, 0, 0, 0, 0, 0, 0, 0, 0, 0, 0, 0, 0, 0, 0, 0, 0, 0, 0, 0, 0, 0, 0, 0, 0, 0, 0, 0, 0, 0, 0, 0, 0, 0, 0, 0, 0, 0, 0, 0, 0, 0, 0, 0, 0, 0, 0, 0, 0, 0, 0, 0, 0, 0, 0, 0, 0, 0, 0, 0, 0, 0, 0, 0, 0, 0, 0, 0, 0, 0, 0, 0, 0, 0, 0, 0, 0, 0, 0, 0, 0, 0, 0, 0, 0, 0, 0, 0, 0, 0, 0, 0, 0, 0, 0, 0, 0, 0, 0, 0, 0, 0, 0, 0, 0, 0, 0, 0, 0, 0, '0.00', 2, NULL, '2017-08-07 22:55:00', '2018-07-23 18:12:00', NULL),
(44, '3694993', '30000044', 'CANACCFRE0111', NULL, NULL, NULL, NULL, 'CANON PSA/IX 2013 CASE FREE', 'CANON', 0, 0, 0, 0, 0, 0, 0, 0, 0, 0, 0, 0, 0, 0, 0, 0, 0, 0, 0, 0, 0, 0, 0, 0, 0, 0, 0, 0, 0, 0, 0, 0, 0, 0, 0, 0, 0, 0, 0, 0, 0, 0, 0, 0, 0, 0, 0, 0, 0, 0, 0, 0, 0, 0, 0, 0, 0, 0, 0, 0, 0, 0, 0, 0, 0, 0, 0, 0, 0, 0, 0, 0, 0, 0, 0, 0, 0, 0, 0, 0, 0, 0, 0, 0, 0, 0, 0, 0, 0, 0, 0, 0, 0, 0, 0, 0, 0, 0, 0, 0, 0, 0, 0, 0, 0, 0, 0, 0, 0, 0, 0, 0, 0, 0, 0, 0, 0, 0, 0, 0, 0, 0, 0, 0, 0, 0, 0, 0, 0, 0, 0, 0, 0, 0, 0, 0, 0, 0, 0, 0, 0, 0, 0, 0, 0, 0, 0, 0, 0, 0, 0, 0, 0, 0, 0, 0, 0, 0, 0, 0, 0, 0, 0, 0, 0, 0, 0, 0, 0, 0, 0, 0, 0, 0, 0, 0, 0, 0, 0, 0, 0, 0, 0, 0, 0, 0, 0, 0, 0, 0, 0, 0, 0, 0, 0, 0, 0, 0, 0, 0, 0, 0, 0, 0, 0, 0, 0, 0, 0, 0, 0, 0, 0, 0, 0, 0, 0, 0, 0, 0, 0, 0, 0, 0, 0, 0, 0, 0, 0, 0, 0, 0, 0, 0, 0, 0, 0, 0, 0, 0, 0, 0, 0, 0, 0, 0, 0, 0, 0, 0, 0, 0, 0, 0, 0, 0, 0, 0, 0, 0, 0, 0, 0, 0, 0, 0, 0, 0, 0, 0, 0, 0, 0, 0, 0, 0, 0, 0, 0, 0, 0, 0, 0, 0, 0, 0, 0, 0, 0, 0, 0, 0, 0, 0, 0, 0, 0, 0, 0, 0, 0, 0, 0, 0, 0, 0, 0, 0, 0, 0, 0, 0, 0, 0, 0, 0, 0, 0, 0, 0, 0, 0, 0, 0, 0, 0, 0, 0, 0, 0, 0, 0, 0, 0, 0, 0, 0, 0, 0, 0, 0, 0, 0, 0, 0, 0, 0, 0, 0, 0, 0, 0, 0, 0, 0, 0, 0, 0, 0, 0, 0, 0, 0, 0, 0, 0, 0, 0, 0, 0, 0, 0, 0, 0, 0, 0, 0, 0, '0.00', 2, NULL, '2017-08-07 22:55:00', '2018-07-23 18:12:00', NULL),
(45, '3694994', '30000045', 'UNI0TPAPMTPBF', NULL, NULL, NULL, NULL, 'SP CD BODIFINDER MAGICTRACKPAD', 'CAPDASE', 0, 0, 0, 0, 0, 0, 0, 0, 0, 0, 0, 0, 0, 0, 0, 0, 0, 0, 0, 0, 0, 0, 0, 0, 0, 0, 0, 0, 0, 0, 0, 0, 0, 0, 0, 0, 0, 0, 0, 0, 0, 0, 0, 0, 0, 0, 0, 0, 0, 0, 0, 0, 0, 0, 0, 0, 0, 0, 0, 0, 0, 0, 0, 0, 0, 0, 0, 0, 0, 0, 0, 0, 0, 0, 0, 0, 0, 0, 0, 0, 0, 0, 0, 0, 0, 0, 0, 0, 0, 0, 0, 0, 0, 0, 0, 0, 0, 0, 0, 0, 0, 0, 0, 0, 0, 0, 0, 0, 0, 0, 0, 0, 0, 0, 0, 0, 0, 0, 0, 0, 0, 0, 0, 0, 0, 0, 0, 0, 0, 0, 0, 0, 0, 0, 0, 0, 0, 0, 0, 0, 0, 0, 0, 0, 0, 0, 0, 0, 0, 0, 0, 0, 0, 0, 0, 0, 0, 0, 0, 0, 0, 0, 0, 0, 0, 0, 0, 0, 0, 0, 0, 0, 0, 0, 0, 0, 0, 0, 0, 0, 0, 0, 0, 0, 0, 0, 0, 0, 0, 0, 0, 0, 0, 0, 0, 0, 0, 0, 0, 0, 0, 0, 0, 0, 0, 0, 0, 0, 0, 0, 0, 0, 0, 0, 0, 0, 0, 0, 0, 0, 0, 0, 0, 0, 0, 0, 0, 0, 0, 0, 0, 0, 0, 0, 0, 0, 0, 0, 0, 0, 0, 0, 0, 0, 0, 0, 0, 0, 0, 0, 0, 0, 0, 0, 0, 0, 0, 0, 0, 0, 0, 0, 0, 0, 0, 0, 0, 0, 0, 0, 0, 0, 0, 0, 0, 0, 0, 0, 0, 0, 0, 0, 0, 0, 0, 0, 0, 0, 0, 0, 0, 0, 0, 0, 0, 0, 0, 0, 0, 0, 0, 0, 0, 0, 0, 0, 0, 0, 0, 0, 0, 0, 0, 0, 0, 0, 0, 0, 0, 0, 0, 0, 0, 0, 0, 0, 0, 0, 0, 0, 0, 0, 0, 0, 0, 0, 0, 0, 0, 0, 0, 0, 0, 0, 0, 0, 0, 0, 0, 0, 0, 0, 0, 0, 0, 0, 0, 0, 0, 0, 0, 0, 0, 0, 0, 0, 0, 0, 0, 0, 0, 0, 0, 0, 0, 0, 0, 0, '467.50', 2, NULL, '2017-08-07 22:55:00', '2018-07-23 18:12:00', NULL),
(46, '3694995', '30000046', 'UNITPAPMB13SBF', NULL, NULL, NULL, NULL, 'SP CD BODIFINDER MBP 13\"', 'CAPDASE', 0, 0, 0, 0, 0, 0, 0, 0, 0, 0, 0, 0, 0, 0, 0, 0, 0, 0, 0, 0, 0, 0, 0, 0, 0, 0, 0, 0, 0, 0, 0, 0, 0, 0, 0, 0, 0, 0, 0, 0, 0, 0, 0, 0, 0, 0, 0, 0, 0, 0, 0, 0, 0, 0, 0, 0, 0, 0, 0, 0, 0, 0, 0, 0, 0, 0, 0, 0, 0, 0, 0, 0, 0, 0, 0, 0, 0, 0, 0, 0, 0, 0, 0, 0, 0, 0, 0, 0, 0, 0, 0, 0, 0, 0, 0, 0, 0, 0, 0, 0, 0, 0, 0, 0, 0, 0, 0, 0, 0, 0, 0, 0, 0, 0, 0, 0, 0, 0, 0, 0, 0, 0, 0, 0, 0, 0, 0, 0, 0, 0, 0, 0, 0, 0, 0, 0, 0, 0, 0, 0, 0, 0, 0, 0, 0, 0, 0, 0, 0, 0, 0, 0, 0, 0, 0, 0, 0, 0, 0, 0, 0, 0, 0, 0, 0, 0, 0, 0, 0, 0, 0, 0, 0, 0, 0, 0, 0, 0, 0, 0, 0, 0, 0, 0, 0, 0, 0, 0, 0, 0, 0, 0, 0, 0, 0, 0, 0, 0, 0, 0, 0, 0, 0, 0, 0, 0, 0, 0, 0, 0, 0, 0, 0, 0, 0, 0, 0, 0, 0, 0, 0, 0, 0, 0, 0, 0, 0, 0, 0, 0, 0, 0, 0, 0, 0, 0, 0, 0, 0, 0, 0, 0, 0, 0, 0, 0, 0, 0, 0, 0, 0, 0, 0, 0, 0, 0, 0, 0, 0, 0, 0, 0, 0, 0, 0, 0, 0, 0, 0, 0, 0, 0, 0, 0, 0, 0, 0, 0, 0, 0, 0, 0, 0, 0, 0, 0, 0, 0, 0, 0, 0, 0, 0, 0, 0, 0, 0, 0, 0, 0, 0, 0, 0, 0, 0, 0, 0, 0, 0, 0, 0, 0, 0, 0, 0, 0, 0, 0, 0, 0, 0, 0, 0, 0, 0, 0, 0, 0, 0, 0, 0, 0, 0, 0, 0, 0, 0, 0, 0, 0, 0, 0, 0, 0, 0, 0, 0, 0, 0, 0, 0, 0, 0, 0, 0, 0, 0, 0, 0, 0, 0, 0, 0, 0, 0, 0, 0, 0, 0, 0, 0, 0, 0, 0, 0, 0, 0, 0, '99.50', 2, NULL, '2017-08-07 22:55:00', '2018-07-23 18:12:00', NULL),
(47, '3694996', '30000047', 'UNITPAPMBA11BF', NULL, NULL, NULL, NULL, 'CD TPAD WPAD MBAIR 11\" 3IN1', 'CAPDASE', 0, 0, 0, 0, 0, 0, 0, 0, 0, 0, 0, 0, 0, 0, 0, 0, 0, 0, 0, 0, 0, 0, 0, 0, 0, 0, 0, 0, 0, 0, 0, 0, 0, 0, 0, 0, 0, 0, 0, 0, 0, 0, 0, 0, 0, 0, 0, 0, 0, 0, 0, 0, 0, 0, 0, 0, 0, 0, 0, 0, 0, 0, 0, 0, 0, 0, 0, 0, 0, 0, 0, 0, 0, 0, 0, 0, 0, 0, 0, 0, 0, 0, 0, 0, 0, 0, 0, 0, 0, 0, 0, 0, 0, 0, 0, 0, 0, 0, 0, 0, 0, 0, 0, 0, 0, 0, 0, 0, 0, 0, 0, 0, 0, 0, 0, 0, 0, 0, 0, 0, 0, 0, 0, 0, 0, 0, 0, 0, 0, 0, 0, 0, 0, 0, 0, 0, 0, 0, 0, 0, 0, 0, 0, 0, 0, 0, 0, 0, 0, 0, 0, 0, 0, 0, 0, 0, 0, 0, 0, 0, 0, 0, 0, 0, 0, 0, 0, 0, 0, 0, 0, 0, 0, 0, 0, 0, 0, 0, 0, 0, 0, 0, 0, 0, 0, 0, 0, 0, 0, 0, 0, 0, 0, 0, 0, 0, 0, 0, 0, 0, 0, 0, 0, 0, 0, 0, 0, 0, 0, 0, 0, 0, 0, 0, 0, 0, 0, 0, 0, 0, 0, 0, 0, 0, 0, 0, 0, 0, 0, 0, 0, 0, 0, 0, 0, 0, 0, 0, 0, 0, 0, 0, 0, 0, 0, 0, 0, 0, 0, 0, 0, 0, 0, 0, 0, 0, 0, 0, 0, 0, 0, 0, 0, 0, 0, 0, 0, 0, 0, 0, 0, 0, 0, 0, 0, 0, 0, 0, 0, 0, 0, 0, 0, 0, 0, 0, 0, 0, 0, 0, 0, 0, 0, 0, 0, 0, 0, 0, 0, 0, 0, 0, 0, 0, 0, 0, 0, 0, 0, 0, 0, 0, 0, 0, 0, 0, 0, 0, 0, 0, 0, 0, 0, 0, 0, 0, 0, 0, 0, 0, 0, 0, 0, 0, 0, 0, 0, 0, 0, 0, 0, 0, 0, 0, 0, 0, 0, 0, 0, 0, 0, 0, 0, 0, 0, 0, 0, 0, 0, 0, 0, 0, 0, 0, 0, 0, 0, 0, 0, 0, 0, 0, 0, 0, 0, 0, 0, 0, '467.50', 2, NULL, '2017-08-07 22:55:00', '2018-07-23 18:12:00', NULL),
(48, '3694997', '30000048', 'UNITPAPMBA3LBF', NULL, NULL, NULL, NULL, 'CD TPAD MBAIR13\"2ND/WHUNI/PRO', 'CAPDASE', 0, 0, 0, 0, 0, 0, 0, 0, 0, 0, 0, 0, 0, 0, 0, 0, 0, 0, 0, 0, 0, 0, 0, 0, 0, 0, 0, 0, 0, 0, 0, 0, 0, 0, 0, 0, 0, 0, 0, 0, 0, 0, 0, 0, 0, 0, 0, 0, 0, 0, 0, 0, 0, 0, 0, 0, 0, 0, 0, 0, 0, 0, 0, 0, 0, 0, 0, 0, 0, 0, 0, 0, 0, 0, 0, 0, 0, 0, 0, 0, 0, 0, 0, 0, 0, 0, 0, 0, 0, 0, 0, 0, 0, 0, 0, 0, 0, 0, 0, 0, 0, 0, 0, 0, 0, 0, 0, 0, 0, 0, 0, 0, 0, 0, 0, 0, 0, 0, 0, 0, 0, 0, 0, 0, 0, 0, 0, 0, 0, 0, 0, 0, 0, 0, 0, 0, 0, 0, 0, 0, 0, 0, 0, 0, 0, 0, 0, 0, 0, 0, 0, 0, 0, 0, 0, 0, 0, 0, 0, 0, 0, 0, 0, 0, 0, 0, 0, 0, 0, 0, 0, 0, 0, 0, 0, 0, 0, 0, 0, 0, 0, 0, 0, 0, 0, 0, 0, 0, 0, 0, 0, 0, 0, 0, 0, 0, 0, 0, 0, 0, 0, 0, 0, 0, 0, 0, 0, 0, 0, 0, 0, 0, 0, 0, 0, 0, 0, 0, 0, 0, 0, 0, 0, 0, 0, 0, 0, 0, 0, 0, 0, 0, 0, 0, 0, 0, 0, 0, 0, 0, 0, 0, 0, 0, 0, 0, 0, 0, 0, 0, 0, 0, 0, 0, 0, 0, 0, 0, 0, 0, 0, 0, 0, 0, 0, 0, 0, 0, 0, 0, 0, 0, 0, 0, 0, 0, 0, 0, 0, 0, 0, 0, 0, 0, 0, 0, 0, 0, 0, 0, 0, 0, 0, 0, 0, 0, 0, 0, 0, 0, 0, 0, 0, 0, 0, 0, 0, 0, 0, 0, 0, 0, 0, 0, 0, 0, 0, 0, 0, 0, 0, 0, 0, 0, 0, 0, 0, 0, 0, 0, 0, 0, 0, 0, 0, 0, 0, 0, 0, 0, 0, 0, 0, 0, 0, 0, 0, 0, 0, 0, 0, 0, 0, 0, 0, 0, 0, 0, 0, 0, 0, 0, 0, 0, 0, 0, 0, 0, 0, 0, 0, 0, 0, 0, 0, 0, 0, 0, '467.50', 2, NULL, '2017-08-07 22:55:00', '2018-07-23 18:12:00', NULL),
(49, '3694998', '30000049', '190021008885', NULL, NULL, NULL, NULL, 'DJI EXTRA BATTERY PHANTOM 4', 'DJI', 0, 0, 0, 0, 0, 0, 0, 0, 0, 0, 0, 0, 0, 0, 0, 0, 0, 0, 0, 0, 0, 0, 0, 0, 0, 0, 0, 0, 0, 0, 0, 0, 0, 0, 0, 0, 0, 0, 0, 0, 0, 0, 0, 0, 0, 0, 0, 0, 0, 0, 0, 0, 0, 0, 0, 0, 0, 0, 0, 0, 0, 0, 0, 0, 0, 0, 0, 0, 0, 0, 0, 0, 0, 0, 0, 0, 0, 0, 0, 0, 0, 0, 0, 0, 0, 0, 0, 0, 0, 0, 0, 0, 0, 0, 0, 0, 0, 0, 0, 0, 0, 0, 0, 0, 0, 0, 0, 0, 0, 0, 0, 0, 0, 0, 0, 0, 0, 0, 0, 0, 0, 0, 0, 0, 0, 0, 0, 0, 0, 0, 0, 0, 0, 0, 0, 0, 0, 0, 0, 0, 0, 0, 0, 0, 0, 0, 0, 0, 0, 0, 0, 0, 0, 0, 0, 0, 0, 0, 0, 0, 0, 0, 0, 0, 0, 0, 0, 0, 0, 0, 0, 0, 0, 0, 0, 0, 0, 0, 0, 0, 0, 0, 0, 0, 0, 0, 0, 0, 0, 0, 0, 0, 0, 0, 0, 0, 0, 0, 0, 0, 0, 0, 0, 0, 0, 0, 0, 0, 0, 0, 0, 0, 0, 0, 0, 0, 0, 0, 0, 0, 0, 0, 0, 0, 0, 0, 0, 0, 0, 0, 0, 0, 0, 0, 0, 0, 0, 0, 0, 0, 0, 0, 0, 0, 0, 0, 0, 0, 0, 0, 0, 0, 0, 0, 0, 0, 0, 0, 0, 0, 0, 0, 0, 0, 0, 0, 0, 0, 0, 0, 0, 0, 0, 0, 0, 0, 0, 0, 0, 0, 0, 0, 0, 0, 0, 0, 0, 0, 0, 0, 0, 0, 0, 0, 0, 0, 0, 0, 0, 0, 0, 0, 0, 0, 0, 0, 0, 0, 0, 0, 0, 0, 0, 0, 0, 0, 0, 0, 0, 0, 0, 0, 0, 0, 0, 0, 0, 0, 0, 0, 0, 0, 0, 0, 0, 0, 0, 0, 0, 0, 0, 0, 0, 0, 0, 0, 0, 0, 0, 0, 0, 0, 0, 0, 0, 0, 0, 0, 0, 0, 0, 0, 0, 0, 0, 0, 0, 0, 0, 0, 0, 0, 0, 0, 0, 0, 0, 0, '0.00', 2, 10, '2017-08-07 22:55:00', '2018-10-02 23:21:43', NULL),
(50, '3694999', '30000050', 'C190021008861', NULL, NULL, NULL, NULL, 'DJI EXTRA BATTERY PHANTOM 3', 'DJI', 0, 0, 0, 0, 0, 0, 0, 0, 0, 0, 0, 0, 0, 0, 0, 0, 0, 0, 0, 0, 0, 0, 0, 0, 0, 0, 0, 0, 0, 0, 0, 0, 0, 0, 0, 0, 0, 0, 0, 0, 0, 0, 0, 0, 0, 0, 0, 0, 0, 0, 0, 0, 0, 0, 0, 0, 0, 0, 0, 0, 0, 0, 0, 0, 0, 0, 0, 0, 0, 0, 0, 0, 0, 0, 0, 0, 0, 0, 0, 0, 0, 0, 0, 0, 0, 0, 0, 0, 0, 0, 0, 0, 0, 0, 0, 0, 0, 0, 0, 0, 0, 0, 0, 0, 0, 0, 0, 0, 0, 0, 0, 0, 0, 0, 0, 0, 0, 0, 0, 0, 0, 0, 0, 0, 0, 0, 0, 0, 0, 0, 0, 0, 0, 0, 0, 0, 0, 0, 0, 0, 0, 0, 0, 0, 0, 0, 0, 0, 0, 0, 0, 0, 0, 0, 0, 0, 0, 0, 0, 0, 0, 0, 0, 0, 0, 0, 0, 0, 0, 0, 0, 0, 0, 0, 0, 0, 0, 0, 0, 0, 0, 0, 0, 0, 0, 0, 0, 0, 0, 0, 0, 0, 0, 0, 0, 0, 0, 0, 0, 0, 0, 0, 0, 0, 0, 0, 0, 0, 0, 0, 0, 0, 0, 0, 0, 0, 0, 0, 0, 0, 0, 0, 0, 0, 0, 0, 0, 0, 0, 0, 0, 0, 0, 0, 0, 0, 0, 0, 0, 0, 0, 0, 0, 0, 0, 0, 0, 0, 0, 0, 0, 0, 0, 0, 0, 0, 0, 0, 0, 0, 0, 0, 0, 0, 0, 0, 0, 0, 0, 0, 0, 0, 0, 0, 0, 0, 0, 0, 0, 0, 0, 0, 0, 0, 0, 0, 0, 0, 0, 0, 0, 0, 0, 0, 0, 0, 0, 0, 0, 0, 0, 0, 0, 0, 0, 0, 0, 0, 0, 0, 0, 0, 0, 0, 0, 0, 0, 0, 0, 0, 0, 0, 0, 0, 0, 0, 0, 0, 0, 0, 0, 0, 0, 0, 0, 0, 0, 0, 0, 0, 0, 0, 0, 0, 0, 0, 0, 0, 0, 0, 0, 0, 0, 0, 0, 0, 0, 0, 0, 0, 0, 0, 0, 0, 0, 0, 0, 0, 0, 0, 0, 0, 0, 0, 0, 0, 0, 0, '0.00', 2, 10, '2017-08-07 22:55:00', '2018-10-02 23:22:12', NULL),
(51, '3695000', '30000051', 'PPB-DW-BK01', NULL, NULL, NULL, NULL, 'DW PAPERBAG BK S', 'DIGITAL WALKER', 0, 0, 0, 0, 0, 0, 0, 0, 0, 0, 0, 0, 0, 304, 0, 0, 0, 0, 0, 0, 0, 0, 0, 0, 0, 0, 304, 0, 0, 0, 0, 0, 0, 0, 0, 0, 0, 304, 0, 0, 0, 0, 0, 0, 0, 0, 0, 0, 304, 0, 0, 0, 0, 0, 0, 0, 0, 0, 0, 304, 0, 0, 0, 0, 0, 0, 0, 0, 0, 0, 304, 0, 0, 0, 0, 0, 0, 0, 0, 0, 0, 304, 0, 0, 0, 0, 0, 0, 0, 0, 0, 0, 304, 0, 0, 0, 0, 0, 0, 0, 0, 0, 0, 304, 0, 0, 0, 0, 0, 0, 0, 0, 0, 0, 304, 0, 0, 0, 0, 0, 0, 0, 0, 0, 0, 304, 0, 0, 0, 0, 0, 0, 0, 0, 0, 0, 304, 0, 0, 0, 0, 0, 0, 0, 0, 0, 0, 304, 0, 0, 0, 0, 0, 0, 0, 0, 0, 0, 304, 0, 0, 0, 0, 0, 0, 0, 0, 0, 0, 304, 0, 0, 0, 0, 0, 0, 0, 0, 0, 0, 304, 0, 0, 0, 0, 0, 0, 0, 0, 0, 0, 304, 0, 0, 0, 0, 0, 0, 0, 0, 0, 0, 304, 0, 0, 0, 0, 0, 0, 0, 0, 0, 0, 304, 0, 0, 0, 0, 0, 0, 0, 0, 0, 0, 304, 0, 0, 0, 0, 0, 0, 0, 0, 0, 0, 304, 0, 0, 0, 0, 0, 0, 0, 0, 0, 0, 0, 0, 304, 0, 0, 0, 0, 0, 0, 0, 0, 0, 0, 304, 0, 0, 0, 0, 0, 0, 0, 0, 0, 0, 304, 0, 0, 0, 0, 0, 0, 0, 0, 0, 0, 304, 0, 0, 0, 0, 0, 0, 0, 0, 0, 0, 304, 0, 0, 0, 0, 0, 0, 0, 0, 0, 0, 304, 0, 0, 0, 0, 0, 0, 0, 0, 0, 0, 304, 0, 0, 0, 0, 0, 0, 0, 0, 0, 0, 304, 0, 0, 0, 0, 0, 0, 0, 0, 0, 0, 304, 0, 0, 0, 0, 0, 0, 0, 0, 0, 0, 304, 0, 0, 0, 0, 0, 0, 0, 0, 0, 304, 0, 0, 0, 0, 0, 0, 0, 0, 0, 304, 0, 0, 0, 0, 0, 0, 0, 0, 0, 304, '11.35', 2, NULL, '2017-08-07 22:55:00', '2018-07-23 18:12:00', NULL),
(52, '3695001', '30000052', 'PPB-DW-BK02', NULL, NULL, NULL, NULL, 'DW PAPERBAG BK M', 'DIGITAL WALKER', 0, 0, 0, 0, 0, 0, 0, 0, 0, 0, 0, 0, 0, 9353, 0, 0, 0, 0, 0, 0, 0, 0, 0, 0, 0, 0, 9353, 0, 0, 0, 0, 0, 0, 0, 0, 0, 0, 9353, 0, 0, 0, 0, 0, 0, 0, 0, 0, 0, 9353, 0, 0, 0, 0, 0, 0, 0, 0, 0, 0, 9353, 0, 0, 0, 0, 0, 0, 0, 0, 0, 0, 9353, 0, 0, 0, 0, 0, 0, 0, 0, 0, 0, 9353, 0, 0, 0, 0, 0, 0, 0, 0, 0, 0, 9353, 0, 0, 0, 0, 0, 0, 0, 0, 0, 0, 9353, 0, 0, 0, 0, 0, 0, 0, 0, 0, 0, 9353, 0, 0, 0, 0, 0, 0, 0, 0, 0, 0, 9353, 0, 0, 0, 0, 0, 0, 0, 0, 0, 0, 9353, 0, 0, 0, 0, 0, 0, 0, 0, 0, 0, 9353, 0, 0, 0, 0, 0, 0, 0, 0, 0, 0, 9353, 0, 0, 0, 0, 0, 0, 0, 0, 0, 0, 9353, 0, 0, 0, 0, 0, 0, 0, 0, 0, 0, 9353, 0, 0, 0, 0, 0, 0, 0, 0, 0, 0, 9353, 0, 0, 0, 0, 0, 0, 0, 0, 0, 0, 9353, 0, 0, 0, 0, 0, 0, 0, 0, 0, 0, 9353, 0, 0, 0, 0, 0, 0, 0, 0, 0, 0, 9353, 0, 0, 0, 0, 0, 0, 0, 0, 0, 0, 9353, 0, 0, 0, 0, 0, 0, 0, 0, 0, 0, 0, 0, 9353, 0, 0, 0, 0, 0, 0, 0, 0, 0, 0, 9353, 0, 0, 0, 0, 0, 0, 0, 0, 0, 0, 9353, 0, 0, 0, 0, 0, 0, 0, 0, 0, 0, 9353, 0, 0, 0, 0, 0, 0, 0, 0, 0, 0, 9353, 0, 0, 0, 0, 0, 0, 0, 0, 0, 0, 9353, 0, 0, 0, 0, 0, 0, 0, 0, 0, 0, 9353, 0, 0, 0, 0, 0, 0, 0, 0, 0, 0, 9353, 0, 0, 0, 0, 0, 0, 0, 0, 0, 0, 9353, 0, 0, 0, 0, 0, 0, 0, 0, 0, 0, 9353, 0, 0, 0, 0, 0, 0, 0, 0, 0, 9353, 0, 0, 0, 0, 0, 0, 0, 0, 0, 9353, 0, 0, 0, 0, 0, 0, 0, 0, 0, 9353, '14.35', 2, NULL, '2017-08-07 22:55:00', '2018-07-23 18:12:00', NULL),
(53, '3695002', '30000053', 'PPB-DW-BK03', NULL, NULL, NULL, NULL, 'DW PAPERBAG BK L', 'DIGITAL WALKER', 0, 0, 0, 0, 0, 0, 0, 0, 0, 0, 0, 0, 0, 6950, 0, 0, 0, 0, 0, 0, 0, 0, 0, 0, 0, 0, 6950, 0, 0, 0, 0, 0, 0, 0, 0, 0, 0, 6950, 0, 0, 0, 0, 0, 0, 0, 0, 0, 0, 6950, 0, 0, 0, 0, 0, 0, 0, 0, 0, 0, 6950, 0, 0, 0, 0, 0, 0, 0, 0, 0, 0, 6950, 0, 0, 0, 0, 0, 0, 0, 0, 0, 0, 6950, 0, 0, 0, 0, 0, 0, 0, 0, 0, 0, 6950, 0, 0, 0, 0, 0, 0, 0, 0, 0, 0, 6950, 0, 0, 0, 0, 0, 0, 0, 0, 0, 0, 6950, 0, 0, 0, 0, 0, 0, 0, 0, 0, 0, 6950, 0, 0, 0, 0, 0, 0, 0, 0, 0, 0, 6950, 0, 0, 0, 0, 0, 0, 0, 0, 0, 0, 6950, 0, 0, 0, 0, 0, 0, 0, 0, 0, 0, 6950, 0, 0, 0, 0, 0, 0, 0, 0, 0, 0, 6950, 0, 0, 0, 0, 0, 0, 0, 0, 0, 0, 6950, 0, 0, 0, 0, 0, 0, 0, 0, 0, 0, 6950, 0, 0, 0, 0, 0, 0, 0, 0, 0, 0, 6950, 0, 0, 0, 0, 0, 0, 0, 0, 0, 0, 6950, 0, 0, 0, 0, 0, 0, 0, 0, 0, 0, 6950, 0, 0, 0, 0, 0, 0, 0, 0, 0, 0, 6950, 0, 0, 0, 0, 0, 0, 0, 0, 0, 0, 0, 0, 6950, 0, 0, 0, 0, 0, 0, 0, 0, 0, 0, 6950, 0, 0, 0, 0, 0, 0, 0, 0, 0, 0, 6950, 0, 0, 0, 0, 0, 0, 0, 0, 0, 0, 6950, 0, 0, 0, 0, 0, 0, 0, 0, 0, 0, 6950, 0, 0, 0, 0, 0, 0, 0, 0, 0, 0, 6950, 0, 0, 0, 0, 0, 0, 0, 0, 0, 0, 6950, 0, 0, 0, 0, 0, 0, 0, 0, 0, 0, 6950, 0, 0, 0, 0, 0, 0, 0, 0, 0, 0, 6950, 0, 0, 0, 0, 0, 0, 0, 0, 0, 0, 6950, 0, 0, 0, 0, 0, 0, 0, 0, 0, 6950, 0, 0, 0, 0, 0, 0, 0, 0, 0, 6950, 0, 0, 0, 0, 0, 0, 0, 0, 0, 6950, '22.65', 2, NULL, '2017-08-07 22:55:00', '2018-07-23 18:12:00', NULL),
(54, '3695003', '30000054', '9000437', NULL, NULL, NULL, NULL, 'FIT GWP BLAZE CLASSICBAND L BK', 'FITBIT', 0, 0, 0, 0, 0, 0, 0, 0, 0, 0, 0, 0, 0, 0, 0, 0, 0, 0, 0, 0, 0, 0, 0, 0, 0, 0, 0, 0, 0, 0, 0, 0, 0, 0, 0, 0, 0, 0, 0, 0, 0, 0, 0, 0, 0, 0, 0, 0, 0, 0, 0, 0, 0, 0, 0, 0, 0, 0, 0, 0, 0, 0, 0, 0, 0, 0, 0, 0, 0, 0, 0, 0, 0, 0, 0, 0, 0, 0, 0, 0, 0, 0, 0, 0, 0, 0, 0, 0, 0, 0, 0, 0, 0, 0, 0, 0, 0, 0, 0, 0, 0, 0, 0, 0, 0, 0, 0, 0, 0, 0, 0, 0, 0, 0, 0, 0, 0, 0, 0, 0, 0, 0, 0, 0, 0, 0, 0, 0, 0, 0, 0, 0, 0, 0, 0, 0, 0, 0, 0, 0, 0, 0, 0, 0, 0, 0, 0, 0, 0, 0, 0, 0, 0, 0, 0, 0, 0, 0, 0, 0, 0, 0, 0, 0, 0, 0, 0, 0, 0, 0, 0, 0, 0, 0, 0, 0, 0, 0, 0, 0, 0, 0, 0, 0, 0, 0, 0, 0, 0, 0, 0, 0, 0, 0, 0, 0, 0, 0, 0, 0, 0, 0, 0, 0, 0, 0, 0, 0, 0, 0, 0, 0, 0, 0, 0, 0, 0, 0, 0, 0, 0, 0, 0, 0, 0, 0, 0, 0, 0, 0, 0, 0, 0, 0, 0, 0, 0, 0, 0, 0, 0, 0, 0, 0, 0, 0, 0, 0, 0, 0, 0, 0, 0, 0, 0, 0, 0, 0, 0, 0, 0, 0, 0, 0, 0, 0, 0, 0, 0, 0, 0, 0, 0, 0, 0, 0, 0, 0, 0, 0, 0, 0, 0, 0, 0, 0, 0, 0, 0, 0, 0, 0, 0, 0, 0, 0, 0, 0, 0, 0, 0, 0, 0, 0, 0, 0, 0, 0, 0, 0, 0, 0, 0, 0, 0, 0, 0, 0, 0, 0, 0, 0, 0, 0, 0, 0, 0, 0, 0, 0, 0, 0, 0, 0, 0, 0, 0, 0, 0, 0, 0, 0, 0, 0, 0, 0, 0, 0, 0, 0, 0, 0, 0, 0, 0, 0, 0, 0, 0, 0, 0, 0, 0, 0, 0, 0, 0, 0, 0, 0, 0, 0, 0, 0, 0, 0, 0, 0, '857.37', 2, 260, '2017-08-07 22:55:00', '2023-04-11 01:11:52', NULL),
(55, '3695004', '30000055', '9000609', NULL, NULL, NULL, NULL, 'FIT GWP BLAZE CLASSICBAND S BK', 'FITBIT', 0, 0, 0, 0, 0, 0, 0, 0, 0, 0, 0, 0, 0, 5, 0, 0, 0, 0, 0, 0, 0, 0, 0, 0, 0, 0, 5, 0, 0, 0, 0, 0, 0, 0, 0, 0, 0, 5, 0, 0, 0, 0, 0, 0, 0, 0, 0, 0, 5, 0, 0, 0, 0, 0, 0, 0, 0, 0, 0, 5, 0, 0, 0, 0, 0, 0, 0, 0, 0, 0, 5, 0, 0, 0, 0, 0, 0, 0, 0, 0, 0, 5, 0, 0, 0, 0, 0, 0, 0, 0, 0, 0, 5, 0, 0, 0, 0, 0, 0, 0, 0, 0, 0, 5, 0, 0, 0, 0, 0, 0, 0, 0, 0, 0, 5, 0, 0, 0, 0, 0, 0, 0, 0, 0, 0, 5, 0, 0, 0, 0, 0, 0, 0, 0, 0, 0, 5, 0, 0, 0, 0, 0, 0, 0, 0, 0, 0, 5, 0, 0, 0, 0, 0, 0, 0, 0, 0, 0, 5, 0, 0, 0, 0, 0, 0, 0, 0, 0, 0, 5, 0, 0, 0, 0, 0, 0, 0, 0, 0, 0, 5, 0, 0, 0, 0, 0, 0, 0, 0, 0, 0, 5, 0, 0, 0, 0, 0, 0, 0, 0, 0, 0, 5, 0, 0, 0, 0, 0, 0, 0, 0, 0, 0, 5, 0, 0, 0, 0, 0, 0, 0, 0, 0, 0, 5, 0, 0, 0, 0, 0, 0, 0, 0, 0, 0, 5, 0, 0, 0, 0, 0, 0, 0, 0, 0, 0, 0, 0, 5, 0, 0, 0, 0, 0, 0, 0, 0, 0, 0, 5, 0, 0, 0, 0, 0, 0, 0, 0, 0, 0, 5, 0, 0, 0, 0, 0, 0, 0, 0, 0, 0, 5, 0, 0, 0, 0, 0, 0, 0, 0, 0, 0, 5, 0, 0, 0, 0, 0, 0, 0, 0, 0, 0, 5, 0, 0, 0, 0, 0, 0, 0, 0, 0, 0, 5, 0, 0, 0, 0, 0, 0, 0, 0, 0, 0, 5, 0, 0, 0, 0, 0, 0, 0, 0, 0, 0, 5, 0, 0, 0, 0, 0, 0, 0, 0, 0, 0, 5, 0, 0, 0, 0, 0, 0, 0, 0, 0, 5, 0, 0, 0, 0, 0, 0, 0, 0, 0, 5, 0, 0, 0, 0, 0, 0, 0, 0, 0, 5, '857.37', 2, 260, '2017-08-07 22:55:00', '2023-04-11 01:12:42', NULL),
(56, '2397634', '30000056', '9000668', NULL, NULL, NULL, NULL, 'FJI MICROSDHC CARD16GB MBL', 'FUJI', 0, 0, 0, 0, 0, 0, 0, 0, 0, 0, 0, 0, 0, 0, 0, 0, 0, 0, 0, 0, 0, 0, 0, 0, 0, 0, 0, 0, 0, 0, 0, 0, 0, 0, 0, 0, 0, 0, 0, 0, 0, 0, 0, 0, 0, 0, 0, 0, 0, 0, 0, 0, 0, 0, 0, 0, 0, 0, 0, 0, 0, 0, 0, 0, 0, 0, 0, 0, 0, 0, 0, 0, 0, 0, 0, 0, 0, 0, 0, 0, 0, 0, 0, 0, 0, 0, 0, 0, 0, 0, 0, 0, 0, 0, 0, 0, 0, 0, 0, 0, 0, 0, 0, 0, 0, 0, 0, 0, 0, 0, 0, 0, 0, 0, 0, 0, 0, 0, 0, 0, 0, 0, 0, 0, 0, 0, 0, 0, 0, 0, 0, 0, 0, 0, 0, 0, 0, 0, 0, 0, 0, 0, 0, 0, 0, 0, 0, 0, 0, 0, 0, 0, 0, 0, 0, 0, 0, 0, 0, 0, 0, 0, 0, 0, 0, 0, 0, 0, 0, 0, 0, 0, 0, 0, 0, 0, 0, 0, 0, 0, 0, 0, 0, 0, 0, 0, 0, 0, 0, 0, 0, 0, 0, 0, 0, 0, 0, 0, 0, 0, 0, 0, 0, 0, 0, 0, 0, 0, 0, 0, 0, 0, 0, 0, 0, 0, 0, 0, 0, 0, 0, 0, 0, 0, 0, 0, 0, 0, 0, 0, 0, 0, 0, 0, 0, 0, 0, 0, 0, 0, 0, 0, 0, 0, 0, 0, 0, 0, 0, 0, 0, 0, 0, 0, 0, 0, 0, 0, 0, 0, 0, 0, 0, 0, 0, 0, 0, 0, 0, 0, 0, 0, 0, 0, 0, 0, 0, 0, 0, 0, 0, 0, 0, 0, 0, 0, 0, 0, 0, 0, 0, 0, 0, 0, 0, 0, 0, 0, 0, 0, 0, 0, 0, 0, 0, 0, 0, 0, 0, 0, 0, 0, 0, 0, 0, 0, 0, 0, 0, 0, 0, 0, 0, 0, 0, 0, 0, 0, 0, 0, 0, 0, 0, 0, 0, 0, 0, 0, 0, 0, 0, 0, 0, 0, 0, 0, 0, 0, 0, 0, 0, 0, 0, 0, 0, 0, 0, 0, 0, 0, 0, 0, 0, 0, 0, 0, 0, 0, 0, 0, 0, 0, 0, 0, 0, 0, 0, 0, '0.00', 2, 157, '2017-08-07 22:55:00', '2020-01-24 16:41:23', NULL);
INSERT INTO `items` (`id`, `bea_item_id`, `digits_code`, `upc_code`, `upc_code2`, `upc_code3`, `upc_code4`, `upc_code5`, `item_description`, `brand`, `has_serial`, `allowed_multi_serial`, `distri_reserve_qty`, `digimap_reserve_qty`, `commonwlth_reserve_qty`, `sm_app_reserve_qty`, `i_studio_reserve_qty`, `tobys_reserve_qty`, `rustans_reserve_qty`, `abenson_reserve_qty`, `rox_reserve_qty`, `pure_move_reserve_qty`, `sm_dept_reserve_qty`, `reserve_qty`, `lazada_reserve_qty`, `shopee_reserve_qty`, `20240301_tobys_reserved_qty`, `20240301_sm_dept_reserved_qty`, `20240301_sm_app_reserved_qty`, `20240301_rustans_reserved_qty`, `20240301_rox_reserved_qty`, `20240301_pure_move_reserved_qty`, `20240301_i_studio_reserved_qty`, `20240301_digimap_reserved_qty`, `20240301_commonwlth_reserved_qty`, `20240301_abenson_reserved_qty`, `20240301_reserved_qty`, `20240229_tobys_reserved_qty`, `20240229_sm_dept_reserved_qty`, `20240229_sm_app_reserved_qty`, `20240229_rustans_reserved_qty`, `20240229_rox_reserved_qty`, `20240229_pure_move_reserved_qty`, `20240229_i_studio_reserved_qty`, `20240229_digimap_reserved_qty`, `20240229_commonwlth_reserved_qty`, `20240229_abenson_reserved_qty`, `20240229_reserved_qty`, `20240228_tobys_reserved_qty`, `20240228_sm_dept_reserved_qty`, `20240228_sm_app_reserved_qty`, `20240228_rustans_reserved_qty`, `20240228_rox_reserved_qty`, `20240228_pure_move_reserved_qty`, `20240228_i_studio_reserved_qty`, `20240228_digimap_reserved_qty`, `20240228_commonwlth_reserved_qty`, `20240228_abenson_reserved_qty`, `20240228_reserved_qty`, `20240227_tobys_reserved_qty`, `20240227_sm_dept_reserved_qty`, `20240227_sm_app_reserved_qty`, `20240227_rustans_reserved_qty`, `20240227_rox_reserved_qty`, `20240227_pure_move_reserved_qty`, `20240227_i_studio_reserved_qty`, `20240227_digimap_reserved_qty`, `20240227_commonwlth_reserved_qty`, `20240227_abenson_reserved_qty`, `20240227_reserved_qty`, `20240226_tobys_reserved_qty`, `20240226_sm_dept_reserved_qty`, `20240226_sm_app_reserved_qty`, `20240226_rustans_reserved_qty`, `20240226_rox_reserved_qty`, `20240226_pure_move_reserved_qty`, `20240226_i_studio_reserved_qty`, `20240226_digimap_reserved_qty`, `20240226_commonwlth_reserved_qty`, `20240226_abenson_reserved_qty`, `20240226_reserved_qty`, `20240225_tobys_reserved_qty`, `20240225_sm_dept_reserved_qty`, `20240225_sm_app_reserved_qty`, `20240225_rustans_reserved_qty`, `20240225_rox_reserved_qty`, `20240225_pure_move_reserved_qty`, `20240225_i_studio_reserved_qty`, `20240225_digimap_reserved_qty`, `20240225_commonwlth_reserved_qty`, `20240225_abenson_reserved_qty`, `20240225_reserved_qty`, `20240224_tobys_reserved_qty`, `20240224_sm_dept_reserved_qty`, `20240224_sm_app_reserved_qty`, `20240224_rustans_reserved_qty`, `20240224_rox_reserved_qty`, `20240224_pure_move_reserved_qty`, `20240224_i_studio_reserved_qty`, `20240224_digimap_reserved_qty`, `20240224_commonwlth_reserved_qty`, `20240224_abenson_reserved_qty`, `20240224_reserved_qty`, `20240223_tobys_reserved_qty`, `20240223_sm_dept_reserved_qty`, `20240223_sm_app_reserved_qty`, `20240223_rustans_reserved_qty`, `20240223_rox_reserved_qty`, `20240223_pure_move_reserved_qty`, `20240223_i_studio_reserved_qty`, `20240223_digimap_reserved_qty`, `20240223_commonwlth_reserved_qty`, `20240223_abenson_reserved_qty`, `20240223_reserved_qty`, `20240222_tobys_reserved_qty`, `20240222_sm_dept_reserved_qty`, `20240222_sm_app_reserved_qty`, `20240222_rustans_reserved_qty`, `20240222_rox_reserved_qty`, `20240222_pure_move_reserved_qty`, `20240222_i_studio_reserved_qty`, `20240222_digimap_reserved_qty`, `20240222_commonwlth_reserved_qty`, `20240222_abenson_reserved_qty`, `20240222_reserved_qty`, `20240221_tobys_reserved_qty`, `20240221_sm_dept_reserved_qty`, `20240221_sm_app_reserved_qty`, `20240221_rustans_reserved_qty`, `20240221_rox_reserved_qty`, `20240221_pure_move_reserved_qty`, `20240221_i_studio_reserved_qty`, `20240221_digimap_reserved_qty`, `20240221_commonwlth_reserved_qty`, `20240221_abenson_reserved_qty`, `20240221_reserved_qty`, `20240220_tobys_reserved_qty`, `20240220_sm_dept_reserved_qty`, `20240220_sm_app_reserved_qty`, `20240220_rustans_reserved_qty`, `20240220_rox_reserved_qty`, `20240220_pure_move_reserved_qty`, `20240220_i_studio_reserved_qty`, `20240220_digimap_reserved_qty`, `20240220_commonwlth_reserved_qty`, `20240220_abenson_reserved_qty`, `20240220_reserved_qty`, `20240219_tobys_reserved_qty`, `20240219_sm_dept_reserved_qty`, `20240219_sm_app_reserved_qty`, `20240219_rustans_reserved_qty`, `20240219_rox_reserved_qty`, `20240219_pure_move_reserved_qty`, `20240219_i_studio_reserved_qty`, `20240219_digimap_reserved_qty`, `20240219_commonwlth_reserved_qty`, `20240219_abenson_reserved_qty`, `20240219_reserved_qty`, `20240218_tobys_reserved_qty`, `20240218_sm_dept_reserved_qty`, `20240218_sm_app_reserved_qty`, `20240218_rustans_reserved_qty`, `20240218_rox_reserved_qty`, `20240218_pure_move_reserved_qty`, `20240218_i_studio_reserved_qty`, `20240218_digimap_reserved_qty`, `20240218_commonwlth_reserved_qty`, `20240218_abenson_reserved_qty`, `20240218_reserved_qty`, `20240217_tobys_reserved_qty`, `20240217_sm_dept_reserved_qty`, `20240217_sm_app_reserved_qty`, `20240217_rustans_reserved_qty`, `20240217_rox_reserved_qty`, `20240217_pure_move_reserved_qty`, `20240217_i_studio_reserved_qty`, `20240217_digimap_reserved_qty`, `20240217_commonwlth_reserved_qty`, `20240217_abenson_reserved_qty`, `20240217_reserved_qty`, `20240216_tobys_reserved_qty`, `20240216_sm_dept_reserved_qty`, `20240216_sm_app_reserved_qty`, `20240216_rustans_reserved_qty`, `20240216_rox_reserved_qty`, `20240216_pure_move_reserved_qty`, `20240216_i_studio_reserved_qty`, `20240216_digimap_reserved_qty`, `20240216_commonwlth_reserved_qty`, `20240216_abenson_reserved_qty`, `20240216_reserved_qty`, `20240215_tobys_reserved_qty`, `20240215_sm_dept_reserved_qty`, `20240215_sm_app_reserved_qty`, `20240215_rustans_reserved_qty`, `20240215_rox_reserved_qty`, `20240215_pure_move_reserved_qty`, `20240215_i_studio_reserved_qty`, `20240215_digimap_reserved_qty`, `20240215_commonwlth_reserved_qty`, `20240215_abenson_reserved_qty`, `20240215_reserved_qty`, `20240214_tobys_reserved_qty`, `20240214_sm_dept_reserved_qty`, `20240214_sm_app_reserved_qty`, `20240214_rustans_reserved_qty`, `20240214_rox_reserved_qty`, `20240214_pure_move_reserved_qty`, `20240214_i_studio_reserved_qty`, `20240214_digimap_reserved_qty`, `20240214_commonwlth_reserved_qty`, `20240214_abenson_reserved_qty`, `20240214_reserved_qty`, `20240213_tobys_reserved_qty`, `20240213_sm_dept_reserved_qty`, `20240213_sm_app_reserved_qty`, `20240213_rustans_reserved_qty`, `20240213_rox_reserved_qty`, `20240213_pure_move_reserved_qty`, `20240213_i_studio_reserved_qty`, `20240213_digimap_reserved_qty`, `20240213_commonwlth_reserved_qty`, `20240213_abenson_reserved_qty`, `20240213_reserved_qty`, `20240212_tobys_reserved_qty`, `20240212_sm_dept_reserved_qty`, `20240212_sm_app_reserved_qty`, `20240212_rustans_reserved_qty`, `20240212_rox_reserved_qty`, `20240212_pure_move_reserved_qty`, `20240212_i_studio_reserved_qty`, `20240212_digimap_reserved_qty`, `20240212_commonwlth_reserved_qty`, `20240212_abenson_reserved_qty`, `20240212_reserved_qty`, `20240211_tobys_reserved_qty`, `20240211_sm_dept_reserved_qty`, `20240211_sm_app_reserved_qty`, `20240211_rustans_reserved_qty`, `20240211_rox_reserved_qty`, `20240211_pure_move_reserved_qty`, `20240211_i_studio_reserved_qty`, `20240211_digimap_reserved_qty`, `20240211_commonwlth_reserved_qty`, `20240211_abenson_reserved_qty`, `20240211_reserved_qty`, `20240210_abenson_reserved_qty`, `20240210_reserved_qty`, `20240209_tobys_reserved_qty`, `20240209_sm_dept_reserved_qty`, `20240209_sm_app_reserved_qty`, `20240209_rustans_reserved_qty`, `20240209_rox_reserved_qty`, `20240209_pure_move_reserved_qty`, `20240209_i_studio_reserved_qty`, `20240209_digimap_reserved_qty`, `20240209_commonwlth_reserved_qty`, `20240209_abenson_reserved_qty`, `20240209_reserved_qty`, `20240208_tobys_reserved_qty`, `20240208_sm_dept_reserved_qty`, `20240208_sm_app_reserved_qty`, `20240208_rustans_reserved_qty`, `20240208_rox_reserved_qty`, `20240208_pure_move_reserved_qty`, `20240208_i_studio_reserved_qty`, `20240208_digimap_reserved_qty`, `20240208_commonwlth_reserved_qty`, `20240208_abenson_reserved_qty`, `20240208_reserved_qty`, `20240207_tobys_reserved_qty`, `20240207_sm_dept_reserved_qty`, `20240207_sm_app_reserved_qty`, `20240207_rustans_reserved_qty`, `20240207_rox_reserved_qty`, `20240207_pure_move_reserved_qty`, `20240207_i_studio_reserved_qty`, `20240207_digimap_reserved_qty`, `20240207_commonwlth_reserved_qty`, `20240207_abenson_reserved_qty`, `20240207_reserved_qty`, `20240206_tobys_reserved_qty`, `20240206_sm_dept_reserved_qty`, `20240206_sm_app_reserved_qty`, `20240206_rustans_reserved_qty`, `20240206_rox_reserved_qty`, `20240206_pure_move_reserved_qty`, `20240206_i_studio_reserved_qty`, `20240206_digimap_reserved_qty`, `20240206_commonwlth_reserved_qty`, `20240206_abenson_reserved_qty`, `20240206_reserved_qty`, `20240205_tobys_reserved_qty`, `20240205_sm_dept_reserved_qty`, `20240205_sm_app_reserved_qty`, `20240205_rustans_reserved_qty`, `20240205_rox_reserved_qty`, `20240205_pure_move_reserved_qty`, `20240205_i_studio_reserved_qty`, `20240205_digimap_reserved_qty`, `20240205_commonwlth_reserved_qty`, `20240205_abenson_reserved_qty`, `20240205_reserved_qty`, `20240204_tobys_reserved_qty`, `20240204_sm_dept_reserved_qty`, `20240204_sm_app_reserved_qty`, `20240204_rustans_reserved_qty`, `20240204_rox_reserved_qty`, `20240204_pure_move_reserved_qty`, `20240204_i_studio_reserved_qty`, `20240204_digimap_reserved_qty`, `20240204_commonwlth_reserved_qty`, `20240204_abenson_reserved_qty`, `20240204_reserved_qty`, `20240203_tobys_reserved_qty`, `20240203_sm_dept_reserved_qty`, `20240203_sm_app_reserved_qty`, `20240203_rustans_reserved_qty`, `20240203_rox_reserved_qty`, `20240203_pure_move_reserved_qty`, `20240203_i_studio_reserved_qty`, `20240203_digimap_reserved_qty`, `20240203_commonwlth_reserved_qty`, `20240203_abenson_reserved_qty`, `20240203_reserved_qty`, `20240202_tobys_reserved_qty`, `20240202_sm_dept_reserved_qty`, `20240202_sm_app_reserved_qty`, `20240202_rustans_reserved_qty`, `20240202_rox_reserved_qty`, `20240202_pure_move_reserved_qty`, `20240202_i_studio_reserved_qty`, `20240202_digimap_reserved_qty`, `20240202_commonwlth_reserved_qty`, `20240202_abenson_reserved_qty`, `20240202_reserved_qty`, `20240201_tobys_reserved_qty`, `20240201_sm_dept_reserved_qty`, `20240201_sm_app_reserved_qty`, `20240201_rustans_reserved_qty`, `20240201_rox_reserved_qty`, `20240201_pure_move_reserved_qty`, `20240201_i_studio_reserved_qty`, `20240201_digimap_reserved_qty`, `20240201_commonwlth_reserved_qty`, `20240201_abenson_reserved_qty`, `20240201_reserved_qty`, `20240131_tobys_reserved_qty`, `20240131_sm_dept_reserved_qty`, `20240131_sm_app_reserved_qty`, `20240131_rustans_reserved_qty`, `20240131_rox_reserved_qty`, `20240131_pure_move_reserved_qty`, `20240131_i_studio_reserved_qty`, `20240131_digimap_reserved_qty`, `20240131_commonwlth_reserved_qty`, `20240131_abenson_reserved_qty`, `20240131_reserved_qty`, `20240130_tobys_reserved_qty`, `20240130_sm_dept_reserved_qty`, `20240130_sm_app_reserved_qty`, `20240130_rustans_reserved_qty`, `20240130_rox_reserved_qty`, `20240130_pure_move_reserved_qty`, `20240130_i_studio_reserved_qty`, `20240130_commonwlth_reserved_qty`, `20240130_abenson_reserved_qty`, `20240130_reserved_qty`, `20240129_tobys_reserved_qty`, `20240129_sm_dept_reserved_qty`, `20240129_sm_app_reserved_qty`, `20240129_rustans_reserved_qty`, `20240129_rox_reserved_qty`, `20240129_pure_move_reserved_qty`, `20240129_i_studio_reserved_qty`, `20240129_commonwlth_reserved_qty`, `20240129_abenson_reserved_qty`, `20240129_reserved_qty`, `20240128_tobys_reserved_qty`, `20240128_sm_dept_reserved_qty`, `20240128_sm_app_reserved_qty`, `20240128_rustans_reserved_qty`, `20240128_rox_reserved_qty`, `20240128_pure_move_reserved_qty`, `20240128_i_studio_reserved_qty`, `20240128_commonwlth_reserved_qty`, `20240128_abenson_reserved_qty`, `20240128_reserved_qty`, `store_cost`, `created_by`, `updated_by`, `created_at`, `updated_at`, `deleted_at`) VALUES
(57, '3695044', '30000057', '4547410173833F', NULL, NULL, NULL, NULL, 'FUJI INSTAXMINIFILM 20S N FREE', 'FUJI', 0, 0, 0, 0, 0, 0, 0, 0, 0, 0, 0, 0, 0, 1, 0, 0, 0, 0, 0, 0, 0, 0, 0, 0, 0, 0, 1, 0, 0, 0, 0, 0, 0, 0, 0, 0, 0, 1, 0, 0, 0, 0, 0, 0, 0, 0, 0, 0, 1, 0, 0, 0, 0, 0, 0, 0, 0, 0, 0, 1, 0, 0, 0, 0, 0, 0, 0, 0, 0, 0, 1, 0, 0, 0, 0, 0, 0, 0, 0, 0, 0, 1, 0, 0, 0, 0, 0, 0, 0, 0, 0, 0, 1, 0, 0, 0, 0, 0, 0, 0, 0, 0, 0, 1, 0, 0, 0, 0, 0, 0, 0, 0, 0, 0, 1, 0, 0, 0, 0, 0, 0, 0, 0, 0, 0, 1, 0, 0, 0, 0, 0, 0, 0, 0, 0, 0, 1, 0, 0, 0, 0, 0, 0, 0, 0, 0, 0, 1, 0, 0, 0, 0, 0, 0, 0, 0, 0, 0, 1, 0, 0, 0, 0, 0, 0, 0, 0, 0, 0, 1, 0, 0, 0, 0, 0, 0, 0, 0, 0, 0, 1, 0, 0, 0, 0, 0, 0, 0, 0, 0, 0, 1, 0, 0, 0, 0, 0, 0, 0, 0, 0, 0, 1, 0, 0, 0, 0, 0, 0, 0, 0, 0, 0, 1, 0, 0, 0, 0, 0, 0, 0, 0, 0, 0, 1, 0, 0, 0, 0, 0, 0, 0, 0, 0, 0, 1, 0, 0, 0, 0, 0, 0, 0, 0, 0, 0, 0, 0, 1, 0, 0, 0, 0, 0, 0, 0, 0, 0, 0, 1, 0, 0, 0, 0, 0, 0, 0, 0, 0, 0, 1, 0, 0, 0, 0, 0, 0, 0, 0, 0, 0, 1, 0, 0, 0, 0, 0, 0, 0, 0, 0, 0, 1, 0, 0, 0, 0, 0, 0, 0, 0, 0, 0, 1, 0, 0, 0, 0, 0, 0, 0, 0, 0, 0, 1, 0, 0, 0, 0, 0, 0, 0, 0, 0, 0, 1, 0, 0, 0, 0, 0, 0, 0, 0, 0, 0, 1, 0, 0, 0, 0, 0, 0, 0, 0, 0, 0, 1, 0, 0, 0, 0, 0, 0, 0, 0, 0, 1, 0, 0, 0, 0, 0, 0, 0, 0, 0, 1, 0, 0, 0, 0, 0, 0, 0, 0, 0, 1, '0.00', 2, NULL, '2017-08-07 22:55:00', '2018-07-23 18:12:00', NULL),
(58, '3695045', '30000058', 'FUJACCFRE0002', NULL, NULL, NULL, NULL, 'FUJI SOFT CASE BLACK FREE', 'FUJI', 0, 0, 0, 0, 0, 0, 0, 0, 0, 0, 0, 0, 0, 1, 0, 0, 0, 0, 0, 0, 0, 0, 0, 0, 0, 0, 0, 0, 0, 0, 0, 0, 0, 0, 0, 0, 0, 0, 0, 0, 0, 0, 0, 0, 0, 0, 0, 0, 0, 0, 0, 0, 0, 0, 0, 0, 0, 0, 0, 0, 0, 0, 0, 0, 0, 0, 0, 0, 0, 0, 0, 0, 0, 0, 0, 0, 0, 0, 0, 0, 0, 0, 0, 0, 0, 0, 0, 0, 0, 0, 0, 0, 0, 0, 0, 0, 0, 0, 0, 0, 0, 0, 0, 0, 0, 0, 0, 0, 0, 0, 0, 0, 0, 0, 0, 0, 0, 0, 0, 0, 0, 0, 0, 0, 0, 0, 0, 0, 0, 0, 0, 0, 0, 0, 0, 0, 0, 0, 0, 0, 0, 0, 0, 0, 0, 0, 0, 0, 0, 0, 0, 0, 0, 0, 0, 0, 0, 0, 0, 0, 0, 0, 0, 0, 0, 0, 0, 0, 0, 0, 0, 0, 0, 0, 0, 0, 0, 0, 0, 0, 0, 0, 0, 0, 0, 0, 0, 0, 0, 0, 0, 0, 0, 0, 0, 0, 0, 0, 0, 0, 0, 0, 0, 0, 0, 0, 0, 0, 0, 0, 0, 0, 0, 0, 0, 0, 0, 0, 0, 0, 0, 0, 0, 0, 0, 0, 0, 0, 0, 0, 0, 0, 0, 0, 0, 0, 0, 0, 0, 0, 0, 0, 0, 0, 0, 0, 0, 0, 0, 0, 0, 0, 0, 0, 0, 0, 0, 0, 0, 0, 0, 0, 0, 0, 0, 0, 0, 0, 0, 0, 0, 0, 0, 0, 0, 0, 0, 0, 0, 0, 0, 0, 0, 0, 0, 0, 0, 0, 0, 0, 0, 0, 0, 0, 0, 0, 0, 0, 0, 0, 0, 0, 0, 0, 0, 0, 0, 0, 0, 0, 0, 0, 0, 0, 0, 0, 0, 0, 0, 0, 0, 0, 0, 0, 0, 0, 0, 0, 0, 0, 0, 0, 0, 0, 0, 0, 0, 0, 0, 0, 0, 0, 0, 0, 0, 0, 0, 0, 0, 0, 0, 0, 0, 0, 0, 0, 0, 0, 0, 0, 0, 0, 0, 0, 0, 0, 0, 0, 0, 0, 0, 0, 0, 0, 0, 0, 0, 0, '0.00', 2, NULL, '2017-08-07 22:55:00', '2018-07-23 18:12:00', NULL),
(59, '3695046', '30000059', 'APPLEFREE007', NULL, NULL, NULL, NULL, 'GLOBE LTE TRI-SIM FREE', 'GLOBE', 0, 0, 0, 0, 0, 0, 0, 0, 0, 0, 0, 0, 0, 16, 0, 0, 0, 0, 0, 0, 0, 0, 0, 0, 0, 0, 16, 0, 0, 0, 0, 0, 0, 0, 0, 0, 0, 16, 0, 0, 0, 0, 0, 0, 0, 0, 0, 0, 16, 0, 0, 0, 0, 0, 0, 0, 0, 0, 0, 16, 0, 0, 0, 0, 0, 0, 0, 0, 0, 0, 16, 0, 0, 0, 0, 0, 0, 0, 0, 0, 0, 16, 0, 0, 0, 0, 0, 0, 0, 0, 0, 0, 16, 0, 0, 0, 0, 0, 0, 0, 0, 0, 0, 16, 0, 0, 0, 0, 0, 0, 0, 0, 0, 0, 16, 0, 0, 0, 0, 0, 0, 0, 0, 0, 0, 16, 0, 0, 0, 0, 0, 0, 0, 0, 0, 0, 16, 0, 0, 0, 0, 0, 0, 0, 0, 0, 0, 16, 0, 0, 0, 0, 0, 0, 0, 0, 0, 0, 16, 0, 0, 0, 0, 0, 0, 0, 0, 0, 0, 16, 0, 0, 0, 0, 0, 0, 0, 0, 0, 0, 16, 0, 0, 0, 0, 0, 0, 0, 0, 0, 0, 16, 0, 0, 0, 0, 0, 0, 0, 0, 0, 0, 16, 0, 0, 0, 0, 0, 0, 0, 0, 0, 0, 16, 0, 0, 0, 0, 0, 0, 0, 0, 0, 0, 16, 0, 0, 0, 0, 0, 0, 0, 0, 0, 0, 16, 0, 0, 0, 0, 0, 0, 0, 0, 0, 0, 0, 0, 16, 0, 0, 0, 0, 0, 0, 0, 0, 0, 0, 16, 0, 0, 0, 0, 0, 0, 0, 0, 0, 0, 16, 0, 0, 0, 0, 0, 0, 0, 0, 0, 0, 16, 0, 0, 0, 0, 0, 0, 0, 0, 0, 0, 16, 0, 0, 0, 0, 0, 0, 0, 0, 0, 0, 16, 0, 0, 0, 0, 0, 0, 0, 0, 0, 0, 16, 0, 0, 0, 0, 0, 0, 0, 0, 0, 0, 16, 0, 0, 0, 0, 0, 0, 0, 0, 0, 0, 16, 0, 0, 0, 0, 0, 0, 0, 0, 0, 0, 16, 0, 0, 0, 0, 0, 0, 0, 0, 0, 16, 0, 0, 0, 0, 0, 0, 0, 0, 0, 16, 0, 0, 0, 0, 0, 0, 0, 0, 0, 16, '0.00', 2, NULL, '2017-08-07 22:55:00', '2018-07-23 18:12:00', NULL),
(60, '3695047', '30000060', 'HTCFREE0001', NULL, NULL, NULL, NULL, 'HTC TOTE BAG FREE', 'HTC', 0, 0, 0, 0, 0, 0, 0, 0, 0, 0, 0, 0, 0, 0, 0, 0, 0, 0, 0, 0, 0, 0, 0, 0, 0, 0, 0, 0, 0, 0, 0, 0, 0, 0, 0, 0, 0, 0, 0, 0, 0, 0, 0, 0, 0, 0, 0, 0, 0, 0, 0, 0, 0, 0, 0, 0, 0, 0, 0, 0, 0, 0, 0, 0, 0, 0, 0, 0, 0, 0, 0, 0, 0, 0, 0, 0, 0, 0, 0, 0, 0, 0, 0, 0, 0, 0, 0, 0, 0, 0, 0, 0, 0, 0, 0, 0, 0, 0, 0, 0, 0, 0, 0, 0, 0, 0, 0, 0, 0, 0, 0, 0, 0, 0, 0, 0, 0, 0, 0, 0, 0, 0, 0, 0, 0, 0, 0, 0, 0, 0, 0, 0, 0, 0, 0, 0, 0, 0, 0, 0, 0, 0, 0, 0, 0, 0, 0, 0, 0, 0, 0, 0, 0, 0, 0, 0, 0, 0, 0, 0, 0, 0, 0, 0, 0, 0, 0, 0, 0, 0, 0, 0, 0, 0, 0, 0, 0, 0, 0, 0, 0, 0, 0, 0, 0, 0, 0, 0, 0, 0, 0, 0, 0, 0, 0, 0, 0, 0, 0, 0, 0, 0, 0, 0, 0, 0, 0, 0, 0, 0, 0, 0, 0, 0, 0, 0, 0, 0, 0, 0, 0, 0, 0, 0, 0, 0, 0, 0, 0, 0, 0, 0, 0, 0, 0, 0, 0, 0, 0, 0, 0, 0, 0, 0, 0, 0, 0, 0, 0, 0, 0, 0, 0, 0, 0, 0, 0, 0, 0, 0, 0, 0, 0, 0, 0, 0, 0, 0, 0, 0, 0, 0, 0, 0, 0, 0, 0, 0, 0, 0, 0, 0, 0, 0, 0, 0, 0, 0, 0, 0, 0, 0, 0, 0, 0, 0, 0, 0, 0, 0, 0, 0, 0, 0, 0, 0, 0, 0, 0, 0, 0, 0, 0, 0, 0, 0, 0, 0, 0, 0, 0, 0, 0, 0, 0, 0, 0, 0, 0, 0, 0, 0, 0, 0, 0, 0, 0, 0, 0, 0, 0, 0, 0, 0, 0, 0, 0, 0, 0, 0, 0, 0, 0, 0, 0, 0, 0, 0, 0, 0, 0, 0, 0, 0, 0, 0, 0, 0, 0, 0, 0, 0, 0, 0, 0, 0, 0, 0, '0.00', 2, NULL, '2017-08-07 22:55:00', '2018-07-23 18:12:00', NULL),
(61, '3695048', '30000061', 'HTCFREE0003', NULL, NULL, NULL, NULL, 'HTC UMBRELLA FREE', 'HTC', 0, 0, 0, 0, 0, 0, 0, 0, 0, 0, 0, 0, 0, 0, 0, 0, 0, 0, 0, 0, 0, 0, 0, 0, 0, 0, 0, 0, 0, 0, 0, 0, 0, 0, 0, 0, 0, 0, 0, 0, 0, 0, 0, 0, 0, 0, 0, 0, 0, 0, 0, 0, 0, 0, 0, 0, 0, 0, 0, 0, 0, 0, 0, 0, 0, 0, 0, 0, 0, 0, 0, 0, 0, 0, 0, 0, 0, 0, 0, 0, 0, 0, 0, 0, 0, 0, 0, 0, 0, 0, 0, 0, 0, 0, 0, 0, 0, 0, 0, 0, 0, 0, 0, 0, 0, 0, 0, 0, 0, 0, 0, 0, 0, 0, 0, 0, 0, 0, 0, 0, 0, 0, 0, 0, 0, 0, 0, 0, 0, 0, 0, 0, 0, 0, 0, 0, 0, 0, 0, 0, 0, 0, 0, 0, 0, 0, 0, 0, 0, 0, 0, 0, 0, 0, 0, 0, 0, 0, 0, 0, 0, 0, 0, 0, 0, 0, 0, 0, 0, 0, 0, 0, 0, 0, 0, 0, 0, 0, 0, 0, 0, 0, 0, 0, 0, 0, 0, 0, 0, 0, 0, 0, 0, 0, 0, 0, 0, 0, 0, 0, 0, 0, 0, 0, 0, 0, 0, 0, 0, 0, 0, 0, 0, 0, 0, 0, 0, 0, 0, 0, 0, 0, 0, 0, 0, 0, 0, 0, 0, 0, 0, 0, 0, 0, 0, 0, 0, 0, 0, 0, 0, 0, 0, 0, 0, 0, 0, 0, 0, 0, 0, 0, 0, 0, 0, 0, 0, 0, 0, 0, 0, 0, 0, 0, 0, 0, 0, 0, 0, 0, 0, 0, 0, 0, 0, 0, 0, 0, 0, 0, 0, 0, 0, 0, 0, 0, 0, 0, 0, 0, 0, 0, 0, 0, 0, 0, 0, 0, 0, 0, 0, 0, 0, 0, 0, 0, 0, 0, 0, 0, 0, 0, 0, 0, 0, 0, 0, 0, 0, 0, 0, 0, 0, 0, 0, 0, 0, 0, 0, 0, 0, 0, 0, 0, 0, 0, 0, 0, 0, 0, 0, 0, 0, 0, 0, 0, 0, 0, 0, 0, 0, 0, 0, 0, 0, 0, 0, 0, 0, 0, 0, 0, 0, 0, 0, 0, 0, 0, 0, 0, 0, 0, 0, 0, 0, 0, 0, 0, '0.00', 2, NULL, '2017-08-07 22:55:00', '2018-07-23 18:12:00', NULL),
(62, '3695049', '30000062', 'HTCFREE0004', NULL, NULL, NULL, NULL, 'HTC BUTTERFLY HSHELL W/ COVER', 'HTC', 0, 0, 0, 0, 0, 0, 0, 0, 0, 0, 0, 0, 0, 0, 0, 0, 0, 0, 0, 0, 0, 0, 0, 0, 0, 0, 0, 0, 0, 0, 0, 0, 0, 0, 0, 0, 0, 0, 0, 0, 0, 0, 0, 0, 0, 0, 0, 0, 0, 0, 0, 0, 0, 0, 0, 0, 0, 0, 0, 0, 0, 0, 0, 0, 0, 0, 0, 0, 0, 0, 0, 0, 0, 0, 0, 0, 0, 0, 0, 0, 0, 0, 0, 0, 0, 0, 0, 0, 0, 0, 0, 0, 0, 0, 0, 0, 0, 0, 0, 0, 0, 0, 0, 0, 0, 0, 0, 0, 0, 0, 0, 0, 0, 0, 0, 0, 0, 0, 0, 0, 0, 0, 0, 0, 0, 0, 0, 0, 0, 0, 0, 0, 0, 0, 0, 0, 0, 0, 0, 0, 0, 0, 0, 0, 0, 0, 0, 0, 0, 0, 0, 0, 0, 0, 0, 0, 0, 0, 0, 0, 0, 0, 0, 0, 0, 0, 0, 0, 0, 0, 0, 0, 0, 0, 0, 0, 0, 0, 0, 0, 0, 0, 0, 0, 0, 0, 0, 0, 0, 0, 0, 0, 0, 0, 0, 0, 0, 0, 0, 0, 0, 0, 0, 0, 0, 0, 0, 0, 0, 0, 0, 0, 0, 0, 0, 0, 0, 0, 0, 0, 0, 0, 0, 0, 0, 0, 0, 0, 0, 0, 0, 0, 0, 0, 0, 0, 0, 0, 0, 0, 0, 0, 0, 0, 0, 0, 0, 0, 0, 0, 0, 0, 0, 0, 0, 0, 0, 0, 0, 0, 0, 0, 0, 0, 0, 0, 0, 0, 0, 0, 0, 0, 0, 0, 0, 0, 0, 0, 0, 0, 0, 0, 0, 0, 0, 0, 0, 0, 0, 0, 0, 0, 0, 0, 0, 0, 0, 0, 0, 0, 0, 0, 0, 0, 0, 0, 0, 0, 0, 0, 0, 0, 0, 0, 0, 0, 0, 0, 0, 0, 0, 0, 0, 0, 0, 0, 0, 0, 0, 0, 0, 0, 0, 0, 0, 0, 0, 0, 0, 0, 0, 0, 0, 0, 0, 0, 0, 0, 0, 0, 0, 0, 0, 0, 0, 0, 0, 0, 0, 0, 0, 0, 0, 0, 0, 0, 0, 0, 0, 0, 0, 0, 0, 0, 0, 0, 0, 0, '0.00', 2, NULL, '2017-08-07 22:55:00', '2018-07-23 18:12:00', NULL),
(63, '3693234', '30000063', '9000598', NULL, NULL, NULL, NULL, 'HWI GWP CARKIT GRAY', 'HUAWEI', 0, 0, 0, 0, 0, 0, 0, 0, 0, 0, 0, 0, 0, 0, 0, 0, 0, 0, 0, 0, 0, 0, 0, 0, 0, 0, 0, 0, 0, 0, 0, 0, 0, 0, 0, 0, 0, 0, 0, 0, 0, 0, 0, 0, 0, 0, 0, 0, 0, 0, 0, 0, 0, 0, 0, 0, 0, 0, 0, 0, 0, 0, 0, 0, 0, 0, 0, 0, 0, 0, 0, 0, 0, 0, 0, 0, 0, 0, 0, 0, 0, 0, 0, 0, 0, 0, 0, 0, 0, 0, 0, 0, 0, 0, 0, 0, 0, 0, 0, 0, 0, 0, 0, 0, 0, 0, 0, 0, 0, 0, 0, 0, 0, 0, 0, 0, 0, 0, 0, 0, 0, 0, 0, 0, 0, 0, 0, 0, 0, 0, 0, 0, 0, 0, 0, 0, 0, 0, 0, 0, 0, 0, 0, 0, 0, 0, 0, 0, 0, 0, 0, 0, 0, 0, 0, 0, 0, 0, 0, 0, 0, 0, 0, 0, 0, 0, 0, 0, 0, 0, 0, 0, 0, 0, 0, 0, 0, 0, 0, 0, 0, 0, 0, 0, 0, 0, 0, 0, 0, 0, 0, 0, 0, 0, 0, 0, 0, 0, 0, 0, 0, 0, 0, 0, 0, 0, 0, 0, 0, 0, 0, 0, 0, 0, 0, 0, 0, 0, 0, 0, 0, 0, 0, 0, 0, 0, 0, 0, 0, 0, 0, 0, 0, 0, 0, 0, 0, 0, 0, 0, 0, 0, 0, 0, 0, 0, 0, 0, 0, 0, 0, 0, 0, 0, 0, 0, 0, 0, 0, 0, 0, 0, 0, 0, 0, 0, 0, 0, 0, 0, 0, 0, 0, 0, 0, 0, 0, 0, 0, 0, 0, 0, 0, 0, 0, 0, 0, 0, 0, 0, 0, 0, 0, 0, 0, 0, 0, 0, 0, 0, 0, 0, 0, 0, 0, 0, 0, 0, 0, 0, 0, 0, 0, 0, 0, 0, 0, 0, 0, 0, 0, 0, 0, 0, 0, 0, 0, 0, 0, 0, 0, 0, 0, 0, 0, 0, 0, 0, 0, 0, 0, 0, 0, 0, 0, 0, 0, 0, 0, 0, 0, 0, 0, 0, 0, 0, 0, 0, 0, 0, 0, 0, 0, 0, 0, 0, 0, 0, 0, 0, 0, 0, 0, 0, 0, 0, 0, 0, '1290.70', 2, 86, '2017-08-07 22:55:00', '2019-05-06 18:36:07', NULL),
(64, '3693235', '30000064', '9000603', NULL, NULL, NULL, NULL, 'HWI GWP NAVIGATION ACC GRAY', 'HUAWEI', 0, 0, 0, 0, 0, 0, 0, 0, 0, 0, 0, 0, 0, 0, 0, 0, 0, 0, 0, 0, 0, 0, 0, 0, 0, 0, 0, 0, 0, 0, 0, 0, 0, 0, 0, 0, 0, 0, 0, 0, 0, 0, 0, 0, 0, 0, 0, 0, 0, 0, 0, 0, 0, 0, 0, 0, 0, 0, 0, 0, 0, 0, 0, 0, 0, 0, 0, 0, 0, 0, 0, 0, 0, 0, 0, 0, 0, 0, 0, 0, 0, 0, 0, 0, 0, 0, 0, 0, 0, 0, 0, 0, 0, 0, 0, 0, 0, 0, 0, 0, 0, 0, 0, 0, 0, 0, 0, 0, 0, 0, 0, 0, 0, 0, 0, 0, 0, 0, 0, 0, 0, 0, 0, 0, 0, 0, 0, 0, 0, 0, 0, 0, 0, 0, 0, 0, 0, 0, 0, 0, 0, 0, 0, 0, 0, 0, 0, 0, 0, 0, 0, 0, 0, 0, 0, 0, 0, 0, 0, 0, 0, 0, 0, 0, 0, 0, 0, 0, 0, 0, 0, 0, 0, 0, 0, 0, 0, 0, 0, 0, 0, 0, 0, 0, 0, 0, 0, 0, 0, 0, 0, 0, 0, 0, 0, 0, 0, 0, 0, 0, 0, 0, 0, 0, 0, 0, 0, 0, 0, 0, 0, 0, 0, 0, 0, 0, 0, 0, 0, 0, 0, 0, 0, 0, 0, 0, 0, 0, 0, 0, 0, 0, 0, 0, 0, 0, 0, 0, 0, 0, 0, 0, 0, 0, 0, 0, 0, 0, 0, 0, 0, 0, 0, 0, 0, 0, 0, 0, 0, 0, 0, 0, 0, 0, 0, 0, 0, 0, 0, 0, 0, 0, 0, 0, 0, 0, 0, 0, 0, 0, 0, 0, 0, 0, 0, 0, 0, 0, 0, 0, 0, 0, 0, 0, 0, 0, 0, 0, 0, 0, 0, 0, 0, 0, 0, 0, 0, 0, 0, 0, 0, 0, 0, 0, 0, 0, 0, 0, 0, 0, 0, 0, 0, 0, 0, 0, 0, 0, 0, 0, 0, 0, 0, 0, 0, 0, 0, 0, 0, 0, 0, 0, 0, 0, 0, 0, 0, 0, 0, 0, 0, 0, 0, 0, 0, 0, 0, 0, 0, 0, 0, 0, 0, 0, 0, 0, 0, 0, 0, 0, 0, 0, 0, 0, 0, 0, 0, 0, '0.00', 2, 86, '2017-08-07 22:55:00', '2019-05-06 18:37:05', NULL),
(65, '3695050', '30000065', '6952319218932', NULL, NULL, NULL, NULL, 'IBZ GWP BELT HOLSTER BLACK', 'IBATTZ', 0, 0, 0, 0, 0, 0, 0, 0, 0, 0, 0, 0, 0, 0, 0, 0, 0, 0, 0, 0, 0, 0, 0, 0, 0, 0, 0, 0, 0, 0, 0, 0, 0, 0, 0, 0, 0, 0, 0, 0, 0, 0, 0, 0, 0, 0, 0, 0, 0, 0, 0, 0, 0, 0, 0, 0, 0, 0, 0, 0, 0, 0, 0, 0, 0, 0, 0, 0, 0, 0, 0, 0, 0, 0, 0, 0, 0, 0, 0, 0, 0, 0, 0, 0, 0, 0, 0, 0, 0, 0, 0, 0, 0, 0, 0, 0, 0, 0, 0, 0, 0, 0, 0, 0, 0, 0, 0, 0, 0, 0, 0, 0, 0, 0, 0, 0, 0, 0, 0, 0, 0, 0, 0, 0, 0, 0, 0, 0, 0, 0, 0, 0, 0, 0, 0, 0, 0, 0, 0, 0, 0, 0, 0, 0, 0, 0, 0, 0, 0, 0, 0, 0, 0, 0, 0, 0, 0, 0, 0, 0, 0, 0, 0, 0, 0, 0, 0, 0, 0, 0, 0, 0, 0, 0, 0, 0, 0, 0, 0, 0, 0, 0, 0, 0, 0, 0, 0, 0, 0, 0, 0, 0, 0, 0, 0, 0, 0, 0, 0, 0, 0, 0, 0, 0, 0, 0, 0, 0, 0, 0, 0, 0, 0, 0, 0, 0, 0, 0, 0, 0, 0, 0, 0, 0, 0, 0, 0, 0, 0, 0, 0, 0, 0, 0, 0, 0, 0, 0, 0, 0, 0, 0, 0, 0, 0, 0, 0, 0, 0, 0, 0, 0, 0, 0, 0, 0, 0, 0, 0, 0, 0, 0, 0, 0, 0, 0, 0, 0, 0, 0, 0, 0, 0, 0, 0, 0, 0, 0, 0, 0, 0, 0, 0, 0, 0, 0, 0, 0, 0, 0, 0, 0, 0, 0, 0, 0, 0, 0, 0, 0, 0, 0, 0, 0, 0, 0, 0, 0, 0, 0, 0, 0, 0, 0, 0, 0, 0, 0, 0, 0, 0, 0, 0, 0, 0, 0, 0, 0, 0, 0, 0, 0, 0, 0, 0, 0, 0, 0, 0, 0, 0, 0, 0, 0, 0, 0, 0, 0, 0, 0, 0, 0, 0, 0, 0, 0, 0, 0, 0, 0, 0, 0, 0, 0, 0, 0, 0, 0, 0, 0, 0, 0, 0, 0, 0, 0, 0, 0, '52.00', 2, 35, '2017-08-07 22:55:00', '2019-04-30 22:24:33', NULL),
(66, '3695051', '30000066', '6952319218994', NULL, NULL, NULL, NULL, 'IBZ GWP INVICTUS CHRGR KIT BLK', 'IBATTZ', 0, 0, 0, 0, 0, 0, 0, 0, 0, 0, 0, 0, 0, 0, 0, 0, 0, 0, 0, 0, 0, 0, 0, 0, 0, 0, 0, 0, 0, 0, 0, 0, 0, 0, 0, 0, 0, 0, 0, 0, 0, 0, 0, 0, 0, 0, 0, 0, 0, 0, 0, 0, 0, 0, 0, 0, 0, 0, 0, 0, 0, 0, 0, 0, 0, 0, 0, 0, 0, 0, 0, 0, 0, 0, 0, 0, 0, 0, 0, 0, 0, 0, 0, 0, 0, 0, 0, 0, 0, 0, 0, 0, 0, 0, 0, 0, 0, 0, 0, 0, 0, 0, 0, 0, 0, 0, 0, 0, 0, 0, 0, 0, 0, 0, 0, 0, 0, 0, 0, 0, 0, 0, 0, 0, 0, 0, 0, 0, 0, 0, 0, 0, 0, 0, 0, 0, 0, 0, 0, 0, 0, 0, 0, 0, 0, 0, 0, 0, 0, 0, 0, 0, 0, 0, 0, 0, 0, 0, 0, 0, 0, 0, 0, 0, 0, 0, 0, 0, 0, 0, 0, 0, 0, 0, 0, 0, 0, 0, 0, 0, 0, 0, 0, 0, 0, 0, 0, 0, 0, 0, 0, 0, 0, 0, 0, 0, 0, 0, 0, 0, 0, 0, 0, 0, 0, 0, 0, 0, 0, 0, 0, 0, 0, 0, 0, 0, 0, 0, 0, 0, 0, 0, 0, 0, 0, 0, 0, 0, 0, 0, 0, 0, 0, 0, 0, 0, 0, 0, 0, 0, 0, 0, 0, 0, 0, 0, 0, 0, 0, 0, 0, 0, 0, 0, 0, 0, 0, 0, 0, 0, 0, 0, 0, 0, 0, 0, 0, 0, 0, 0, 0, 0, 0, 0, 0, 0, 0, 0, 0, 0, 0, 0, 0, 0, 0, 0, 0, 0, 0, 0, 0, 0, 0, 0, 0, 0, 0, 0, 0, 0, 0, 0, 0, 0, 0, 0, 0, 0, 0, 0, 0, 0, 0, 0, 0, 0, 0, 0, 0, 0, 0, 0, 0, 0, 0, 0, 0, 0, 0, 0, 0, 0, 0, 0, 0, 0, 0, 0, 0, 0, 0, 0, 0, 0, 0, 0, 0, 0, 0, 0, 0, 0, 0, 0, 0, 0, 0, 0, 0, 0, 0, 0, 0, 0, 0, 0, 0, 0, 0, 0, 0, 0, 0, 0, 0, 0, 0, 0, '52.00', 2, 35, '2017-08-07 22:55:00', '2019-04-30 22:31:54', NULL),
(67, '3693236', '30000067', '9000639', NULL, NULL, NULL, NULL, 'INS GWP INSTA360AIR ADAPTER BK', 'INSTA360', 0, 0, 0, 0, 0, 0, 0, 0, 0, 0, 0, 0, 0, 2, 0, 0, 0, 0, 0, 0, 0, 0, 0, 0, 0, 0, 2, 0, 0, 0, 0, 0, 0, 0, 0, 0, 0, 2, 0, 0, 0, 0, 0, 0, 0, 0, 0, 0, 2, 0, 0, 0, 0, 0, 0, 0, 0, 0, 0, 2, 0, 0, 0, 0, 0, 0, 0, 0, 0, 0, 2, 0, 0, 0, 0, 0, 0, 0, 0, 0, 0, 2, 0, 0, 0, 0, 0, 0, 0, 0, 0, 0, 2, 0, 0, 0, 0, 0, 0, 0, 0, 0, 0, 2, 0, 0, 0, 0, 0, 0, 0, 0, 0, 0, 2, 0, 0, 0, 0, 0, 0, 0, 0, 0, 0, 2, 0, 0, 0, 0, 0, 0, 0, 0, 0, 0, 2, 0, 0, 0, 0, 0, 0, 0, 0, 0, 0, 2, 0, 0, 0, 0, 0, 0, 0, 0, 0, 0, 2, 0, 0, 0, 0, 0, 0, 0, 0, 0, 0, 2, 0, 0, 0, 0, 0, 0, 0, 0, 0, 0, 2, 0, 0, 0, 0, 0, 0, 0, 0, 0, 0, 2, 0, 0, 0, 0, 0, 0, 0, 0, 0, 0, 2, 0, 0, 0, 0, 0, 0, 0, 0, 0, 0, 2, 0, 0, 0, 0, 0, 0, 0, 0, 0, 0, 2, 0, 0, 0, 0, 0, 0, 0, 0, 0, 0, 2, 0, 0, 0, 0, 0, 0, 0, 0, 0, 0, 0, 0, 2, 0, 0, 0, 0, 0, 0, 0, 0, 0, 0, 2, 0, 0, 0, 0, 0, 0, 0, 0, 0, 0, 2, 0, 0, 0, 0, 0, 0, 0, 0, 0, 0, 2, 0, 0, 0, 0, 0, 0, 0, 0, 0, 0, 2, 0, 0, 0, 0, 0, 0, 0, 0, 0, 0, 2, 0, 0, 0, 0, 0, 0, 0, 0, 0, 0, 2, 0, 0, 0, 0, 0, 0, 0, 0, 0, 0, 2, 0, 0, 0, 0, 0, 0, 0, 0, 0, 0, 2, 0, 0, 0, 0, 0, 0, 0, 0, 0, 0, 2, 0, 0, 0, 0, 0, 0, 0, 0, 0, 2, 0, 0, 0, 0, 0, 0, 0, 0, 0, 2, 0, 0, 0, 0, 0, 0, 0, 0, 0, 2, '72.80', 2, 86, '2017-08-07 22:56:00', '2019-05-06 18:38:10', NULL),
(68, '3693237', '30000068', '56035364310F', NULL, NULL, NULL, NULL, 'LPR PHOTO HATCHBACK 16L AW SGY', 'LOWEPRO', 0, 0, 0, 0, 0, 0, 0, 0, 0, 0, 0, 0, 0, 0, 0, 0, 0, 0, 0, 0, 0, 0, 0, 0, 0, 0, 0, 0, 0, 0, 0, 0, 0, 0, 0, 0, 0, 0, 0, 0, 0, 0, 0, 0, 0, 0, 0, 0, 0, 0, 0, 0, 0, 0, 0, 0, 0, 0, 0, 0, 0, 0, 0, 0, 0, 0, 0, 0, 0, 0, 0, 0, 0, 0, 0, 0, 0, 0, 0, 0, 0, 0, 0, 0, 0, 0, 0, 0, 0, 0, 0, 0, 0, 0, 0, 0, 0, 0, 0, 0, 0, 0, 0, 0, 0, 0, 0, 0, 0, 0, 0, 0, 0, 0, 0, 0, 0, 0, 0, 0, 0, 0, 0, 0, 0, 0, 0, 0, 0, 0, 0, 0, 0, 0, 0, 0, 0, 0, 0, 0, 0, 0, 0, 0, 0, 0, 0, 0, 0, 0, 0, 0, 0, 0, 0, 0, 0, 0, 0, 0, 0, 0, 0, 0, 0, 0, 0, 0, 0, 0, 0, 0, 0, 0, 0, 0, 0, 0, 0, 0, 0, 0, 0, 0, 0, 0, 0, 0, 0, 0, 0, 0, 0, 0, 0, 0, 0, 0, 0, 0, 0, 0, 0, 0, 0, 0, 0, 0, 0, 0, 0, 0, 0, 0, 0, 0, 0, 0, 0, 0, 0, 0, 0, 0, 0, 0, 0, 0, 0, 0, 0, 0, 0, 0, 0, 0, 0, 0, 0, 0, 0, 0, 0, 0, 0, 0, 0, 0, 0, 0, 0, 0, 0, 0, 0, 0, 0, 0, 0, 0, 0, 0, 0, 0, 0, 0, 0, 0, 0, 0, 0, 0, 0, 0, 0, 0, 0, 0, 0, 0, 0, 0, 0, 0, 0, 0, 0, 0, 0, 0, 0, 0, 0, 0, 0, 0, 0, 0, 0, 0, 0, 0, 0, 0, 0, 0, 0, 0, 0, 0, 0, 0, 0, 0, 0, 0, 0, 0, 0, 0, 0, 0, 0, 0, 0, 0, 0, 0, 0, 0, 0, 0, 0, 0, 0, 0, 0, 0, 0, 0, 0, 0, 0, 0, 0, 0, 0, 0, 0, 0, 0, 0, 0, 0, 0, 0, 0, 0, 0, 0, 0, 0, 0, 0, 0, 0, 0, 0, 0, 0, 0, 0, 0, 0, 0, 0, 0, 0, '0.00', 2, 157, '2017-08-07 22:56:00', '2020-01-24 21:15:57', NULL),
(69, '3693238', '30000069', '56035364327F', NULL, NULL, NULL, NULL, 'LPR PHOTO HATCHBACK 16L AW GBL', 'LOWEPRO', 0, 0, 0, 0, 0, 0, 0, 0, 0, 0, 0, 0, 0, 0, 0, 0, 0, 0, 0, 0, 0, 0, 0, 0, 0, 0, 0, 0, 0, 0, 0, 0, 0, 0, 0, 0, 0, 0, 0, 0, 0, 0, 0, 0, 0, 0, 0, 0, 0, 0, 0, 0, 0, 0, 0, 0, 0, 0, 0, 0, 0, 0, 0, 0, 0, 0, 0, 0, 0, 0, 0, 0, 0, 0, 0, 0, 0, 0, 0, 0, 0, 0, 0, 0, 0, 0, 0, 0, 0, 0, 0, 0, 0, 0, 0, 0, 0, 0, 0, 0, 0, 0, 0, 0, 0, 0, 0, 0, 0, 0, 0, 0, 0, 0, 0, 0, 0, 0, 0, 0, 0, 0, 0, 0, 0, 0, 0, 0, 0, 0, 0, 0, 0, 0, 0, 0, 0, 0, 0, 0, 0, 0, 0, 0, 0, 0, 0, 0, 0, 0, 0, 0, 0, 0, 0, 0, 0, 0, 0, 0, 0, 0, 0, 0, 0, 0, 0, 0, 0, 0, 0, 0, 0, 0, 0, 0, 0, 0, 0, 0, 0, 0, 0, 0, 0, 0, 0, 0, 0, 0, 0, 0, 0, 0, 0, 0, 0, 0, 0, 0, 0, 0, 0, 0, 0, 0, 0, 0, 0, 0, 0, 0, 0, 0, 0, 0, 0, 0, 0, 0, 0, 0, 0, 0, 0, 0, 0, 0, 0, 0, 0, 0, 0, 0, 0, 0, 0, 0, 0, 0, 0, 0, 0, 0, 0, 0, 0, 0, 0, 0, 0, 0, 0, 0, 0, 0, 0, 0, 0, 0, 0, 0, 0, 0, 0, 0, 0, 0, 0, 0, 0, 0, 0, 0, 0, 0, 0, 0, 0, 0, 0, 0, 0, 0, 0, 0, 0, 0, 0, 0, 0, 0, 0, 0, 0, 0, 0, 0, 0, 0, 0, 0, 0, 0, 0, 0, 0, 0, 0, 0, 0, 0, 0, 0, 0, 0, 0, 0, 0, 0, 0, 0, 0, 0, 0, 0, 0, 0, 0, 0, 0, 0, 0, 0, 0, 0, 0, 0, 0, 0, 0, 0, 0, 0, 0, 0, 0, 0, 0, 0, 0, 0, 0, 0, 0, 0, 0, 0, 0, 0, 0, 0, 0, 0, 0, 0, 0, 0, 0, 0, 0, 0, 0, 0, 0, 0, 0, 0, '0.00', 2, 157, '2017-08-07 22:56:00', '2020-01-24 21:15:24', NULL),
(70, '3693239', '30000070', '56035364334F', NULL, NULL, NULL, NULL, 'LPR PHOTO HATCHBACK 22L AW PRD', 'LOWEPRO', 0, 0, 0, 0, 0, 0, 0, 0, 0, 0, 0, 0, 0, 0, 0, 0, 0, 0, 0, 0, 0, 0, 0, 0, 0, 0, 0, 0, 0, 0, 0, 0, 0, 0, 0, 0, 0, 0, 0, 0, 0, 0, 0, 0, 0, 0, 0, 0, 0, 0, 0, 0, 0, 0, 0, 0, 0, 0, 0, 0, 0, 0, 0, 0, 0, 0, 0, 0, 0, 0, 0, 0, 0, 0, 0, 0, 0, 0, 0, 0, 0, 0, 0, 0, 0, 0, 0, 0, 0, 0, 0, 0, 0, 0, 0, 0, 0, 0, 0, 0, 0, 0, 0, 0, 0, 0, 0, 0, 0, 0, 0, 0, 0, 0, 0, 0, 0, 0, 0, 0, 0, 0, 0, 0, 0, 0, 0, 0, 0, 0, 0, 0, 0, 0, 0, 0, 0, 0, 0, 0, 0, 0, 0, 0, 0, 0, 0, 0, 0, 0, 0, 0, 0, 0, 0, 0, 0, 0, 0, 0, 0, 0, 0, 0, 0, 0, 0, 0, 0, 0, 0, 0, 0, 0, 0, 0, 0, 0, 0, 0, 0, 0, 0, 0, 0, 0, 0, 0, 0, 0, 0, 0, 0, 0, 0, 0, 0, 0, 0, 0, 0, 0, 0, 0, 0, 0, 0, 0, 0, 0, 0, 0, 0, 0, 0, 0, 0, 0, 0, 0, 0, 0, 0, 0, 0, 0, 0, 0, 0, 0, 0, 0, 0, 0, 0, 0, 0, 0, 0, 0, 0, 0, 0, 0, 0, 0, 0, 0, 0, 0, 0, 0, 0, 0, 0, 0, 0, 0, 0, 0, 0, 0, 0, 0, 0, 0, 0, 0, 0, 0, 0, 0, 0, 0, 0, 0, 0, 0, 0, 0, 0, 0, 0, 0, 0, 0, 0, 0, 0, 0, 0, 0, 0, 0, 0, 0, 0, 0, 0, 0, 0, 0, 0, 0, 0, 0, 0, 0, 0, 0, 0, 0, 0, 0, 0, 0, 0, 0, 0, 0, 0, 0, 0, 0, 0, 0, 0, 0, 0, 0, 0, 0, 0, 0, 0, 0, 0, 0, 0, 0, 0, 0, 0, 0, 0, 0, 0, 0, 0, 0, 0, 0, 0, 0, 0, 0, 0, 0, 0, 0, 0, 0, 0, 0, 0, 0, 0, 0, 0, 0, 0, 0, 0, 0, 0, 0, 0, 0, '0.00', 2, 157, '2017-08-07 22:56:00', '2020-01-24 21:16:41', NULL),
(71, '3693240', '30000071', '56035364341F', NULL, NULL, NULL, NULL, 'LPR PHOTO HATCHBACK 22L AW SGY', 'LOWEPRO', 0, 0, 0, 0, 0, 0, 0, 0, 0, 0, 0, 0, 0, 0, 0, 0, 0, 0, 0, 0, 0, 0, 0, 0, 0, 0, 0, 0, 0, 0, 0, 0, 0, 0, 0, 0, 0, 0, 0, 0, 0, 0, 0, 0, 0, 0, 0, 0, 0, 0, 0, 0, 0, 0, 0, 0, 0, 0, 0, 0, 0, 0, 0, 0, 0, 0, 0, 0, 0, 0, 0, 0, 0, 0, 0, 0, 0, 0, 0, 0, 0, 0, 0, 0, 0, 0, 0, 0, 0, 0, 0, 0, 0, 0, 0, 0, 0, 0, 0, 0, 0, 0, 0, 0, 0, 0, 0, 0, 0, 0, 0, 0, 0, 0, 0, 0, 0, 0, 0, 0, 0, 0, 0, 0, 0, 0, 0, 0, 0, 0, 0, 0, 0, 0, 0, 0, 0, 0, 0, 0, 0, 0, 0, 0, 0, 0, 0, 0, 0, 0, 0, 0, 0, 0, 0, 0, 0, 0, 0, 0, 0, 0, 0, 0, 0, 0, 0, 0, 0, 0, 0, 0, 0, 0, 0, 0, 0, 0, 0, 0, 0, 0, 0, 0, 0, 0, 0, 0, 0, 0, 0, 0, 0, 0, 0, 0, 0, 0, 0, 0, 0, 0, 0, 0, 0, 0, 0, 0, 0, 0, 0, 0, 0, 0, 0, 0, 0, 0, 0, 0, 0, 0, 0, 0, 0, 0, 0, 0, 0, 0, 0, 0, 0, 0, 0, 0, 0, 0, 0, 0, 0, 0, 0, 0, 0, 0, 0, 0, 0, 0, 0, 0, 0, 0, 0, 0, 0, 0, 0, 0, 0, 0, 0, 0, 0, 0, 0, 0, 0, 0, 0, 0, 0, 0, 0, 0, 0, 0, 0, 0, 0, 0, 0, 0, 0, 0, 0, 0, 0, 0, 0, 0, 0, 0, 0, 0, 0, 0, 0, 0, 0, 0, 0, 0, 0, 0, 0, 0, 0, 0, 0, 0, 0, 0, 0, 0, 0, 0, 0, 0, 0, 0, 0, 0, 0, 0, 0, 0, 0, 0, 0, 0, 0, 0, 0, 0, 0, 0, 0, 0, 0, 0, 0, 0, 0, 0, 0, 0, 0, 0, 0, 0, 0, 0, 0, 0, 0, 0, 0, 0, 0, 0, 0, 0, 0, 0, 0, 0, 0, 0, 0, 0, 0, 0, 0, 0, 0, 0, '0.00', 2, 157, '2017-08-07 22:56:00', '2020-01-24 21:17:25', NULL),
(72, '3693241', '30000072', 'C56035364310F', NULL, NULL, NULL, NULL, 'LPR Photo Hatchback 16L AW SGy', 'LOWEPRO', 0, 0, 0, 0, 0, 0, 0, 0, 0, 0, 0, 0, 0, 0, 0, 0, 0, 0, 0, 0, 0, 0, 0, 0, 0, 0, 0, 0, 0, 0, 0, 0, 0, 0, 0, 0, 0, 0, 0, 0, 0, 0, 0, 0, 0, 0, 0, 0, 0, 0, 0, 0, 0, 0, 0, 0, 0, 0, 0, 0, 0, 0, 0, 0, 0, 0, 0, 0, 0, 0, 0, 0, 0, 0, 0, 0, 0, 0, 0, 0, 0, 0, 0, 0, 0, 0, 0, 0, 0, 0, 0, 0, 0, 0, 0, 0, 0, 0, 0, 0, 0, 0, 0, 0, 0, 0, 0, 0, 0, 0, 0, 0, 0, 0, 0, 0, 0, 0, 0, 0, 0, 0, 0, 0, 0, 0, 0, 0, 0, 0, 0, 0, 0, 0, 0, 0, 0, 0, 0, 0, 0, 0, 0, 0, 0, 0, 0, 0, 0, 0, 0, 0, 0, 0, 0, 0, 0, 0, 0, 0, 0, 0, 0, 0, 0, 0, 0, 0, 0, 0, 0, 0, 0, 0, 0, 0, 0, 0, 0, 0, 0, 0, 0, 0, 0, 0, 0, 0, 0, 0, 0, 0, 0, 0, 0, 0, 0, 0, 0, 0, 0, 0, 0, 0, 0, 0, 0, 0, 0, 0, 0, 0, 0, 0, 0, 0, 0, 0, 0, 0, 0, 0, 0, 0, 0, 0, 0, 0, 0, 0, 0, 0, 0, 0, 0, 0, 0, 0, 0, 0, 0, 0, 0, 0, 0, 0, 0, 0, 0, 0, 0, 0, 0, 0, 0, 0, 0, 0, 0, 0, 0, 0, 0, 0, 0, 0, 0, 0, 0, 0, 0, 0, 0, 0, 0, 0, 0, 0, 0, 0, 0, 0, 0, 0, 0, 0, 0, 0, 0, 0, 0, 0, 0, 0, 0, 0, 0, 0, 0, 0, 0, 0, 0, 0, 0, 0, 0, 0, 0, 0, 0, 0, 0, 0, 0, 0, 0, 0, 0, 0, 0, 0, 0, 0, 0, 0, 0, 0, 0, 0, 0, 0, 0, 0, 0, 0, 0, 0, 0, 0, 0, 0, 0, 0, 0, 0, 0, 0, 0, 0, 0, 0, 0, 0, 0, 0, 0, 0, 0, 0, 0, 0, 0, 0, 0, 0, 0, 0, 0, 0, 0, 0, 0, 0, 0, 0, 0, 0, '0.00', 2, 157, '2017-08-07 22:56:00', '2020-01-24 21:18:14', NULL),
(73, '3693242', '30000073', 'C56035364327F', NULL, NULL, NULL, NULL, 'LPR Photo Hatchback 16L AW GBl', 'LOWEPRO', 0, 0, 0, 0, 0, 0, 0, 0, 0, 0, 0, 0, 0, 0, 0, 0, 0, 0, 0, 0, 0, 0, 0, 0, 0, 0, 0, 0, 0, 0, 0, 0, 0, 0, 0, 0, 0, 0, 0, 0, 0, 0, 0, 0, 0, 0, 0, 0, 0, 0, 0, 0, 0, 0, 0, 0, 0, 0, 0, 0, 0, 0, 0, 0, 0, 0, 0, 0, 0, 0, 0, 0, 0, 0, 0, 0, 0, 0, 0, 0, 0, 0, 0, 0, 0, 0, 0, 0, 0, 0, 0, 0, 0, 0, 0, 0, 0, 0, 0, 0, 0, 0, 0, 0, 0, 0, 0, 0, 0, 0, 0, 0, 0, 0, 0, 0, 0, 0, 0, 0, 0, 0, 0, 0, 0, 0, 0, 0, 0, 0, 0, 0, 0, 0, 0, 0, 0, 0, 0, 0, 0, 0, 0, 0, 0, 0, 0, 0, 0, 0, 0, 0, 0, 0, 0, 0, 0, 0, 0, 0, 0, 0, 0, 0, 0, 0, 0, 0, 0, 0, 0, 0, 0, 0, 0, 0, 0, 0, 0, 0, 0, 0, 0, 0, 0, 0, 0, 0, 0, 0, 0, 0, 0, 0, 0, 0, 0, 0, 0, 0, 0, 0, 0, 0, 0, 0, 0, 0, 0, 0, 0, 0, 0, 0, 0, 0, 0, 0, 0, 0, 0, 0, 0, 0, 0, 0, 0, 0, 0, 0, 0, 0, 0, 0, 0, 0, 0, 0, 0, 0, 0, 0, 0, 0, 0, 0, 0, 0, 0, 0, 0, 0, 0, 0, 0, 0, 0, 0, 0, 0, 0, 0, 0, 0, 0, 0, 0, 0, 0, 0, 0, 0, 0, 0, 0, 0, 0, 0, 0, 0, 0, 0, 0, 0, 0, 0, 0, 0, 0, 0, 0, 0, 0, 0, 0, 0, 0, 0, 0, 0, 0, 0, 0, 0, 0, 0, 0, 0, 0, 0, 0, 0, 0, 0, 0, 0, 0, 0, 0, 0, 0, 0, 0, 0, 0, 0, 0, 0, 0, 0, 0, 0, 0, 0, 0, 0, 0, 0, 0, 0, 0, 0, 0, 0, 0, 0, 0, 0, 0, 0, 0, 0, 0, 0, 0, 0, 0, 0, 0, 0, 0, 0, 0, 0, 0, 0, 0, 0, 0, 0, 0, 0, 0, 0, 0, 0, 0, 0, '0.00', 2, 157, '2017-08-07 22:56:00', '2020-01-24 21:19:10', NULL),
(74, '3693243', '30000074', 'C56035364334F', NULL, NULL, NULL, NULL, 'LPR Photo Hatchback 22L AW PRd', 'LOWEPRO', 0, 0, 0, 0, 0, 0, 0, 0, 0, 0, 0, 0, 0, 0, 0, 0, 0, 0, 0, 0, 0, 0, 0, 0, 0, 0, 0, 0, 0, 0, 0, 0, 0, 0, 0, 0, 0, 0, 0, 0, 0, 0, 0, 0, 0, 0, 0, 0, 0, 0, 0, 0, 0, 0, 0, 0, 0, 0, 0, 0, 0, 0, 0, 0, 0, 0, 0, 0, 0, 0, 0, 0, 0, 0, 0, 0, 0, 0, 0, 0, 0, 0, 0, 0, 0, 0, 0, 0, 0, 0, 0, 0, 0, 0, 0, 0, 0, 0, 0, 0, 0, 0, 0, 0, 0, 0, 0, 0, 0, 0, 0, 0, 0, 0, 0, 0, 0, 0, 0, 0, 0, 0, 0, 0, 0, 0, 0, 0, 0, 0, 0, 0, 0, 0, 0, 0, 0, 0, 0, 0, 0, 0, 0, 0, 0, 0, 0, 0, 0, 0, 0, 0, 0, 0, 0, 0, 0, 0, 0, 0, 0, 0, 0, 0, 0, 0, 0, 0, 0, 0, 0, 0, 0, 0, 0, 0, 0, 0, 0, 0, 0, 0, 0, 0, 0, 0, 0, 0, 0, 0, 0, 0, 0, 0, 0, 0, 0, 0, 0, 0, 0, 0, 0, 0, 0, 0, 0, 0, 0, 0, 0, 0, 0, 0, 0, 0, 0, 0, 0, 0, 0, 0, 0, 0, 0, 0, 0, 0, 0, 0, 0, 0, 0, 0, 0, 0, 0, 0, 0, 0, 0, 0, 0, 0, 0, 0, 0, 0, 0, 0, 0, 0, 0, 0, 0, 0, 0, 0, 0, 0, 0, 0, 0, 0, 0, 0, 0, 0, 0, 0, 0, 0, 0, 0, 0, 0, 0, 0, 0, 0, 0, 0, 0, 0, 0, 0, 0, 0, 0, 0, 0, 0, 0, 0, 0, 0, 0, 0, 0, 0, 0, 0, 0, 0, 0, 0, 0, 0, 0, 0, 0, 0, 0, 0, 0, 0, 0, 0, 0, 0, 0, 0, 0, 0, 0, 0, 0, 0, 0, 0, 0, 0, 0, 0, 0, 0, 0, 0, 0, 0, 0, 0, 0, 0, 0, 0, 0, 0, 0, 0, 0, 0, 0, 0, 0, 0, 0, 0, 0, 0, 0, 0, 0, 0, 0, 0, 0, 0, 0, 0, 0, 0, 0, 0, 0, 0, 0, 0, '0.00', 2, 157, '2017-08-07 22:56:00', '2020-01-24 21:19:59', NULL),
(75, '3693244', '30000075', 'C56035364341F', NULL, NULL, NULL, NULL, 'LPR Photo Hatchback 22L AW SGy', 'LOWEPRO', 0, 0, 0, 0, 0, 0, 0, 0, 0, 0, 0, 0, 0, 0, 0, 0, 0, 0, 0, 0, 0, 0, 0, 0, 0, 0, 0, 0, 0, 0, 0, 0, 0, 0, 0, 0, 0, 0, 0, 0, 0, 0, 0, 0, 0, 0, 0, 0, 0, 0, 0, 0, 0, 0, 0, 0, 0, 0, 0, 0, 0, 0, 0, 0, 0, 0, 0, 0, 0, 0, 0, 0, 0, 0, 0, 0, 0, 0, 0, 0, 0, 0, 0, 0, 0, 0, 0, 0, 0, 0, 0, 0, 0, 0, 0, 0, 0, 0, 0, 0, 0, 0, 0, 0, 0, 0, 0, 0, 0, 0, 0, 0, 0, 0, 0, 0, 0, 0, 0, 0, 0, 0, 0, 0, 0, 0, 0, 0, 0, 0, 0, 0, 0, 0, 0, 0, 0, 0, 0, 0, 0, 0, 0, 0, 0, 0, 0, 0, 0, 0, 0, 0, 0, 0, 0, 0, 0, 0, 0, 0, 0, 0, 0, 0, 0, 0, 0, 0, 0, 0, 0, 0, 0, 0, 0, 0, 0, 0, 0, 0, 0, 0, 0, 0, 0, 0, 0, 0, 0, 0, 0, 0, 0, 0, 0, 0, 0, 0, 0, 0, 0, 0, 0, 0, 0, 0, 0, 0, 0, 0, 0, 0, 0, 0, 0, 0, 0, 0, 0, 0, 0, 0, 0, 0, 0, 0, 0, 0, 0, 0, 0, 0, 0, 0, 0, 0, 0, 0, 0, 0, 0, 0, 0, 0, 0, 0, 0, 0, 0, 0, 0, 0, 0, 0, 0, 0, 0, 0, 0, 0, 0, 0, 0, 0, 0, 0, 0, 0, 0, 0, 0, 0, 0, 0, 0, 0, 0, 0, 0, 0, 0, 0, 0, 0, 0, 0, 0, 0, 0, 0, 0, 0, 0, 0, 0, 0, 0, 0, 0, 0, 0, 0, 0, 0, 0, 0, 0, 0, 0, 0, 0, 0, 0, 0, 0, 0, 0, 0, 0, 0, 0, 0, 0, 0, 0, 0, 0, 0, 0, 0, 0, 0, 0, 0, 0, 0, 0, 0, 0, 0, 0, 0, 0, 0, 0, 0, 0, 0, 0, 0, 0, 0, 0, 0, 0, 0, 0, 0, 0, 0, 0, 0, 0, 0, 0, 0, 0, 0, 0, 0, 0, 0, 0, 0, 0, 0, 0, 0, '0.00', 2, 157, '2017-08-07 22:56:00', '2020-01-24 21:20:54', NULL),
(76, '3695052', '30000076', '9000588', NULL, NULL, NULL, NULL, 'MIO GWP MICRO SDHC 16GB', 'MIO', 0, 0, 0, 0, 0, 0, 0, 0, 0, 0, 0, 0, 0, 0, 0, 0, 0, 0, 0, 0, 0, 0, 0, 0, 0, 0, 0, 0, 0, 0, 0, 0, 0, 0, 0, 0, 0, 0, 0, 0, 0, 0, 0, 0, 0, 0, 0, 0, 0, 0, 0, 0, 0, 0, 0, 0, 0, 0, 0, 0, 0, 0, 0, 0, 0, 0, 0, 0, 0, 0, 0, 0, 0, 0, 0, 0, 0, 0, 0, 0, 0, 0, 0, 0, 0, 0, 0, 0, 0, 0, 0, 0, 0, 0, 0, 0, 0, 0, 0, 0, 0, 0, 0, 0, 0, 0, 0, 0, 0, 0, 0, 0, 0, 0, 0, 0, 0, 0, 0, 0, 0, 0, 0, 0, 0, 0, 0, 0, 0, 0, 0, 0, 0, 0, 0, 0, 0, 0, 0, 0, 0, 0, 0, 0, 0, 0, 0, 0, 0, 0, 0, 0, 0, 0, 0, 0, 0, 0, 0, 0, 0, 0, 0, 0, 0, 0, 0, 0, 0, 0, 0, 0, 0, 0, 0, 0, 0, 0, 0, 0, 0, 0, 0, 0, 0, 0, 0, 0, 0, 0, 0, 0, 0, 0, 0, 0, 0, 0, 0, 0, 0, 0, 0, 0, 0, 0, 0, 0, 0, 0, 0, 0, 0, 0, 0, 0, 0, 0, 0, 0, 0, 0, 0, 0, 0, 0, 0, 0, 0, 0, 0, 0, 0, 0, 0, 0, 0, 0, 0, 0, 0, 0, 0, 0, 0, 0, 0, 0, 0, 0, 0, 0, 0, 0, 0, 0, 0, 0, 0, 0, 0, 0, 0, 0, 0, 0, 0, 0, 0, 0, 0, 0, 0, 0, 0, 0, 0, 0, 0, 0, 0, 0, 0, 0, 0, 0, 0, 0, 0, 0, 0, 0, 0, 0, 0, 0, 0, 0, 0, 0, 0, 0, 0, 0, 0, 0, 0, 0, 0, 0, 0, 0, 0, 0, 0, 0, 0, 0, 0, 0, 0, 0, 0, 0, 0, 0, 0, 0, 0, 0, 0, 0, 0, 0, 0, 0, 0, 0, 0, 0, 0, 0, 0, 0, 0, 0, 0, 0, 0, 0, 0, 0, 0, 0, 0, 0, 0, 0, 0, 0, 0, 0, 0, 0, 0, 0, 0, 0, 0, 0, 0, 0, 0, 0, 0, 0, 0, 0, '0.00', 2, 161, '2017-08-07 22:56:00', '2020-12-07 06:07:05', NULL),
(77, '3695053', '30000077', '9000653', NULL, NULL, NULL, NULL, 'MOM GWP IFAN 2500MAH BLACK', 'MOMAX', 0, 0, 0, 0, 0, 0, 0, 0, 0, 0, 0, 0, 0, 0, 0, 0, 0, 0, 0, 0, 0, 0, 0, 0, 0, 0, 0, 0, 0, 0, 0, 0, 0, 0, 0, 0, 0, 0, 0, 0, 0, 0, 0, 0, 0, 0, 0, 0, 0, 0, 0, 0, 0, 0, 0, 0, 0, 0, 0, 0, 0, 0, 0, 0, 0, 0, 0, 0, 0, 0, 0, 0, 0, 0, 0, 0, 0, 0, 0, 0, 0, 0, 0, 0, 0, 0, 0, 0, 0, 0, 0, 0, 0, 0, 0, 0, 0, 0, 0, 0, 0, 0, 0, 0, 0, 0, 0, 0, 0, 0, 0, 0, 0, 0, 0, 0, 0, 0, 0, 0, 0, 0, 0, 0, 0, 0, 0, 0, 0, 0, 0, 0, 0, 0, 0, 0, 0, 0, 0, 0, 0, 0, 0, 0, 0, 0, 0, 0, 0, 0, 0, 0, 0, 0, 0, 0, 0, 0, 0, 0, 0, 0, 0, 0, 0, 0, 0, 0, 0, 0, 0, 0, 0, 0, 0, 0, 0, 0, 0, 0, 0, 0, 0, 0, 0, 0, 0, 0, 0, 0, 0, 0, 0, 0, 0, 0, 0, 0, 0, 0, 0, 0, 0, 0, 0, 0, 0, 0, 0, 0, 0, 0, 0, 0, 0, 0, 0, 0, 0, 0, 0, 0, 0, 0, 0, 0, 0, 0, 0, 0, 0, 0, 0, 0, 0, 0, 0, 0, 0, 0, 0, 0, 0, 0, 0, 0, 0, 0, 0, 0, 0, 0, 0, 0, 0, 0, 0, 0, 0, 0, 0, 0, 0, 0, 0, 0, 0, 0, 0, 0, 0, 0, 0, 0, 0, 0, 0, 0, 0, 0, 0, 0, 0, 0, 0, 0, 0, 0, 0, 0, 0, 0, 0, 0, 0, 0, 0, 0, 0, 0, 0, 0, 0, 0, 0, 0, 0, 0, 0, 0, 0, 0, 0, 0, 0, 0, 0, 0, 0, 0, 0, 0, 0, 0, 0, 0, 0, 0, 0, 0, 0, 0, 0, 0, 0, 0, 0, 0, 0, 0, 0, 0, 0, 0, 0, 0, 0, 0, 0, 0, 0, 0, 0, 0, 0, 0, 0, 0, 0, 0, 0, 0, 0, 0, 0, 0, 0, 0, 0, 0, 0, 0, 0, 0, 0, 0, 0, 0, '553.00', 2, 86, '2017-08-07 22:56:00', '2019-03-19 20:21:47', NULL),
(78, '3695054', '30000078', '9000654', NULL, NULL, NULL, NULL, 'MOM GWP IFAN 2500MAH BLUE', 'MOMAX', 0, 0, 0, 0, 0, 0, 0, 0, 0, 0, 0, 0, 0, 0, 0, 0, 0, 0, 0, 0, 0, 0, 0, 0, 0, 0, 0, 0, 0, 0, 0, 0, 0, 0, 0, 0, 0, 0, 0, 0, 0, 0, 0, 0, 0, 0, 0, 0, 0, 0, 0, 0, 0, 0, 0, 0, 0, 0, 0, 0, 0, 0, 0, 0, 0, 0, 0, 0, 0, 0, 0, 0, 0, 0, 0, 0, 0, 0, 0, 0, 0, 0, 0, 0, 0, 0, 0, 0, 0, 0, 0, 0, 0, 0, 0, 0, 0, 0, 0, 0, 0, 0, 0, 0, 0, 0, 0, 0, 0, 0, 0, 0, 0, 0, 0, 0, 0, 0, 0, 0, 0, 0, 0, 0, 0, 0, 0, 0, 0, 0, 0, 0, 0, 0, 0, 0, 0, 0, 0, 0, 0, 0, 0, 0, 0, 0, 0, 0, 0, 0, 0, 0, 0, 0, 0, 0, 0, 0, 0, 0, 0, 0, 0, 0, 0, 0, 0, 0, 0, 0, 0, 0, 0, 0, 0, 0, 0, 0, 0, 0, 0, 0, 0, 0, 0, 0, 0, 0, 0, 0, 0, 0, 0, 0, 0, 0, 0, 0, 0, 0, 0, 0, 0, 0, 0, 0, 0, 0, 0, 0, 0, 0, 0, 0, 0, 0, 0, 0, 0, 0, 0, 0, 0, 0, 0, 0, 0, 0, 0, 0, 0, 0, 0, 0, 0, 0, 0, 0, 0, 0, 0, 0, 0, 0, 0, 0, 0, 0, 0, 0, 0, 0, 0, 0, 0, 0, 0, 0, 0, 0, 0, 0, 0, 0, 0, 0, 0, 0, 0, 0, 0, 0, 0, 0, 0, 0, 0, 0, 0, 0, 0, 0, 0, 0, 0, 0, 0, 0, 0, 0, 0, 0, 0, 0, 0, 0, 0, 0, 0, 0, 0, 0, 0, 0, 0, 0, 0, 0, 0, 0, 0, 0, 0, 0, 0, 0, 0, 0, 0, 0, 0, 0, 0, 0, 0, 0, 0, 0, 0, 0, 0, 0, 0, 0, 0, 0, 0, 0, 0, 0, 0, 0, 0, 0, 0, 0, 0, 0, 0, 0, 0, 0, 0, 0, 0, 0, 0, 0, 0, 0, 0, 0, 0, 0, 0, 0, 0, 0, 0, 0, 0, 0, 0, 0, 0, 0, 0, 0, '553.00', 2, 86, '2017-08-07 22:56:00', '2019-03-19 20:20:09', NULL),
(79, '3695055', '30000079', '9000655', NULL, NULL, NULL, NULL, 'MOM GWP IFAN 2500MAH YELLOW', 'MOMAX', 0, 0, 0, 0, 0, 0, 0, 0, 0, 0, 0, 0, 0, 0, 0, 0, 0, 0, 0, 0, 0, 0, 0, 0, 0, 0, 0, 0, 0, 0, 0, 0, 0, 0, 0, 0, 0, 0, 0, 0, 0, 0, 0, 0, 0, 0, 0, 0, 0, 0, 0, 0, 0, 0, 0, 0, 0, 0, 0, 0, 0, 0, 0, 0, 0, 0, 0, 0, 0, 0, 0, 0, 0, 0, 0, 0, 0, 0, 0, 0, 0, 0, 0, 0, 0, 0, 0, 0, 0, 0, 0, 0, 0, 0, 0, 0, 0, 0, 0, 0, 0, 0, 0, 0, 0, 0, 0, 0, 0, 0, 0, 0, 0, 0, 0, 0, 0, 0, 0, 0, 0, 0, 0, 0, 0, 0, 0, 0, 0, 0, 0, 0, 0, 0, 0, 0, 0, 0, 0, 0, 0, 0, 0, 0, 0, 0, 0, 0, 0, 0, 0, 0, 0, 0, 0, 0, 0, 0, 0, 0, 0, 0, 0, 0, 0, 0, 0, 0, 0, 0, 0, 0, 0, 0, 0, 0, 0, 0, 0, 0, 0, 0, 0, 0, 0, 0, 0, 0, 0, 0, 0, 0, 0, 0, 0, 0, 0, 0, 0, 0, 0, 0, 0, 0, 0, 0, 0, 0, 0, 0, 0, 0, 0, 0, 0, 0, 0, 0, 0, 0, 0, 0, 0, 0, 0, 0, 0, 0, 0, 0, 0, 0, 0, 0, 0, 0, 0, 0, 0, 0, 0, 0, 0, 0, 0, 0, 0, 0, 0, 0, 0, 0, 0, 0, 0, 0, 0, 0, 0, 0, 0, 0, 0, 0, 0, 0, 0, 0, 0, 0, 0, 0, 0, 0, 0, 0, 0, 0, 0, 0, 0, 0, 0, 0, 0, 0, 0, 0, 0, 0, 0, 0, 0, 0, 0, 0, 0, 0, 0, 0, 0, 0, 0, 0, 0, 0, 0, 0, 0, 0, 0, 0, 0, 0, 0, 0, 0, 0, 0, 0, 0, 0, 0, 0, 0, 0, 0, 0, 0, 0, 0, 0, 0, 0, 0, 0, 0, 0, 0, 0, 0, 0, 0, 0, 0, 0, 0, 0, 0, 0, 0, 0, 0, 0, 0, 0, 0, 0, 0, 0, 0, 0, 0, 0, 0, 0, 0, 0, 0, 0, 0, 0, 0, 0, 0, 0, 0, 0, '553.00', 2, 86, '2017-08-07 22:56:00', '2019-03-19 20:41:30', NULL),
(80, '3693245', '30000080', '9000656', NULL, NULL, NULL, NULL, 'MOM GWP SHELL HUAWEI P10P CLR', 'MOMAX', 0, 0, 0, 0, 0, 0, 0, 0, 0, 0, 0, 0, 0, 0, 0, 0, 0, 0, 0, 0, 0, 0, 0, 0, 0, 0, 0, 0, 0, 0, 0, 0, 0, 0, 0, 0, 0, 0, 0, 0, 0, 0, 0, 0, 0, 0, 0, 0, 0, 0, 0, 0, 0, 0, 0, 0, 0, 0, 0, 0, 0, 0, 0, 0, 0, 0, 0, 0, 0, 0, 0, 0, 0, 0, 0, 0, 0, 0, 0, 0, 0, 0, 0, 0, 0, 0, 0, 0, 0, 0, 0, 0, 0, 0, 0, 0, 0, 0, 0, 0, 0, 0, 0, 0, 0, 0, 0, 0, 0, 0, 0, 0, 0, 0, 0, 0, 0, 0, 0, 0, 0, 0, 0, 0, 0, 0, 0, 0, 0, 0, 0, 0, 0, 0, 0, 0, 0, 0, 0, 0, 0, 0, 0, 0, 0, 0, 0, 0, 0, 0, 0, 0, 0, 0, 0, 0, 0, 0, 0, 0, 0, 0, 0, 0, 0, 0, 0, 0, 0, 0, 0, 0, 0, 0, 0, 0, 0, 0, 0, 0, 0, 0, 0, 0, 0, 0, 0, 0, 0, 0, 0, 0, 0, 0, 0, 0, 0, 0, 0, 0, 0, 0, 0, 0, 0, 0, 0, 0, 0, 0, 0, 0, 0, 0, 0, 0, 0, 0, 0, 0, 0, 0, 0, 0, 0, 0, 0, 0, 0, 0, 0, 0, 0, 0, 0, 0, 0, 0, 0, 0, 0, 0, 0, 0, 0, 0, 0, 0, 0, 0, 0, 0, 0, 0, 0, 0, 0, 0, 0, 0, 0, 0, 0, 0, 0, 0, 0, 0, 0, 0, 0, 0, 0, 0, 0, 0, 0, 0, 0, 0, 0, 0, 0, 0, 0, 0, 0, 0, 0, 0, 0, 0, 0, 0, 0, 0, 0, 0, 0, 0, 0, 0, 0, 0, 0, 0, 0, 0, 0, 0, 0, 0, 0, 0, 0, 0, 0, 0, 0, 0, 0, 0, 0, 0, 0, 0, 0, 0, 0, 0, 0, 0, 0, 0, 0, 0, 0, 0, 0, 0, 0, 0, 0, 0, 0, 0, 0, 0, 0, 0, 0, 0, 0, 0, 0, 0, 0, 0, 0, 0, 0, 0, 0, 0, 0, 0, 0, 0, 0, 0, 0, 0, 0, 0, 0, 0, 0, 0, '434.50', 2, 155, '2017-08-07 22:56:00', '2020-08-18 18:32:13', NULL),
(81, '3693246', '30000081', '9000657', NULL, NULL, NULL, NULL, 'MOM GWP SHELL HUAWEI P10 CLR', 'MOMAX', 0, 0, 0, 0, 0, 0, 0, 0, 0, 0, 0, 0, 0, 0, 0, 0, 0, 0, 0, 0, 0, 0, 0, 0, 0, 0, 0, 0, 0, 0, 0, 0, 0, 0, 0, 0, 0, 0, 0, 0, 0, 0, 0, 0, 0, 0, 0, 0, 0, 0, 0, 0, 0, 0, 0, 0, 0, 0, 0, 0, 0, 0, 0, 0, 0, 0, 0, 0, 0, 0, 0, 0, 0, 0, 0, 0, 0, 0, 0, 0, 0, 0, 0, 0, 0, 0, 0, 0, 0, 0, 0, 0, 0, 0, 0, 0, 0, 0, 0, 0, 0, 0, 0, 0, 0, 0, 0, 0, 0, 0, 0, 0, 0, 0, 0, 0, 0, 0, 0, 0, 0, 0, 0, 0, 0, 0, 0, 0, 0, 0, 0, 0, 0, 0, 0, 0, 0, 0, 0, 0, 0, 0, 0, 0, 0, 0, 0, 0, 0, 0, 0, 0, 0, 0, 0, 0, 0, 0, 0, 0, 0, 0, 0, 0, 0, 0, 0, 0, 0, 0, 0, 0, 0, 0, 0, 0, 0, 0, 0, 0, 0, 0, 0, 0, 0, 0, 0, 0, 0, 0, 0, 0, 0, 0, 0, 0, 0, 0, 0, 0, 0, 0, 0, 0, 0, 0, 0, 0, 0, 0, 0, 0, 0, 0, 0, 0, 0, 0, 0, 0, 0, 0, 0, 0, 0, 0, 0, 0, 0, 0, 0, 0, 0, 0, 0, 0, 0, 0, 0, 0, 0, 0, 0, 0, 0, 0, 0, 0, 0, 0, 0, 0, 0, 0, 0, 0, 0, 0, 0, 0, 0, 0, 0, 0, 0, 0, 0, 0, 0, 0, 0, 0, 0, 0, 0, 0, 0, 0, 0, 0, 0, 0, 0, 0, 0, 0, 0, 0, 0, 0, 0, 0, 0, 0, 0, 0, 0, 0, 0, 0, 0, 0, 0, 0, 0, 0, 0, 0, 0, 0, 0, 0, 0, 0, 0, 0, 0, 0, 0, 0, 0, 0, 0, 0, 0, 0, 0, 0, 0, 0, 0, 0, 0, 0, 0, 0, 0, 0, 0, 0, 0, 0, 0, 0, 0, 0, 0, 0, 0, 0, 0, 0, 0, 0, 0, 0, 0, 0, 0, 0, 0, 0, 0, 0, 0, 0, 0, 0, 0, 0, 0, 0, 0, 0, 0, 0, 0, 0, '379.50', 2, 155, '2017-08-07 22:56:00', '2020-08-18 18:29:12', NULL),
(82, '3695056', '30000082', '9000658', NULL, NULL, NULL, NULL, 'MOM GWP WAVE BLACK', 'MOMAX', 0, 0, 0, 0, 0, 0, 0, 0, 0, 0, 0, 0, 0, 0, 0, 0, 0, 0, 0, 0, 0, 0, 0, 0, 0, 0, 0, 0, 0, 0, 0, 0, 0, 0, 0, 0, 0, 0, 0, 0, 0, 0, 0, 0, 0, 0, 0, 0, 0, 0, 0, 0, 0, 0, 0, 0, 0, 0, 0, 0, 0, 0, 0, 0, 0, 0, 0, 0, 0, 0, 0, 0, 0, 0, 0, 0, 0, 0, 0, 0, 0, 0, 0, 0, 0, 0, 0, 0, 0, 0, 0, 0, 0, 0, 0, 0, 0, 0, 0, 0, 0, 0, 0, 0, 0, 0, 0, 0, 0, 0, 0, 0, 0, 0, 0, 0, 0, 0, 0, 0, 0, 0, 0, 0, 0, 0, 0, 0, 0, 0, 0, 0, 0, 0, 0, 0, 0, 0, 0, 0, 0, 0, 0, 0, 0, 0, 0, 0, 0, 0, 0, 0, 0, 0, 0, 0, 0, 0, 0, 0, 0, 0, 0, 0, 0, 0, 0, 0, 0, 0, 0, 0, 0, 0, 0, 0, 0, 0, 0, 0, 0, 0, 0, 0, 0, 0, 0, 0, 0, 0, 0, 0, 0, 0, 0, 0, 0, 0, 0, 0, 0, 0, 0, 0, 0, 0, 0, 0, 0, 0, 0, 0, 0, 0, 0, 0, 0, 0, 0, 0, 0, 0, 0, 0, 0, 0, 0, 0, 0, 0, 0, 0, 0, 0, 0, 0, 0, 0, 0, 0, 0, 0, 0, 0, 0, 0, 0, 0, 0, 0, 0, 0, 0, 0, 0, 0, 0, 0, 0, 0, 0, 0, 0, 0, 0, 0, 0, 0, 0, 0, 0, 0, 0, 0, 0, 0, 0, 0, 0, 0, 0, 0, 0, 0, 0, 0, 0, 0, 0, 0, 0, 0, 0, 0, 0, 0, 0, 0, 0, 0, 0, 0, 0, 0, 0, 0, 0, 0, 0, 0, 0, 0, 0, 0, 0, 0, 0, 0, 0, 0, 0, 0, 0, 0, 0, 0, 0, 0, 0, 0, 0, 0, 0, 0, 0, 0, 0, 0, 0, 0, 0, 0, 0, 0, 0, 0, 0, 0, 0, 0, 0, 0, 0, 0, 0, 0, 0, 0, 0, 0, 0, 0, 0, 0, 0, 0, 0, 0, 0, 0, 0, 0, 0, 0, 0, 0, 0, 0, '1642.50', 2, 35, '2017-08-07 22:56:00', '2019-04-30 23:15:10', NULL),
(83, '3695093', '30000083', '9000659', NULL, NULL, NULL, NULL, 'MOM GWP WAVE RED', 'MOMAX', 0, 0, 0, 0, 0, 0, 0, 0, 0, 0, 0, 0, 0, 0, 0, 0, 0, 0, 0, 0, 0, 0, 0, 0, 0, 0, 0, 0, 0, 0, 0, 0, 0, 0, 0, 0, 0, 0, 0, 0, 0, 0, 0, 0, 0, 0, 0, 0, 0, 0, 0, 0, 0, 0, 0, 0, 0, 0, 0, 0, 0, 0, 0, 0, 0, 0, 0, 0, 0, 0, 0, 0, 0, 0, 0, 0, 0, 0, 0, 0, 0, 0, 0, 0, 0, 0, 0, 0, 0, 0, 0, 0, 0, 0, 0, 0, 0, 0, 0, 0, 0, 0, 0, 0, 0, 0, 0, 0, 0, 0, 0, 0, 0, 0, 0, 0, 0, 0, 0, 0, 0, 0, 0, 0, 0, 0, 0, 0, 0, 0, 0, 0, 0, 0, 0, 0, 0, 0, 0, 0, 0, 0, 0, 0, 0, 0, 0, 0, 0, 0, 0, 0, 0, 0, 0, 0, 0, 0, 0, 0, 0, 0, 0, 0, 0, 0, 0, 0, 0, 0, 0, 0, 0, 0, 0, 0, 0, 0, 0, 0, 0, 0, 0, 0, 0, 0, 0, 0, 0, 0, 0, 0, 0, 0, 0, 0, 0, 0, 0, 0, 0, 0, 0, 0, 0, 0, 0, 0, 0, 0, 0, 0, 0, 0, 0, 0, 0, 0, 0, 0, 0, 0, 0, 0, 0, 0, 0, 0, 0, 0, 0, 0, 0, 0, 0, 0, 0, 0, 0, 0, 0, 0, 0, 0, 0, 0, 0, 0, 0, 0, 0, 0, 0, 0, 0, 0, 0, 0, 0, 0, 0, 0, 0, 0, 0, 0, 0, 0, 0, 0, 0, 0, 0, 0, 0, 0, 0, 0, 0, 0, 0, 0, 0, 0, 0, 0, 0, 0, 0, 0, 0, 0, 0, 0, 0, 0, 0, 0, 0, 0, 0, 0, 0, 0, 0, 0, 0, 0, 0, 0, 0, 0, 0, 0, 0, 0, 0, 0, 0, 0, 0, 0, 0, 0, 0, 0, 0, 0, 0, 0, 0, 0, 0, 0, 0, 0, 0, 0, 0, 0, 0, 0, 0, 0, 0, 0, 0, 0, 0, 0, 0, 0, 0, 0, 0, 0, 0, 0, 0, 0, 0, 0, 0, 0, 0, 0, 0, 0, 0, 0, 0, 0, 0, 0, 0, 0, 0, 0, '1642.50', 2, 35, '2017-08-07 22:56:00', '2019-04-30 23:15:33', NULL),
(84, '3695094', '30000084', '1000000000318', NULL, NULL, NULL, NULL, 'MOM USB MINI FAN PNK', 'MOMAX', 0, 0, 0, 0, 0, 0, 0, 0, 0, 0, 0, 0, 0, 0, 0, 0, 0, 0, 0, 0, 0, 0, 0, 0, 0, 0, 0, 0, 0, 0, 0, 0, 0, 0, 0, 0, 0, 0, 0, 0, 0, 0, 0, 0, 0, 0, 0, 0, 0, 0, 0, 0, 0, 0, 0, 0, 0, 0, 0, 0, 0, 0, 0, 0, 0, 0, 0, 0, 0, 0, 0, 0, 0, 0, 0, 0, 0, 0, 0, 0, 0, 0, 0, 0, 0, 0, 0, 0, 0, 0, 0, 0, 0, 0, 0, 0, 0, 0, 0, 0, 0, 0, 0, 0, 0, 0, 0, 0, 0, 0, 0, 0, 0, 0, 0, 0, 0, 0, 0, 0, 0, 0, 0, 0, 0, 0, 0, 0, 0, 0, 0, 0, 0, 0, 0, 0, 0, 0, 0, 0, 0, 0, 0, 0, 0, 0, 0, 0, 0, 0, 0, 0, 0, 0, 0, 0, 0, 0, 0, 0, 0, 0, 0, 0, 0, 0, 0, 0, 0, 0, 0, 0, 0, 0, 0, 0, 0, 0, 0, 0, 0, 0, 0, 0, 0, 0, 0, 0, 0, 0, 0, 0, 0, 0, 0, 0, 0, 0, 0, 0, 0, 0, 0, 0, 0, 0, 0, 0, 0, 0, 0, 0, 0, 0, 0, 0, 0, 0, 0, 0, 0, 0, 0, 0, 0, 0, 0, 0, 0, 0, 0, 0, 0, 0, 0, 0, 0, 0, 0, 0, 0, 0, 0, 0, 0, 0, 0, 0, 0, 0, 0, 0, 0, 0, 0, 0, 0, 0, 0, 0, 0, 0, 0, 0, 0, 0, 0, 0, 0, 0, 0, 0, 0, 0, 0, 0, 0, 0, 0, 0, 0, 0, 0, 0, 0, 0, 0, 0, 0, 0, 0, 0, 0, 0, 0, 0, 0, 0, 0, 0, 0, 0, 0, 0, 0, 0, 0, 0, 0, 0, 0, 0, 0, 0, 0, 0, 0, 0, 0, 0, 0, 0, 0, 0, 0, 0, 0, 0, 0, 0, 0, 0, 0, 0, 0, 0, 0, 0, 0, 0, 0, 0, 0, 0, 0, 0, 0, 0, 0, 0, 0, 0, 0, 0, 0, 0, 0, 0, 0, 0, 0, 0, 0, 0, 0, 0, 0, 0, 0, 0, 0, 0, 0, 0, 0, 0, 0, 0, '165.00', 2, 35, '2017-08-07 22:56:00', '2019-04-30 22:52:19', NULL);
INSERT INTO `items` (`id`, `bea_item_id`, `digits_code`, `upc_code`, `upc_code2`, `upc_code3`, `upc_code4`, `upc_code5`, `item_description`, `brand`, `has_serial`, `allowed_multi_serial`, `distri_reserve_qty`, `digimap_reserve_qty`, `commonwlth_reserve_qty`, `sm_app_reserve_qty`, `i_studio_reserve_qty`, `tobys_reserve_qty`, `rustans_reserve_qty`, `abenson_reserve_qty`, `rox_reserve_qty`, `pure_move_reserve_qty`, `sm_dept_reserve_qty`, `reserve_qty`, `lazada_reserve_qty`, `shopee_reserve_qty`, `20240301_tobys_reserved_qty`, `20240301_sm_dept_reserved_qty`, `20240301_sm_app_reserved_qty`, `20240301_rustans_reserved_qty`, `20240301_rox_reserved_qty`, `20240301_pure_move_reserved_qty`, `20240301_i_studio_reserved_qty`, `20240301_digimap_reserved_qty`, `20240301_commonwlth_reserved_qty`, `20240301_abenson_reserved_qty`, `20240301_reserved_qty`, `20240229_tobys_reserved_qty`, `20240229_sm_dept_reserved_qty`, `20240229_sm_app_reserved_qty`, `20240229_rustans_reserved_qty`, `20240229_rox_reserved_qty`, `20240229_pure_move_reserved_qty`, `20240229_i_studio_reserved_qty`, `20240229_digimap_reserved_qty`, `20240229_commonwlth_reserved_qty`, `20240229_abenson_reserved_qty`, `20240229_reserved_qty`, `20240228_tobys_reserved_qty`, `20240228_sm_dept_reserved_qty`, `20240228_sm_app_reserved_qty`, `20240228_rustans_reserved_qty`, `20240228_rox_reserved_qty`, `20240228_pure_move_reserved_qty`, `20240228_i_studio_reserved_qty`, `20240228_digimap_reserved_qty`, `20240228_commonwlth_reserved_qty`, `20240228_abenson_reserved_qty`, `20240228_reserved_qty`, `20240227_tobys_reserved_qty`, `20240227_sm_dept_reserved_qty`, `20240227_sm_app_reserved_qty`, `20240227_rustans_reserved_qty`, `20240227_rox_reserved_qty`, `20240227_pure_move_reserved_qty`, `20240227_i_studio_reserved_qty`, `20240227_digimap_reserved_qty`, `20240227_commonwlth_reserved_qty`, `20240227_abenson_reserved_qty`, `20240227_reserved_qty`, `20240226_tobys_reserved_qty`, `20240226_sm_dept_reserved_qty`, `20240226_sm_app_reserved_qty`, `20240226_rustans_reserved_qty`, `20240226_rox_reserved_qty`, `20240226_pure_move_reserved_qty`, `20240226_i_studio_reserved_qty`, `20240226_digimap_reserved_qty`, `20240226_commonwlth_reserved_qty`, `20240226_abenson_reserved_qty`, `20240226_reserved_qty`, `20240225_tobys_reserved_qty`, `20240225_sm_dept_reserved_qty`, `20240225_sm_app_reserved_qty`, `20240225_rustans_reserved_qty`, `20240225_rox_reserved_qty`, `20240225_pure_move_reserved_qty`, `20240225_i_studio_reserved_qty`, `20240225_digimap_reserved_qty`, `20240225_commonwlth_reserved_qty`, `20240225_abenson_reserved_qty`, `20240225_reserved_qty`, `20240224_tobys_reserved_qty`, `20240224_sm_dept_reserved_qty`, `20240224_sm_app_reserved_qty`, `20240224_rustans_reserved_qty`, `20240224_rox_reserved_qty`, `20240224_pure_move_reserved_qty`, `20240224_i_studio_reserved_qty`, `20240224_digimap_reserved_qty`, `20240224_commonwlth_reserved_qty`, `20240224_abenson_reserved_qty`, `20240224_reserved_qty`, `20240223_tobys_reserved_qty`, `20240223_sm_dept_reserved_qty`, `20240223_sm_app_reserved_qty`, `20240223_rustans_reserved_qty`, `20240223_rox_reserved_qty`, `20240223_pure_move_reserved_qty`, `20240223_i_studio_reserved_qty`, `20240223_digimap_reserved_qty`, `20240223_commonwlth_reserved_qty`, `20240223_abenson_reserved_qty`, `20240223_reserved_qty`, `20240222_tobys_reserved_qty`, `20240222_sm_dept_reserved_qty`, `20240222_sm_app_reserved_qty`, `20240222_rustans_reserved_qty`, `20240222_rox_reserved_qty`, `20240222_pure_move_reserved_qty`, `20240222_i_studio_reserved_qty`, `20240222_digimap_reserved_qty`, `20240222_commonwlth_reserved_qty`, `20240222_abenson_reserved_qty`, `20240222_reserved_qty`, `20240221_tobys_reserved_qty`, `20240221_sm_dept_reserved_qty`, `20240221_sm_app_reserved_qty`, `20240221_rustans_reserved_qty`, `20240221_rox_reserved_qty`, `20240221_pure_move_reserved_qty`, `20240221_i_studio_reserved_qty`, `20240221_digimap_reserved_qty`, `20240221_commonwlth_reserved_qty`, `20240221_abenson_reserved_qty`, `20240221_reserved_qty`, `20240220_tobys_reserved_qty`, `20240220_sm_dept_reserved_qty`, `20240220_sm_app_reserved_qty`, `20240220_rustans_reserved_qty`, `20240220_rox_reserved_qty`, `20240220_pure_move_reserved_qty`, `20240220_i_studio_reserved_qty`, `20240220_digimap_reserved_qty`, `20240220_commonwlth_reserved_qty`, `20240220_abenson_reserved_qty`, `20240220_reserved_qty`, `20240219_tobys_reserved_qty`, `20240219_sm_dept_reserved_qty`, `20240219_sm_app_reserved_qty`, `20240219_rustans_reserved_qty`, `20240219_rox_reserved_qty`, `20240219_pure_move_reserved_qty`, `20240219_i_studio_reserved_qty`, `20240219_digimap_reserved_qty`, `20240219_commonwlth_reserved_qty`, `20240219_abenson_reserved_qty`, `20240219_reserved_qty`, `20240218_tobys_reserved_qty`, `20240218_sm_dept_reserved_qty`, `20240218_sm_app_reserved_qty`, `20240218_rustans_reserved_qty`, `20240218_rox_reserved_qty`, `20240218_pure_move_reserved_qty`, `20240218_i_studio_reserved_qty`, `20240218_digimap_reserved_qty`, `20240218_commonwlth_reserved_qty`, `20240218_abenson_reserved_qty`, `20240218_reserved_qty`, `20240217_tobys_reserved_qty`, `20240217_sm_dept_reserved_qty`, `20240217_sm_app_reserved_qty`, `20240217_rustans_reserved_qty`, `20240217_rox_reserved_qty`, `20240217_pure_move_reserved_qty`, `20240217_i_studio_reserved_qty`, `20240217_digimap_reserved_qty`, `20240217_commonwlth_reserved_qty`, `20240217_abenson_reserved_qty`, `20240217_reserved_qty`, `20240216_tobys_reserved_qty`, `20240216_sm_dept_reserved_qty`, `20240216_sm_app_reserved_qty`, `20240216_rustans_reserved_qty`, `20240216_rox_reserved_qty`, `20240216_pure_move_reserved_qty`, `20240216_i_studio_reserved_qty`, `20240216_digimap_reserved_qty`, `20240216_commonwlth_reserved_qty`, `20240216_abenson_reserved_qty`, `20240216_reserved_qty`, `20240215_tobys_reserved_qty`, `20240215_sm_dept_reserved_qty`, `20240215_sm_app_reserved_qty`, `20240215_rustans_reserved_qty`, `20240215_rox_reserved_qty`, `20240215_pure_move_reserved_qty`, `20240215_i_studio_reserved_qty`, `20240215_digimap_reserved_qty`, `20240215_commonwlth_reserved_qty`, `20240215_abenson_reserved_qty`, `20240215_reserved_qty`, `20240214_tobys_reserved_qty`, `20240214_sm_dept_reserved_qty`, `20240214_sm_app_reserved_qty`, `20240214_rustans_reserved_qty`, `20240214_rox_reserved_qty`, `20240214_pure_move_reserved_qty`, `20240214_i_studio_reserved_qty`, `20240214_digimap_reserved_qty`, `20240214_commonwlth_reserved_qty`, `20240214_abenson_reserved_qty`, `20240214_reserved_qty`, `20240213_tobys_reserved_qty`, `20240213_sm_dept_reserved_qty`, `20240213_sm_app_reserved_qty`, `20240213_rustans_reserved_qty`, `20240213_rox_reserved_qty`, `20240213_pure_move_reserved_qty`, `20240213_i_studio_reserved_qty`, `20240213_digimap_reserved_qty`, `20240213_commonwlth_reserved_qty`, `20240213_abenson_reserved_qty`, `20240213_reserved_qty`, `20240212_tobys_reserved_qty`, `20240212_sm_dept_reserved_qty`, `20240212_sm_app_reserved_qty`, `20240212_rustans_reserved_qty`, `20240212_rox_reserved_qty`, `20240212_pure_move_reserved_qty`, `20240212_i_studio_reserved_qty`, `20240212_digimap_reserved_qty`, `20240212_commonwlth_reserved_qty`, `20240212_abenson_reserved_qty`, `20240212_reserved_qty`, `20240211_tobys_reserved_qty`, `20240211_sm_dept_reserved_qty`, `20240211_sm_app_reserved_qty`, `20240211_rustans_reserved_qty`, `20240211_rox_reserved_qty`, `20240211_pure_move_reserved_qty`, `20240211_i_studio_reserved_qty`, `20240211_digimap_reserved_qty`, `20240211_commonwlth_reserved_qty`, `20240211_abenson_reserved_qty`, `20240211_reserved_qty`, `20240210_abenson_reserved_qty`, `20240210_reserved_qty`, `20240209_tobys_reserved_qty`, `20240209_sm_dept_reserved_qty`, `20240209_sm_app_reserved_qty`, `20240209_rustans_reserved_qty`, `20240209_rox_reserved_qty`, `20240209_pure_move_reserved_qty`, `20240209_i_studio_reserved_qty`, `20240209_digimap_reserved_qty`, `20240209_commonwlth_reserved_qty`, `20240209_abenson_reserved_qty`, `20240209_reserved_qty`, `20240208_tobys_reserved_qty`, `20240208_sm_dept_reserved_qty`, `20240208_sm_app_reserved_qty`, `20240208_rustans_reserved_qty`, `20240208_rox_reserved_qty`, `20240208_pure_move_reserved_qty`, `20240208_i_studio_reserved_qty`, `20240208_digimap_reserved_qty`, `20240208_commonwlth_reserved_qty`, `20240208_abenson_reserved_qty`, `20240208_reserved_qty`, `20240207_tobys_reserved_qty`, `20240207_sm_dept_reserved_qty`, `20240207_sm_app_reserved_qty`, `20240207_rustans_reserved_qty`, `20240207_rox_reserved_qty`, `20240207_pure_move_reserved_qty`, `20240207_i_studio_reserved_qty`, `20240207_digimap_reserved_qty`, `20240207_commonwlth_reserved_qty`, `20240207_abenson_reserved_qty`, `20240207_reserved_qty`, `20240206_tobys_reserved_qty`, `20240206_sm_dept_reserved_qty`, `20240206_sm_app_reserved_qty`, `20240206_rustans_reserved_qty`, `20240206_rox_reserved_qty`, `20240206_pure_move_reserved_qty`, `20240206_i_studio_reserved_qty`, `20240206_digimap_reserved_qty`, `20240206_commonwlth_reserved_qty`, `20240206_abenson_reserved_qty`, `20240206_reserved_qty`, `20240205_tobys_reserved_qty`, `20240205_sm_dept_reserved_qty`, `20240205_sm_app_reserved_qty`, `20240205_rustans_reserved_qty`, `20240205_rox_reserved_qty`, `20240205_pure_move_reserved_qty`, `20240205_i_studio_reserved_qty`, `20240205_digimap_reserved_qty`, `20240205_commonwlth_reserved_qty`, `20240205_abenson_reserved_qty`, `20240205_reserved_qty`, `20240204_tobys_reserved_qty`, `20240204_sm_dept_reserved_qty`, `20240204_sm_app_reserved_qty`, `20240204_rustans_reserved_qty`, `20240204_rox_reserved_qty`, `20240204_pure_move_reserved_qty`, `20240204_i_studio_reserved_qty`, `20240204_digimap_reserved_qty`, `20240204_commonwlth_reserved_qty`, `20240204_abenson_reserved_qty`, `20240204_reserved_qty`, `20240203_tobys_reserved_qty`, `20240203_sm_dept_reserved_qty`, `20240203_sm_app_reserved_qty`, `20240203_rustans_reserved_qty`, `20240203_rox_reserved_qty`, `20240203_pure_move_reserved_qty`, `20240203_i_studio_reserved_qty`, `20240203_digimap_reserved_qty`, `20240203_commonwlth_reserved_qty`, `20240203_abenson_reserved_qty`, `20240203_reserved_qty`, `20240202_tobys_reserved_qty`, `20240202_sm_dept_reserved_qty`, `20240202_sm_app_reserved_qty`, `20240202_rustans_reserved_qty`, `20240202_rox_reserved_qty`, `20240202_pure_move_reserved_qty`, `20240202_i_studio_reserved_qty`, `20240202_digimap_reserved_qty`, `20240202_commonwlth_reserved_qty`, `20240202_abenson_reserved_qty`, `20240202_reserved_qty`, `20240201_tobys_reserved_qty`, `20240201_sm_dept_reserved_qty`, `20240201_sm_app_reserved_qty`, `20240201_rustans_reserved_qty`, `20240201_rox_reserved_qty`, `20240201_pure_move_reserved_qty`, `20240201_i_studio_reserved_qty`, `20240201_digimap_reserved_qty`, `20240201_commonwlth_reserved_qty`, `20240201_abenson_reserved_qty`, `20240201_reserved_qty`, `20240131_tobys_reserved_qty`, `20240131_sm_dept_reserved_qty`, `20240131_sm_app_reserved_qty`, `20240131_rustans_reserved_qty`, `20240131_rox_reserved_qty`, `20240131_pure_move_reserved_qty`, `20240131_i_studio_reserved_qty`, `20240131_digimap_reserved_qty`, `20240131_commonwlth_reserved_qty`, `20240131_abenson_reserved_qty`, `20240131_reserved_qty`, `20240130_tobys_reserved_qty`, `20240130_sm_dept_reserved_qty`, `20240130_sm_app_reserved_qty`, `20240130_rustans_reserved_qty`, `20240130_rox_reserved_qty`, `20240130_pure_move_reserved_qty`, `20240130_i_studio_reserved_qty`, `20240130_commonwlth_reserved_qty`, `20240130_abenson_reserved_qty`, `20240130_reserved_qty`, `20240129_tobys_reserved_qty`, `20240129_sm_dept_reserved_qty`, `20240129_sm_app_reserved_qty`, `20240129_rustans_reserved_qty`, `20240129_rox_reserved_qty`, `20240129_pure_move_reserved_qty`, `20240129_i_studio_reserved_qty`, `20240129_commonwlth_reserved_qty`, `20240129_abenson_reserved_qty`, `20240129_reserved_qty`, `20240128_tobys_reserved_qty`, `20240128_sm_dept_reserved_qty`, `20240128_sm_app_reserved_qty`, `20240128_rustans_reserved_qty`, `20240128_rox_reserved_qty`, `20240128_pure_move_reserved_qty`, `20240128_i_studio_reserved_qty`, `20240128_commonwlth_reserved_qty`, `20240128_abenson_reserved_qty`, `20240128_reserved_qty`, `store_cost`, `created_by`, `updated_by`, `created_at`, `updated_at`, `deleted_at`) VALUES
(85, '3695095', '30000085', '1000000000325', NULL, NULL, NULL, NULL, 'MOM USB MINI FAN BLU', 'MOMAX', 0, 0, 0, 0, 0, 0, 0, 0, 0, 0, 0, 0, 0, 0, 0, 0, 0, 0, 0, 0, 0, 0, 0, 0, 0, 0, 0, 0, 0, 0, 0, 0, 0, 0, 0, 0, 0, 0, 0, 0, 0, 0, 0, 0, 0, 0, 0, 0, 0, 0, 0, 0, 0, 0, 0, 0, 0, 0, 0, 0, 0, 0, 0, 0, 0, 0, 0, 0, 0, 0, 0, 0, 0, 0, 0, 0, 0, 0, 0, 0, 0, 0, 0, 0, 0, 0, 0, 0, 0, 0, 0, 0, 0, 0, 0, 0, 0, 0, 0, 0, 0, 0, 0, 0, 0, 0, 0, 0, 0, 0, 0, 0, 0, 0, 0, 0, 0, 0, 0, 0, 0, 0, 0, 0, 0, 0, 0, 0, 0, 0, 0, 0, 0, 0, 0, 0, 0, 0, 0, 0, 0, 0, 0, 0, 0, 0, 0, 0, 0, 0, 0, 0, 0, 0, 0, 0, 0, 0, 0, 0, 0, 0, 0, 0, 0, 0, 0, 0, 0, 0, 0, 0, 0, 0, 0, 0, 0, 0, 0, 0, 0, 0, 0, 0, 0, 0, 0, 0, 0, 0, 0, 0, 0, 0, 0, 0, 0, 0, 0, 0, 0, 0, 0, 0, 0, 0, 0, 0, 0, 0, 0, 0, 0, 0, 0, 0, 0, 0, 0, 0, 0, 0, 0, 0, 0, 0, 0, 0, 0, 0, 0, 0, 0, 0, 0, 0, 0, 0, 0, 0, 0, 0, 0, 0, 0, 0, 0, 0, 0, 0, 0, 0, 0, 0, 0, 0, 0, 0, 0, 0, 0, 0, 0, 0, 0, 0, 0, 0, 0, 0, 0, 0, 0, 0, 0, 0, 0, 0, 0, 0, 0, 0, 0, 0, 0, 0, 0, 0, 0, 0, 0, 0, 0, 0, 0, 0, 0, 0, 0, 0, 0, 0, 0, 0, 0, 0, 0, 0, 0, 0, 0, 0, 0, 0, 0, 0, 0, 0, 0, 0, 0, 0, 0, 0, 0, 0, 0, 0, 0, 0, 0, 0, 0, 0, 0, 0, 0, 0, 0, 0, 0, 0, 0, 0, 0, 0, 0, 0, 0, 0, 0, 0, 0, 0, 0, 0, 0, 0, 0, 0, 0, 0, 0, 0, 0, 0, 0, 0, 0, 0, 0, 0, 0, 0, 0, 0, 0, 0, '165.00', 2, 35, '2017-08-07 22:56:00', '2019-04-30 22:53:21', NULL),
(86, '3695096', '30000086', '1000000000326', NULL, NULL, NULL, NULL, 'MOM USB MINI FAN WHT', 'MOMAX', 0, 0, 0, 0, 0, 0, 0, 0, 0, 0, 0, 0, 0, 0, 0, 0, 0, 0, 0, 0, 0, 0, 0, 0, 0, 0, 0, 0, 0, 0, 0, 0, 0, 0, 0, 0, 0, 0, 0, 0, 0, 0, 0, 0, 0, 0, 0, 0, 0, 0, 0, 0, 0, 0, 0, 0, 0, 0, 0, 0, 0, 0, 0, 0, 0, 0, 0, 0, 0, 0, 0, 0, 0, 0, 0, 0, 0, 0, 0, 0, 0, 0, 0, 0, 0, 0, 0, 0, 0, 0, 0, 0, 0, 0, 0, 0, 0, 0, 0, 0, 0, 0, 0, 0, 0, 0, 0, 0, 0, 0, 0, 0, 0, 0, 0, 0, 0, 0, 0, 0, 0, 0, 0, 0, 0, 0, 0, 0, 0, 0, 0, 0, 0, 0, 0, 0, 0, 0, 0, 0, 0, 0, 0, 0, 0, 0, 0, 0, 0, 0, 0, 0, 0, 0, 0, 0, 0, 0, 0, 0, 0, 0, 0, 0, 0, 0, 0, 0, 0, 0, 0, 0, 0, 0, 0, 0, 0, 0, 0, 0, 0, 0, 0, 0, 0, 0, 0, 0, 0, 0, 0, 0, 0, 0, 0, 0, 0, 0, 0, 0, 0, 0, 0, 0, 0, 0, 0, 0, 0, 0, 0, 0, 0, 0, 0, 0, 0, 0, 0, 0, 0, 0, 0, 0, 0, 0, 0, 0, 0, 0, 0, 0, 0, 0, 0, 0, 0, 0, 0, 0, 0, 0, 0, 0, 0, 0, 0, 0, 0, 0, 0, 0, 0, 0, 0, 0, 0, 0, 0, 0, 0, 0, 0, 0, 0, 0, 0, 0, 0, 0, 0, 0, 0, 0, 0, 0, 0, 0, 0, 0, 0, 0, 0, 0, 0, 0, 0, 0, 0, 0, 0, 0, 0, 0, 0, 0, 0, 0, 0, 0, 0, 0, 0, 0, 0, 0, 0, 0, 0, 0, 0, 0, 0, 0, 0, 0, 0, 0, 0, 0, 0, 0, 0, 0, 0, 0, 0, 0, 0, 0, 0, 0, 0, 0, 0, 0, 0, 0, 0, 0, 0, 0, 0, 0, 0, 0, 0, 0, 0, 0, 0, 0, 0, 0, 0, 0, 0, 0, 0, 0, 0, 0, 0, 0, 0, 0, 0, 0, 0, 0, 0, 0, 0, 0, 0, 0, 0, 0, '165.00', 2, NULL, '2017-08-07 22:56:00', '2018-07-23 18:12:00', NULL),
(87, '3695097', '30000087', '4894222040489', NULL, NULL, NULL, NULL, 'MOMAX PORTABLE LAMP RDF', 'MOMAX', 0, 0, 0, 0, 0, 0, 0, 0, 0, 0, 0, 0, 0, 22, 0, 0, 0, 0, 0, 0, 0, 0, 0, 0, 0, 0, 0, 0, 0, 0, 0, 0, 0, 0, 0, 0, 0, 0, 0, 0, 0, 0, 0, 0, 0, 0, 0, 0, 0, 0, 0, 0, 0, 0, 0, 0, 0, 0, 0, 0, 0, 0, 0, 0, 0, 0, 0, 0, 0, 0, 0, 0, 0, 0, 0, 0, 0, 0, 0, 0, 0, 0, 0, 0, 0, 0, 0, 0, 0, 0, 0, 0, 0, 0, 0, 0, 0, 0, 0, 0, 0, 0, 0, 0, 0, 0, 0, 0, 0, 0, 0, 0, 0, 0, 0, 0, 0, 0, 0, 0, 0, 0, 0, 0, 0, 0, 0, 0, 0, 0, 0, 0, 0, 0, 0, 0, 0, 0, 0, 0, 0, 0, 0, 0, 0, 0, 0, 0, 0, 0, 0, 0, 0, 0, 0, 0, 0, 0, 0, 0, 0, 0, 0, 0, 0, 0, 0, 0, 0, 0, 0, 0, 0, 0, 0, 0, 0, 0, 0, 0, 0, 0, 0, 0, 0, 0, 0, 0, 0, 0, 0, 0, 0, 0, 0, 0, 0, 0, 0, 0, 0, 0, 0, 0, 0, 0, 0, 0, 0, 0, 0, 0, 0, 0, 0, 0, 0, 0, 0, 0, 0, 0, 0, 0, 0, 0, 0, 0, 0, 0, 0, 0, 0, 0, 0, 0, 0, 0, 0, 0, 0, 0, 0, 0, 0, 0, 0, 0, 0, 0, 0, 0, 0, 0, 0, 0, 0, 0, 0, 0, 0, 0, 0, 0, 0, 0, 0, 0, 0, 0, 0, 0, 0, 0, 0, 0, 0, 0, 0, 0, 0, 0, 0, 0, 0, 0, 0, 0, 0, 0, 0, 0, 0, 0, 0, 0, 0, 0, 0, 0, 0, 0, 0, 0, 0, 0, 0, 0, 0, 0, 0, 0, 0, 0, 0, 0, 0, 0, 0, 0, 0, 0, 0, 0, 0, 0, 0, 0, 0, 0, 0, 0, 0, 0, 0, 0, 0, 0, 0, 0, 0, 0, 0, 0, 0, 0, 0, 0, 0, 0, 0, 0, 0, 0, 0, 0, 0, 0, 0, 0, 0, 0, 0, 0, 0, 0, 0, 0, 0, 0, 0, 0, 0, 0, 0, 0, 0, 0, '275.00', 2, NULL, '2017-08-07 22:56:00', '2018-07-23 18:12:00', NULL),
(88, '3695098', '30000088', '4894222038950F', NULL, NULL, NULL, NULL, 'MOMAX UB TADAPTER CN/US WHF', 'MOMAX', 0, 0, 0, 0, 0, 0, 0, 0, 0, 0, 0, 0, 0, 0, 0, 0, 0, 0, 0, 0, 0, 0, 0, 0, 0, 0, 0, 0, 0, 0, 0, 0, 0, 0, 0, 0, 0, 0, 0, 0, 0, 0, 0, 0, 0, 0, 0, 0, 0, 0, 0, 0, 0, 0, 0, 0, 0, 0, 0, 0, 0, 0, 0, 0, 0, 0, 0, 0, 0, 0, 0, 0, 0, 0, 0, 0, 0, 0, 0, 0, 0, 0, 0, 0, 0, 0, 0, 0, 0, 0, 0, 0, 0, 0, 0, 0, 0, 0, 0, 0, 0, 0, 0, 0, 0, 0, 0, 0, 0, 0, 0, 0, 0, 0, 0, 0, 0, 0, 0, 0, 0, 0, 0, 0, 0, 0, 0, 0, 0, 0, 0, 0, 0, 0, 0, 0, 0, 0, 0, 0, 0, 0, 0, 0, 0, 0, 0, 0, 0, 0, 0, 0, 0, 0, 0, 0, 0, 0, 0, 0, 0, 0, 0, 0, 0, 0, 0, 0, 0, 0, 0, 0, 0, 0, 0, 0, 0, 0, 0, 0, 0, 0, 0, 0, 0, 0, 0, 0, 0, 0, 0, 0, 0, 0, 0, 0, 0, 0, 0, 0, 0, 0, 0, 0, 0, 0, 0, 0, 0, 0, 0, 0, 0, 0, 0, 0, 0, 0, 0, 0, 0, 0, 0, 0, 0, 0, 0, 0, 0, 0, 0, 0, 0, 0, 0, 0, 0, 0, 0, 0, 0, 0, 0, 0, 0, 0, 0, 0, 0, 0, 0, 0, 0, 0, 0, 0, 0, 0, 0, 0, 0, 0, 0, 0, 0, 0, 0, 0, 0, 0, 0, 0, 0, 0, 0, 0, 0, 0, 0, 0, 0, 0, 0, 0, 0, 0, 0, 0, 0, 0, 0, 0, 0, 0, 0, 0, 0, 0, 0, 0, 0, 0, 0, 0, 0, 0, 0, 0, 0, 0, 0, 0, 0, 0, 0, 0, 0, 0, 0, 0, 0, 0, 0, 0, 0, 0, 0, 0, 0, 0, 0, 0, 0, 0, 0, 0, 0, 0, 0, 0, 0, 0, 0, 0, 0, 0, 0, 0, 0, 0, 0, 0, 0, 0, 0, 0, 0, 0, 0, 0, 0, 0, 0, 0, 0, 0, 0, 0, 0, 0, 0, 0, 0, 0, 0, 0, 0, 0, '0.00', 2, NULL, '2017-08-07 22:56:00', '2018-07-23 18:12:00', NULL),
(89, '3695099', '30000089', '4894222039193F', NULL, NULL, NULL, NULL, 'MOMAX ELITELINK LC 1M DGY', 'MOMAX', 0, 0, 0, 0, 0, 0, 0, 0, 0, 0, 0, 0, 0, 0, 0, 0, 0, 0, 0, 0, 0, 0, 0, 0, 0, 0, 0, 0, 0, 0, 0, 0, 0, 0, 0, 0, 0, 0, 0, 0, 0, 0, 0, 0, 0, 0, 0, 0, 0, 0, 0, 0, 0, 0, 0, 0, 0, 0, 0, 0, 0, 0, 0, 0, 0, 0, 0, 0, 0, 0, 0, 0, 0, 0, 0, 0, 0, 0, 0, 0, 0, 0, 0, 0, 0, 0, 0, 0, 0, 0, 0, 0, 0, 0, 0, 0, 0, 0, 0, 0, 0, 0, 0, 0, 0, 0, 0, 0, 0, 0, 0, 0, 0, 0, 0, 0, 0, 0, 0, 0, 0, 0, 0, 0, 0, 0, 0, 0, 0, 0, 0, 0, 0, 0, 0, 0, 0, 0, 0, 0, 0, 0, 0, 0, 0, 0, 0, 0, 0, 0, 0, 0, 0, 0, 0, 0, 0, 0, 0, 0, 0, 0, 0, 0, 0, 0, 0, 0, 0, 0, 0, 0, 0, 0, 0, 0, 0, 0, 0, 0, 0, 0, 0, 0, 0, 0, 0, 0, 0, 0, 0, 0, 0, 0, 0, 0, 0, 0, 0, 0, 0, 0, 0, 0, 0, 0, 0, 0, 0, 0, 0, 0, 0, 0, 0, 0, 0, 0, 0, 0, 0, 0, 0, 0, 0, 0, 0, 0, 0, 0, 0, 0, 0, 0, 0, 0, 0, 0, 0, 0, 0, 0, 0, 0, 0, 0, 0, 0, 0, 0, 0, 0, 0, 0, 0, 0, 0, 0, 0, 0, 0, 0, 0, 0, 0, 0, 0, 0, 0, 0, 0, 0, 0, 0, 0, 0, 0, 0, 0, 0, 0, 0, 0, 0, 0, 0, 0, 0, 0, 0, 0, 0, 0, 0, 0, 0, 0, 0, 0, 0, 0, 0, 0, 0, 0, 0, 0, 0, 0, 0, 0, 0, 0, 0, 0, 0, 0, 0, 0, 0, 0, 0, 0, 0, 0, 0, 0, 0, 0, 0, 0, 0, 0, 0, 0, 0, 0, 0, 0, 0, 0, 0, 0, 0, 0, 0, 0, 0, 0, 0, 0, 0, 0, 0, 0, 0, 0, 0, 0, 0, 0, 0, 0, 0, 0, 0, 0, 0, 0, 0, 0, 0, 0, 0, 0, 0, 0, 0, '0.00', 2, NULL, '2017-08-07 22:56:00', '2018-07-23 18:12:00', NULL),
(90, '3695100', '30000090', '4894222040427F', NULL, NULL, NULL, NULL, 'MOMAX IPOWERELITE 5000MAH BKF', 'MOMAX', 0, 0, 0, 0, 0, 0, 0, 0, 0, 0, 0, 0, 0, 0, 0, 0, 0, 0, 0, 0, 0, 0, 0, 0, 0, 0, 0, 0, 0, 0, 0, 0, 0, 0, 0, 0, 0, 0, 0, 0, 0, 0, 0, 0, 0, 0, 0, 0, 0, 0, 0, 0, 0, 0, 0, 0, 0, 0, 0, 0, 0, 0, 0, 0, 0, 0, 0, 0, 0, 0, 0, 0, 0, 0, 0, 0, 0, 0, 0, 0, 0, 0, 0, 0, 0, 0, 0, 0, 0, 0, 0, 0, 0, 0, 0, 0, 0, 0, 0, 0, 0, 0, 0, 0, 0, 0, 0, 0, 0, 0, 0, 0, 0, 0, 0, 0, 0, 0, 0, 0, 0, 0, 0, 0, 0, 0, 0, 0, 0, 0, 0, 0, 0, 0, 0, 0, 0, 0, 0, 0, 0, 0, 0, 0, 0, 0, 0, 0, 0, 0, 0, 0, 0, 0, 0, 0, 0, 0, 0, 0, 0, 0, 0, 0, 0, 0, 0, 0, 0, 0, 0, 0, 0, 0, 0, 0, 0, 0, 0, 0, 0, 0, 0, 0, 0, 0, 0, 0, 0, 0, 0, 0, 0, 0, 0, 0, 0, 0, 0, 0, 0, 0, 0, 0, 0, 0, 0, 0, 0, 0, 0, 0, 0, 0, 0, 0, 0, 0, 0, 0, 0, 0, 0, 0, 0, 0, 0, 0, 0, 0, 0, 0, 0, 0, 0, 0, 0, 0, 0, 0, 0, 0, 0, 0, 0, 0, 0, 0, 0, 0, 0, 0, 0, 0, 0, 0, 0, 0, 0, 0, 0, 0, 0, 0, 0, 0, 0, 0, 0, 0, 0, 0, 0, 0, 0, 0, 0, 0, 0, 0, 0, 0, 0, 0, 0, 0, 0, 0, 0, 0, 0, 0, 0, 0, 0, 0, 0, 0, 0, 0, 0, 0, 0, 0, 0, 0, 0, 0, 0, 0, 0, 0, 0, 0, 0, 0, 0, 0, 0, 0, 0, 0, 0, 0, 0, 0, 0, 0, 0, 0, 0, 0, 0, 0, 0, 0, 0, 0, 0, 0, 0, 0, 0, 0, 0, 0, 0, 0, 0, 0, 0, 0, 0, 0, 0, 0, 0, 0, 0, 0, 0, 0, 0, 0, 0, 0, 0, 0, 0, 0, 0, 0, 0, 0, 0, 0, 0, 0, '0.00', 2, NULL, '2017-08-07 22:56:00', '2018-07-23 18:12:00', NULL),
(91, '3695101', '30000091', '4894222040441F', NULL, NULL, NULL, NULL, 'MOMAX IPOWERELITE 5000MAH BSIF', 'MOMAX', 0, 0, 0, 0, 0, 0, 0, 0, 0, 0, 0, 0, 0, 0, 0, 0, 0, 0, 0, 0, 0, 0, 0, 0, 0, 0, 0, 0, 0, 0, 0, 0, 0, 0, 0, 0, 0, 0, 0, 0, 0, 0, 0, 0, 0, 0, 0, 0, 0, 0, 0, 0, 0, 0, 0, 0, 0, 0, 0, 0, 0, 0, 0, 0, 0, 0, 0, 0, 0, 0, 0, 0, 0, 0, 0, 0, 0, 0, 0, 0, 0, 0, 0, 0, 0, 0, 0, 0, 0, 0, 0, 0, 0, 0, 0, 0, 0, 0, 0, 0, 0, 0, 0, 0, 0, 0, 0, 0, 0, 0, 0, 0, 0, 0, 0, 0, 0, 0, 0, 0, 0, 0, 0, 0, 0, 0, 0, 0, 0, 0, 0, 0, 0, 0, 0, 0, 0, 0, 0, 0, 0, 0, 0, 0, 0, 0, 0, 0, 0, 0, 0, 0, 0, 0, 0, 0, 0, 0, 0, 0, 0, 0, 0, 0, 0, 0, 0, 0, 0, 0, 0, 0, 0, 0, 0, 0, 0, 0, 0, 0, 0, 0, 0, 0, 0, 0, 0, 0, 0, 0, 0, 0, 0, 0, 0, 0, 0, 0, 0, 0, 0, 0, 0, 0, 0, 0, 0, 0, 0, 0, 0, 0, 0, 0, 0, 0, 0, 0, 0, 0, 0, 0, 0, 0, 0, 0, 0, 0, 0, 0, 0, 0, 0, 0, 0, 0, 0, 0, 0, 0, 0, 0, 0, 0, 0, 0, 0, 0, 0, 0, 0, 0, 0, 0, 0, 0, 0, 0, 0, 0, 0, 0, 0, 0, 0, 0, 0, 0, 0, 0, 0, 0, 0, 0, 0, 0, 0, 0, 0, 0, 0, 0, 0, 0, 0, 0, 0, 0, 0, 0, 0, 0, 0, 0, 0, 0, 0, 0, 0, 0, 0, 0, 0, 0, 0, 0, 0, 0, 0, 0, 0, 0, 0, 0, 0, 0, 0, 0, 0, 0, 0, 0, 0, 0, 0, 0, 0, 0, 0, 0, 0, 0, 0, 0, 0, 0, 0, 0, 0, 0, 0, 0, 0, 0, 0, 0, 0, 0, 0, 0, 0, 0, 0, 0, 0, 0, 0, 0, 0, 0, 0, 0, 0, 0, 0, 0, 0, 0, 0, 0, 0, 0, 0, 0, 0, 0, 0, 0, '0.00', 2, NULL, '2017-08-07 22:56:00', '2018-07-23 18:12:00', NULL),
(92, '3695102', '30000092', '4894222040458F', NULL, NULL, NULL, NULL, 'MOMAX IPOWERELITE 5000MAH BKF', 'MOMAX', 0, 0, 0, 0, 0, 0, 0, 0, 0, 0, 0, 0, 0, 0, 0, 0, 0, 0, 0, 0, 0, 0, 0, 0, 0, 0, 0, 0, 0, 0, 0, 0, 0, 0, 0, 0, 0, 0, 0, 0, 0, 0, 0, 0, 0, 0, 0, 0, 0, 0, 0, 0, 0, 0, 0, 0, 0, 0, 0, 0, 0, 0, 0, 0, 0, 0, 0, 0, 0, 0, 0, 0, 0, 0, 0, 0, 0, 0, 0, 0, 0, 0, 0, 0, 0, 0, 0, 0, 0, 0, 0, 0, 0, 0, 0, 0, 0, 0, 0, 0, 0, 0, 0, 0, 0, 0, 0, 0, 0, 0, 0, 0, 0, 0, 0, 0, 0, 0, 0, 0, 0, 0, 0, 0, 0, 0, 0, 0, 0, 0, 0, 0, 0, 0, 0, 0, 0, 0, 0, 0, 0, 0, 0, 0, 0, 0, 0, 0, 0, 0, 0, 0, 0, 0, 0, 0, 0, 0, 0, 0, 0, 0, 0, 0, 0, 0, 0, 0, 0, 0, 0, 0, 0, 0, 0, 0, 0, 0, 0, 0, 0, 0, 0, 0, 0, 0, 0, 0, 0, 0, 0, 0, 0, 0, 0, 0, 0, 0, 0, 0, 0, 0, 0, 0, 0, 0, 0, 0, 0, 0, 0, 0, 0, 0, 0, 0, 0, 0, 0, 0, 0, 0, 0, 0, 0, 0, 0, 0, 0, 0, 0, 0, 0, 0, 0, 0, 0, 0, 0, 0, 0, 0, 0, 0, 0, 0, 0, 0, 0, 0, 0, 0, 0, 0, 0, 0, 0, 0, 0, 0, 0, 0, 0, 0, 0, 0, 0, 0, 0, 0, 0, 0, 0, 0, 0, 0, 0, 0, 0, 0, 0, 0, 0, 0, 0, 0, 0, 0, 0, 0, 0, 0, 0, 0, 0, 0, 0, 0, 0, 0, 0, 0, 0, 0, 0, 0, 0, 0, 0, 0, 0, 0, 0, 0, 0, 0, 0, 0, 0, 0, 0, 0, 0, 0, 0, 0, 0, 0, 0, 0, 0, 0, 0, 0, 0, 0, 0, 0, 0, 0, 0, 0, 0, 0, 0, 0, 0, 0, 0, 0, 0, 0, 0, 0, 0, 0, 0, 0, 0, 0, 0, 0, 0, 0, 0, 0, 0, 0, 0, 0, 0, 0, 0, 0, 0, 0, 0, 0, '0.00', 2, NULL, '2017-08-07 22:56:00', '2018-07-23 18:12:00', NULL),
(93, '3695103', '30000093', '4894222040465F', NULL, NULL, NULL, NULL, 'MOMAX IPOWERELITE 5000MAH GIF', 'MOMAX', 0, 0, 0, 0, 0, 0, 0, 0, 0, 0, 0, 0, 0, 0, 0, 0, 0, 0, 0, 0, 0, 0, 0, 0, 0, 0, 0, 0, 0, 0, 0, 0, 0, 0, 0, 0, 0, 0, 0, 0, 0, 0, 0, 0, 0, 0, 0, 0, 0, 0, 0, 0, 0, 0, 0, 0, 0, 0, 0, 0, 0, 0, 0, 0, 0, 0, 0, 0, 0, 0, 0, 0, 0, 0, 0, 0, 0, 0, 0, 0, 0, 0, 0, 0, 0, 0, 0, 0, 0, 0, 0, 0, 0, 0, 0, 0, 0, 0, 0, 0, 0, 0, 0, 0, 0, 0, 0, 0, 0, 0, 0, 0, 0, 0, 0, 0, 0, 0, 0, 0, 0, 0, 0, 0, 0, 0, 0, 0, 0, 0, 0, 0, 0, 0, 0, 0, 0, 0, 0, 0, 0, 0, 0, 0, 0, 0, 0, 0, 0, 0, 0, 0, 0, 0, 0, 0, 0, 0, 0, 0, 0, 0, 0, 0, 0, 0, 0, 0, 0, 0, 0, 0, 0, 0, 0, 0, 0, 0, 0, 0, 0, 0, 0, 0, 0, 0, 0, 0, 0, 0, 0, 0, 0, 0, 0, 0, 0, 0, 0, 0, 0, 0, 0, 0, 0, 0, 0, 0, 0, 0, 0, 0, 0, 0, 0, 0, 0, 0, 0, 0, 0, 0, 0, 0, 0, 0, 0, 0, 0, 0, 0, 0, 0, 0, 0, 0, 0, 0, 0, 0, 0, 0, 0, 0, 0, 0, 0, 0, 0, 0, 0, 0, 0, 0, 0, 0, 0, 0, 0, 0, 0, 0, 0, 0, 0, 0, 0, 0, 0, 0, 0, 0, 0, 0, 0, 0, 0, 0, 0, 0, 0, 0, 0, 0, 0, 0, 0, 0, 0, 0, 0, 0, 0, 0, 0, 0, 0, 0, 0, 0, 0, 0, 0, 0, 0, 0, 0, 0, 0, 0, 0, 0, 0, 0, 0, 0, 0, 0, 0, 0, 0, 0, 0, 0, 0, 0, 0, 0, 0, 0, 0, 0, 0, 0, 0, 0, 0, 0, 0, 0, 0, 0, 0, 0, 0, 0, 0, 0, 0, 0, 0, 0, 0, 0, 0, 0, 0, 0, 0, 0, 0, 0, 0, 0, 0, 0, 0, 0, 0, 0, 0, 0, 0, 0, 0, 0, 0, 0, '0.00', 2, NULL, '2017-08-07 22:56:00', '2018-07-23 18:12:00', NULL),
(94, '3695104', '30000094', '4894222040472F', NULL, NULL, NULL, NULL, 'MOMAX IPOWERELITE 5000MAH WSIF', 'MOMAX', 0, 0, 0, 0, 0, 0, 0, 0, 0, 0, 0, 0, 0, 0, 0, 0, 0, 0, 0, 0, 0, 0, 0, 0, 0, 0, 0, 0, 0, 0, 0, 0, 0, 0, 0, 0, 0, 0, 0, 0, 0, 0, 0, 0, 0, 0, 0, 0, 0, 0, 0, 0, 0, 0, 0, 0, 0, 0, 0, 0, 0, 0, 0, 0, 0, 0, 0, 0, 0, 0, 0, 0, 0, 0, 0, 0, 0, 0, 0, 0, 0, 0, 0, 0, 0, 0, 0, 0, 0, 0, 0, 0, 0, 0, 0, 0, 0, 0, 0, 0, 0, 0, 0, 0, 0, 0, 0, 0, 0, 0, 0, 0, 0, 0, 0, 0, 0, 0, 0, 0, 0, 0, 0, 0, 0, 0, 0, 0, 0, 0, 0, 0, 0, 0, 0, 0, 0, 0, 0, 0, 0, 0, 0, 0, 0, 0, 0, 0, 0, 0, 0, 0, 0, 0, 0, 0, 0, 0, 0, 0, 0, 0, 0, 0, 0, 0, 0, 0, 0, 0, 0, 0, 0, 0, 0, 0, 0, 0, 0, 0, 0, 0, 0, 0, 0, 0, 0, 0, 0, 0, 0, 0, 0, 0, 0, 0, 0, 0, 0, 0, 0, 0, 0, 0, 0, 0, 0, 0, 0, 0, 0, 0, 0, 0, 0, 0, 0, 0, 0, 0, 0, 0, 0, 0, 0, 0, 0, 0, 0, 0, 0, 0, 0, 0, 0, 0, 0, 0, 0, 0, 0, 0, 0, 0, 0, 0, 0, 0, 0, 0, 0, 0, 0, 0, 0, 0, 0, 0, 0, 0, 0, 0, 0, 0, 0, 0, 0, 0, 0, 0, 0, 0, 0, 0, 0, 0, 0, 0, 0, 0, 0, 0, 0, 0, 0, 0, 0, 0, 0, 0, 0, 0, 0, 0, 0, 0, 0, 0, 0, 0, 0, 0, 0, 0, 0, 0, 0, 0, 0, 0, 0, 0, 0, 0, 0, 0, 0, 0, 0, 0, 0, 0, 0, 0, 0, 0, 0, 0, 0, 0, 0, 0, 0, 0, 0, 0, 0, 0, 0, 0, 0, 0, 0, 0, 0, 0, 0, 0, 0, 0, 0, 0, 0, 0, 0, 0, 0, 0, 0, 0, 0, 0, 0, 0, 0, 0, 0, 0, 0, 0, 0, 0, 0, 0, 0, 0, 0, 0, '0.00', 2, NULL, '2017-08-07 22:56:00', '2018-07-23 18:12:00', NULL),
(95, '3695105', '30000095', '4894222040489A', NULL, NULL, NULL, NULL, 'MOMAX PORTABLE LAMP BIF', 'MOMAX', 0, 0, 0, 0, 0, 0, 0, 0, 0, 0, 0, 0, 0, 1, 0, 0, 0, 0, 0, 0, 0, 0, 0, 0, 0, 0, 1, 0, 0, 0, 0, 0, 0, 0, 0, 0, 0, 1, 0, 0, 0, 0, 0, 0, 0, 0, 0, 0, 1, 0, 0, 0, 0, 0, 0, 0, 0, 0, 0, 1, 0, 0, 0, 0, 0, 0, 0, 0, 0, 0, 1, 0, 0, 0, 0, 0, 0, 0, 0, 0, 0, 1, 0, 0, 0, 0, 0, 0, 0, 0, 0, 0, 1, 0, 0, 0, 0, 0, 0, 0, 0, 0, 0, 1, 0, 0, 0, 0, 0, 0, 0, 0, 0, 0, 1, 0, 0, 0, 0, 0, 0, 0, 0, 0, 0, 1, 0, 0, 0, 0, 0, 0, 0, 0, 0, 0, 1, 0, 0, 0, 0, 0, 0, 0, 0, 0, 0, 1, 0, 0, 0, 0, 0, 0, 0, 0, 0, 0, 1, 0, 0, 0, 0, 0, 0, 0, 0, 0, 0, 1, 0, 0, 0, 0, 0, 0, 0, 0, 0, 0, 1, 0, 0, 0, 0, 0, 0, 0, 0, 0, 0, 1, 0, 0, 0, 0, 0, 0, 0, 0, 0, 0, 1, 0, 0, 0, 0, 0, 0, 0, 0, 0, 0, 1, 0, 0, 0, 0, 0, 0, 0, 0, 0, 0, 1, 0, 0, 0, 0, 0, 0, 0, 0, 0, 0, 1, 0, 0, 0, 0, 0, 0, 0, 0, 0, 0, 0, 0, 1, 0, 0, 0, 0, 0, 0, 0, 0, 0, 0, 1, 0, 0, 0, 0, 0, 0, 0, 0, 0, 0, 1, 0, 0, 0, 0, 0, 0, 0, 0, 0, 0, 1, 0, 0, 0, 0, 0, 0, 0, 0, 0, 0, 1, 0, 0, 0, 0, 0, 0, 0, 0, 0, 0, 1, 0, 0, 0, 0, 0, 0, 0, 0, 0, 0, 1, 0, 0, 0, 0, 0, 0, 0, 0, 0, 0, 1, 0, 0, 0, 0, 0, 0, 0, 0, 0, 0, 1, 0, 0, 0, 0, 0, 0, 0, 0, 0, 0, 1, 0, 0, 0, 0, 0, 0, 0, 0, 0, 1, 0, 0, 0, 0, 0, 0, 0, 0, 0, 1, 0, 0, 0, 0, 0, 0, 0, 0, 0, 1, '275.00', 2, NULL, '2017-08-07 22:56:00', '2018-07-23 18:12:00', NULL),
(96, '3695137', '30000096', '4894222040496F', NULL, NULL, NULL, NULL, 'MOMAX SELFIETRIPOD SMALL BKBIF', 'MOMAX', 0, 0, 0, 0, 0, 0, 0, 0, 0, 0, 0, 0, 0, 43, 0, 0, 0, 0, 0, 0, 0, 0, 0, 0, 0, 0, 43, 0, 0, 0, 0, 0, 0, 0, 0, 0, 0, 43, 0, 0, 0, 0, 0, 0, 0, 0, 0, 0, 43, 0, 0, 0, 0, 0, 0, 0, 0, 0, 0, 43, 0, 0, 0, 0, 0, 0, 0, 0, 0, 0, 43, 0, 0, 0, 0, 0, 0, 0, 0, 0, 0, 43, 0, 0, 0, 0, 0, 0, 0, 0, 0, 0, 43, 0, 0, 0, 0, 0, 0, 0, 0, 0, 0, 43, 0, 0, 0, 0, 0, 0, 0, 0, 0, 0, 43, 0, 0, 0, 0, 0, 0, 0, 0, 0, 0, 43, 0, 0, 0, 0, 0, 0, 0, 0, 0, 0, 43, 0, 0, 0, 0, 0, 0, 0, 0, 0, 0, 43, 0, 0, 0, 0, 0, 0, 0, 0, 0, 0, 43, 0, 0, 0, 0, 0, 0, 0, 0, 0, 0, 43, 0, 0, 0, 0, 0, 0, 0, 0, 0, 0, 43, 0, 0, 0, 0, 0, 0, 0, 0, 0, 0, 43, 0, 0, 0, 0, 0, 0, 0, 0, 0, 0, 43, 0, 0, 0, 0, 0, 0, 0, 0, 0, 0, 43, 0, 0, 0, 0, 0, 0, 0, 0, 0, 0, 43, 0, 0, 0, 0, 0, 0, 0, 0, 0, 0, 43, 0, 0, 0, 0, 0, 0, 0, 0, 0, 0, 0, 0, 43, 0, 0, 0, 0, 0, 0, 0, 0, 0, 0, 43, 0, 0, 0, 0, 0, 0, 0, 0, 0, 0, 43, 0, 0, 0, 0, 0, 0, 0, 0, 0, 0, 43, 0, 0, 0, 0, 0, 0, 0, 0, 0, 0, 43, 0, 0, 0, 0, 0, 0, 0, 0, 0, 0, 43, 0, 0, 0, 0, 0, 0, 0, 0, 0, 0, 43, 0, 0, 0, 0, 0, 0, 0, 0, 0, 0, 43, 0, 0, 0, 0, 0, 0, 0, 0, 0, 0, 43, 0, 0, 0, 0, 0, 0, 0, 0, 0, 0, 43, 0, 0, 0, 0, 0, 0, 0, 0, 0, 43, 0, 0, 0, 0, 0, 0, 0, 0, 0, 43, 0, 0, 0, 0, 0, 0, 0, 0, 0, 43, '0.00', 2, NULL, '2017-08-07 22:56:00', '2018-07-23 18:12:00', NULL),
(97, '3695138', '30000097', '4894222040847F', NULL, NULL, NULL, NULL, 'MOMAX SELFIE EASY BKPKF', 'MOMAX', 0, 0, 0, 0, 0, 0, 0, 0, 0, 0, 0, 0, 0, 0, 0, 0, 0, 0, 0, 0, 0, 0, 0, 0, 0, 0, 0, 0, 0, 0, 0, 0, 0, 0, 0, 0, 0, 0, 0, 0, 0, 0, 0, 0, 0, 0, 0, 0, 0, 0, 0, 0, 0, 0, 0, 0, 0, 0, 0, 0, 0, 0, 0, 0, 0, 0, 0, 0, 0, 0, 0, 0, 0, 0, 0, 0, 0, 0, 0, 0, 0, 0, 0, 0, 0, 0, 0, 0, 0, 0, 0, 0, 0, 0, 0, 0, 0, 0, 0, 0, 0, 0, 0, 0, 0, 0, 0, 0, 0, 0, 0, 0, 0, 0, 0, 0, 0, 0, 0, 0, 0, 0, 0, 0, 0, 0, 0, 0, 0, 0, 0, 0, 0, 0, 0, 0, 0, 0, 0, 0, 0, 0, 0, 0, 0, 0, 0, 0, 0, 0, 0, 0, 0, 0, 0, 0, 0, 0, 0, 0, 0, 0, 0, 0, 0, 0, 0, 0, 0, 0, 0, 0, 0, 0, 0, 0, 0, 0, 0, 0, 0, 0, 0, 0, 0, 0, 0, 0, 0, 0, 0, 0, 0, 0, 0, 0, 0, 0, 0, 0, 0, 0, 0, 0, 0, 0, 0, 0, 0, 0, 0, 0, 0, 0, 0, 0, 0, 0, 0, 0, 0, 0, 0, 0, 0, 0, 0, 0, 0, 0, 0, 0, 0, 0, 0, 0, 0, 0, 0, 0, 0, 0, 0, 0, 0, 0, 0, 0, 0, 0, 0, 0, 0, 0, 0, 0, 0, 0, 0, 0, 0, 0, 0, 0, 0, 0, 0, 0, 0, 0, 0, 0, 0, 0, 0, 0, 0, 0, 0, 0, 0, 0, 0, 0, 0, 0, 0, 0, 0, 0, 0, 0, 0, 0, 0, 0, 0, 0, 0, 0, 0, 0, 0, 0, 0, 0, 0, 0, 0, 0, 0, 0, 0, 0, 0, 0, 0, 0, 0, 0, 0, 0, 0, 0, 0, 0, 0, 0, 0, 0, 0, 0, 0, 0, 0, 0, 0, 0, 0, 0, 0, 0, 0, 0, 0, 0, 0, 0, 0, 0, 0, 0, 0, 0, 0, 0, 0, 0, 0, 0, 0, 0, 0, 0, 0, 0, 0, 0, 0, 0, 0, 0, 0, 0, 0, 0, 0, 0, '0.00', 2, NULL, '2017-08-07 22:56:00', '2018-07-23 18:12:00', NULL),
(98, '3695139', '30000098', '4894222040854F', NULL, NULL, NULL, NULL, 'MOMAX SELFIE EASY BKBIF', 'MOMAX', 0, 0, 0, 0, 0, 0, 0, 0, 0, 0, 0, 0, 0, 0, 0, 0, 0, 0, 0, 0, 0, 0, 0, 0, 0, 0, 0, 0, 0, 0, 0, 0, 0, 0, 0, 0, 0, 0, 0, 0, 0, 0, 0, 0, 0, 0, 0, 0, 0, 0, 0, 0, 0, 0, 0, 0, 0, 0, 0, 0, 0, 0, 0, 0, 0, 0, 0, 0, 0, 0, 0, 0, 0, 0, 0, 0, 0, 0, 0, 0, 0, 0, 0, 0, 0, 0, 0, 0, 0, 0, 0, 0, 0, 0, 0, 0, 0, 0, 0, 0, 0, 0, 0, 0, 0, 0, 0, 0, 0, 0, 0, 0, 0, 0, 0, 0, 0, 0, 0, 0, 0, 0, 0, 0, 0, 0, 0, 0, 0, 0, 0, 0, 0, 0, 0, 0, 0, 0, 0, 0, 0, 0, 0, 0, 0, 0, 0, 0, 0, 0, 0, 0, 0, 0, 0, 0, 0, 0, 0, 0, 0, 0, 0, 0, 0, 0, 0, 0, 0, 0, 0, 0, 0, 0, 0, 0, 0, 0, 0, 0, 0, 0, 0, 0, 0, 0, 0, 0, 0, 0, 0, 0, 0, 0, 0, 0, 0, 0, 0, 0, 0, 0, 0, 0, 0, 0, 0, 0, 0, 0, 0, 0, 0, 0, 0, 0, 0, 0, 0, 0, 0, 0, 0, 0, 0, 0, 0, 0, 0, 0, 0, 0, 0, 0, 0, 0, 0, 0, 0, 0, 0, 0, 0, 0, 0, 0, 0, 0, 0, 0, 0, 0, 0, 0, 0, 0, 0, 0, 0, 0, 0, 0, 0, 0, 0, 0, 0, 0, 0, 0, 0, 0, 0, 0, 0, 0, 0, 0, 0, 0, 0, 0, 0, 0, 0, 0, 0, 0, 0, 0, 0, 0, 0, 0, 0, 0, 0, 0, 0, 0, 0, 0, 0, 0, 0, 0, 0, 0, 0, 0, 0, 0, 0, 0, 0, 0, 0, 0, 0, 0, 0, 0, 0, 0, 0, 0, 0, 0, 0, 0, 0, 0, 0, 0, 0, 0, 0, 0, 0, 0, 0, 0, 0, 0, 0, 0, 0, 0, 0, 0, 0, 0, 0, 0, 0, 0, 0, 0, 0, 0, 0, 0, 0, 0, 0, 0, 0, 0, 0, 0, 0, 0, 0, 0, 0, 0, 0, 0, '0.00', 2, NULL, '2017-08-07 22:56:00', '2018-07-23 18:12:00', NULL),
(99, '3695140', '30000099', '4894222040861F', NULL, NULL, NULL, NULL, 'MOMAX SELFIE EASY BKBKF', 'MOMAX', 0, 0, 0, 0, 0, 0, 0, 0, 0, 0, 0, 0, 0, 0, 0, 0, 0, 0, 0, 0, 0, 0, 0, 0, 0, 0, 0, 0, 0, 0, 0, 0, 0, 0, 0, 0, 0, 0, 0, 0, 0, 0, 0, 0, 0, 0, 0, 0, 0, 0, 0, 0, 0, 0, 0, 0, 0, 0, 0, 0, 0, 0, 0, 0, 0, 0, 0, 0, 0, 0, 0, 0, 0, 0, 0, 0, 0, 0, 0, 0, 0, 0, 0, 0, 0, 0, 0, 0, 0, 0, 0, 0, 0, 0, 0, 0, 0, 0, 0, 0, 0, 0, 0, 0, 0, 0, 0, 0, 0, 0, 0, 0, 0, 0, 0, 0, 0, 0, 0, 0, 0, 0, 0, 0, 0, 0, 0, 0, 0, 0, 0, 0, 0, 0, 0, 0, 0, 0, 0, 0, 0, 0, 0, 0, 0, 0, 0, 0, 0, 0, 0, 0, 0, 0, 0, 0, 0, 0, 0, 0, 0, 0, 0, 0, 0, 0, 0, 0, 0, 0, 0, 0, 0, 0, 0, 0, 0, 0, 0, 0, 0, 0, 0, 0, 0, 0, 0, 0, 0, 0, 0, 0, 0, 0, 0, 0, 0, 0, 0, 0, 0, 0, 0, 0, 0, 0, 0, 0, 0, 0, 0, 0, 0, 0, 0, 0, 0, 0, 0, 0, 0, 0, 0, 0, 0, 0, 0, 0, 0, 0, 0, 0, 0, 0, 0, 0, 0, 0, 0, 0, 0, 0, 0, 0, 0, 0, 0, 0, 0, 0, 0, 0, 0, 0, 0, 0, 0, 0, 0, 0, 0, 0, 0, 0, 0, 0, 0, 0, 0, 0, 0, 0, 0, 0, 0, 0, 0, 0, 0, 0, 0, 0, 0, 0, 0, 0, 0, 0, 0, 0, 0, 0, 0, 0, 0, 0, 0, 0, 0, 0, 0, 0, 0, 0, 0, 0, 0, 0, 0, 0, 0, 0, 0, 0, 0, 0, 0, 0, 0, 0, 0, 0, 0, 0, 0, 0, 0, 0, 0, 0, 0, 0, 0, 0, 0, 0, 0, 0, 0, 0, 0, 0, 0, 0, 0, 0, 0, 0, 0, 0, 0, 0, 0, 0, 0, 0, 0, 0, 0, 0, 0, 0, 0, 0, 0, 0, 0, 0, 0, 0, 0, 0, 0, 0, 0, 0, 0, 0, '0.00', 2, NULL, '2017-08-07 22:56:00', '2018-07-23 18:12:00', NULL),
(100, '3695141', '30000100', '4894222040946F', NULL, NULL, NULL, NULL, 'MOMAX 2IN1 CLIPON LENS WHBKF', 'MOMAX', 0, 0, 0, 0, 0, 0, 0, 0, 0, 0, 0, 0, 0, 27, 0, 0, 0, 0, 0, 0, 0, 0, 0, 0, 0, 0, 27, 0, 0, 0, 0, 0, 0, 0, 0, 0, 0, 27, 0, 0, 0, 0, 0, 0, 0, 0, 0, 0, 27, 0, 0, 0, 0, 0, 0, 0, 0, 0, 0, 27, 0, 0, 0, 0, 0, 0, 0, 0, 0, 0, 27, 0, 0, 0, 0, 0, 0, 0, 0, 0, 0, 27, 0, 0, 0, 0, 0, 0, 0, 0, 0, 0, 27, 0, 0, 0, 0, 0, 0, 0, 0, 0, 0, 27, 0, 0, 0, 0, 0, 0, 0, 0, 0, 0, 27, 0, 0, 0, 0, 0, 0, 0, 0, 0, 0, 27, 0, 0, 0, 0, 0, 0, 0, 0, 0, 0, 27, 0, 0, 0, 0, 0, 0, 0, 0, 0, 0, 27, 0, 0, 0, 0, 0, 0, 0, 0, 0, 0, 27, 0, 0, 0, 0, 0, 0, 0, 0, 0, 0, 27, 0, 0, 0, 0, 0, 0, 0, 0, 0, 0, 27, 0, 0, 0, 0, 0, 0, 0, 0, 0, 0, 27, 0, 0, 0, 0, 0, 0, 0, 0, 0, 0, 27, 0, 0, 0, 0, 0, 0, 0, 0, 0, 0, 27, 0, 0, 0, 0, 0, 0, 0, 0, 0, 0, 27, 0, 0, 0, 0, 0, 0, 0, 0, 0, 0, 27, 0, 0, 0, 0, 0, 0, 0, 0, 0, 0, 0, 0, 27, 0, 0, 0, 0, 0, 0, 0, 0, 0, 0, 27, 0, 0, 0, 0, 0, 0, 0, 0, 0, 0, 27, 0, 0, 0, 0, 0, 0, 0, 0, 0, 0, 27, 0, 0, 0, 0, 0, 0, 0, 0, 0, 0, 27, 0, 0, 0, 0, 0, 0, 0, 0, 0, 0, 27, 0, 0, 0, 0, 0, 0, 0, 0, 0, 0, 27, 0, 0, 0, 0, 0, 0, 0, 0, 0, 0, 27, 0, 0, 0, 0, 0, 0, 0, 0, 0, 0, 27, 0, 0, 0, 0, 0, 0, 0, 0, 0, 0, 27, 0, 0, 0, 0, 0, 0, 0, 0, 0, 27, 0, 0, 0, 0, 0, 0, 0, 0, 0, 27, 0, 0, 0, 0, 0, 0, 0, 0, 0, 27, '0.00', 2, NULL, '2017-08-07 22:56:00', '2018-07-23 18:12:00', NULL),
(101, '3695142', '30000101', '4894222040960F', NULL, NULL, NULL, NULL, 'MOMAX SELFIE TRIPOD BIG BKBLF', 'MOMAX', 0, 0, 0, 0, 0, 0, 0, 0, 0, 0, 0, 0, 0, 0, 0, 0, 0, 0, 0, 0, 0, 0, 0, 0, 0, 0, 0, 0, 0, 0, 0, 0, 0, 0, 0, 0, 0, 0, 0, 0, 0, 0, 0, 0, 0, 0, 0, 0, 0, 0, 0, 0, 0, 0, 0, 0, 0, 0, 0, 0, 0, 0, 0, 0, 0, 0, 0, 0, 0, 0, 0, 0, 0, 0, 0, 0, 0, 0, 0, 0, 0, 0, 0, 0, 0, 0, 0, 0, 0, 0, 0, 0, 0, 0, 0, 0, 0, 0, 0, 0, 0, 0, 0, 0, 0, 0, 0, 0, 0, 0, 0, 0, 0, 0, 0, 0, 0, 0, 0, 0, 0, 0, 0, 0, 0, 0, 0, 0, 0, 0, 0, 0, 0, 0, 0, 0, 0, 0, 0, 0, 0, 0, 0, 0, 0, 0, 0, 0, 0, 0, 0, 0, 0, 0, 0, 0, 0, 0, 0, 0, 0, 0, 0, 0, 0, 0, 0, 0, 0, 0, 0, 0, 0, 0, 0, 0, 0, 0, 0, 0, 0, 0, 0, 0, 0, 0, 0, 0, 0, 0, 0, 0, 0, 0, 0, 0, 0, 0, 0, 0, 0, 0, 0, 0, 0, 0, 0, 0, 0, 0, 0, 0, 0, 0, 0, 0, 0, 0, 0, 0, 0, 0, 0, 0, 0, 0, 0, 0, 0, 0, 0, 0, 0, 0, 0, 0, 0, 0, 0, 0, 0, 0, 0, 0, 0, 0, 0, 0, 0, 0, 0, 0, 0, 0, 0, 0, 0, 0, 0, 0, 0, 0, 0, 0, 0, 0, 0, 0, 0, 0, 0, 0, 0, 0, 0, 0, 0, 0, 0, 0, 0, 0, 0, 0, 0, 0, 0, 0, 0, 0, 0, 0, 0, 0, 0, 0, 0, 0, 0, 0, 0, 0, 0, 0, 0, 0, 0, 0, 0, 0, 0, 0, 0, 0, 0, 0, 0, 0, 0, 0, 0, 0, 0, 0, 0, 0, 0, 0, 0, 0, 0, 0, 0, 0, 0, 0, 0, 0, 0, 0, 0, 0, 0, 0, 0, 0, 0, 0, 0, 0, 0, 0, 0, 0, 0, 0, 0, 0, 0, 0, 0, 0, 0, 0, 0, 0, 0, 0, 0, 0, 0, 0, 0, 0, 0, 0, 0, 0, '0.00', 2, NULL, '2017-08-07 22:56:00', '2018-07-23 18:12:00', NULL),
(102, '3695143', '30000102', '4894222041097F', NULL, NULL, NULL, NULL, 'MOMAX CAR VENT MOUNTF', 'MOMAX', 0, 0, 0, 0, 0, 0, 0, 0, 0, 0, 0, 0, 0, 0, 0, 0, 0, 0, 0, 0, 0, 0, 0, 0, 0, 0, 0, 0, 0, 0, 0, 0, 0, 0, 0, 0, 0, 0, 0, 0, 0, 0, 0, 0, 0, 0, 0, 0, 0, 0, 0, 0, 0, 0, 0, 0, 0, 0, 0, 0, 0, 0, 0, 0, 0, 0, 0, 0, 0, 0, 0, 0, 0, 0, 0, 0, 0, 0, 0, 0, 0, 0, 0, 0, 0, 0, 0, 0, 0, 0, 0, 0, 0, 0, 0, 0, 0, 0, 0, 0, 0, 0, 0, 0, 0, 0, 0, 0, 0, 0, 0, 0, 0, 0, 0, 0, 0, 0, 0, 0, 0, 0, 0, 0, 0, 0, 0, 0, 0, 0, 0, 0, 0, 0, 0, 0, 0, 0, 0, 0, 0, 0, 0, 0, 0, 0, 0, 0, 0, 0, 0, 0, 0, 0, 0, 0, 0, 0, 0, 0, 0, 0, 0, 0, 0, 0, 0, 0, 0, 0, 0, 0, 0, 0, 0, 0, 0, 0, 0, 0, 0, 0, 0, 0, 0, 0, 0, 0, 0, 0, 0, 0, 0, 0, 0, 0, 0, 0, 0, 0, 0, 0, 0, 0, 0, 0, 0, 0, 0, 0, 0, 0, 0, 0, 0, 0, 0, 0, 0, 0, 0, 0, 0, 0, 0, 0, 0, 0, 0, 0, 0, 0, 0, 0, 0, 0, 0, 0, 0, 0, 0, 0, 0, 0, 0, 0, 0, 0, 0, 0, 0, 0, 0, 0, 0, 0, 0, 0, 0, 0, 0, 0, 0, 0, 0, 0, 0, 0, 0, 0, 0, 0, 0, 0, 0, 0, 0, 0, 0, 0, 0, 0, 0, 0, 0, 0, 0, 0, 0, 0, 0, 0, 0, 0, 0, 0, 0, 0, 0, 0, 0, 0, 0, 0, 0, 0, 0, 0, 0, 0, 0, 0, 0, 0, 0, 0, 0, 0, 0, 0, 0, 0, 0, 0, 0, 0, 0, 0, 0, 0, 0, 0, 0, 0, 0, 0, 0, 0, 0, 0, 0, 0, 0, 0, 0, 0, 0, 0, 0, 0, 0, 0, 0, 0, 0, 0, 0, 0, 0, 0, 0, 0, 0, 0, 0, 0, 0, 0, 0, 0, 0, 0, 0, 0, 0, 0, 0, 0, '0.00', 2, NULL, '2017-08-07 22:56:00', '2018-07-23 18:12:00', NULL),
(103, '3695144', '30000103', '4894222041356F', NULL, NULL, NULL, NULL, 'MOMAX SELFIEPRO 50CM GIF', 'MOMAX', 0, 0, 0, 0, 0, 0, 0, 0, 0, 0, 0, 0, 0, 0, 0, 0, 0, 0, 0, 0, 0, 0, 0, 0, 0, 0, 0, 0, 0, 0, 0, 0, 0, 0, 0, 0, 0, 0, 0, 0, 0, 0, 0, 0, 0, 0, 0, 0, 0, 0, 0, 0, 0, 0, 0, 0, 0, 0, 0, 0, 0, 0, 0, 0, 0, 0, 0, 0, 0, 0, 0, 0, 0, 0, 0, 0, 0, 0, 0, 0, 0, 0, 0, 0, 0, 0, 0, 0, 0, 0, 0, 0, 0, 0, 0, 0, 0, 0, 0, 0, 0, 0, 0, 0, 0, 0, 0, 0, 0, 0, 0, 0, 0, 0, 0, 0, 0, 0, 0, 0, 0, 0, 0, 0, 0, 0, 0, 0, 0, 0, 0, 0, 0, 0, 0, 0, 0, 0, 0, 0, 0, 0, 0, 0, 0, 0, 0, 0, 0, 0, 0, 0, 0, 0, 0, 0, 0, 0, 0, 0, 0, 0, 0, 0, 0, 0, 0, 0, 0, 0, 0, 0, 0, 0, 0, 0, 0, 0, 0, 0, 0, 0, 0, 0, 0, 0, 0, 0, 0, 0, 0, 0, 0, 0, 0, 0, 0, 0, 0, 0, 0, 0, 0, 0, 0, 0, 0, 0, 0, 0, 0, 0, 0, 0, 0, 0, 0, 0, 0, 0, 0, 0, 0, 0, 0, 0, 0, 0, 0, 0, 0, 0, 0, 0, 0, 0, 0, 0, 0, 0, 0, 0, 0, 0, 0, 0, 0, 0, 0, 0, 0, 0, 0, 0, 0, 0, 0, 0, 0, 0, 0, 0, 0, 0, 0, 0, 0, 0, 0, 0, 0, 0, 0, 0, 0, 0, 0, 0, 0, 0, 0, 0, 0, 0, 0, 0, 0, 0, 0, 0, 0, 0, 0, 0, 0, 0, 0, 0, 0, 0, 0, 0, 0, 0, 0, 0, 0, 0, 0, 0, 0, 0, 0, 0, 0, 0, 0, 0, 0, 0, 0, 0, 0, 0, 0, 0, 0, 0, 0, 0, 0, 0, 0, 0, 0, 0, 0, 0, 0, 0, 0, 0, 0, 0, 0, 0, 0, 0, 0, 0, 0, 0, 0, 0, 0, 0, 0, 0, 0, 0, 0, 0, 0, 0, 0, 0, 0, 0, 0, 0, 0, 0, 0, 0, 0, 0, 0, 0, '0.00', 2, NULL, '2017-08-07 22:56:00', '2018-07-23 18:12:00', NULL),
(104, '3695145', '30000104', '4894222041363F', NULL, NULL, NULL, NULL, 'MOMAX SELFIEPRO 50CM SIYLF', 'MOMAX', 0, 0, 0, 0, 0, 0, 0, 0, 0, 0, 0, 0, 0, 0, 0, 0, 0, 0, 0, 0, 0, 0, 0, 0, 0, 0, 0, 0, 0, 0, 0, 0, 0, 0, 0, 0, 0, 0, 0, 0, 0, 0, 0, 0, 0, 0, 0, 0, 0, 0, 0, 0, 0, 0, 0, 0, 0, 0, 0, 0, 0, 0, 0, 0, 0, 0, 0, 0, 0, 0, 0, 0, 0, 0, 0, 0, 0, 0, 0, 0, 0, 0, 0, 0, 0, 0, 0, 0, 0, 0, 0, 0, 0, 0, 0, 0, 0, 0, 0, 0, 0, 0, 0, 0, 0, 0, 0, 0, 0, 0, 0, 0, 0, 0, 0, 0, 0, 0, 0, 0, 0, 0, 0, 0, 0, 0, 0, 0, 0, 0, 0, 0, 0, 0, 0, 0, 0, 0, 0, 0, 0, 0, 0, 0, 0, 0, 0, 0, 0, 0, 0, 0, 0, 0, 0, 0, 0, 0, 0, 0, 0, 0, 0, 0, 0, 0, 0, 0, 0, 0, 0, 0, 0, 0, 0, 0, 0, 0, 0, 0, 0, 0, 0, 0, 0, 0, 0, 0, 0, 0, 0, 0, 0, 0, 0, 0, 0, 0, 0, 0, 0, 0, 0, 0, 0, 0, 0, 0, 0, 0, 0, 0, 0, 0, 0, 0, 0, 0, 0, 0, 0, 0, 0, 0, 0, 0, 0, 0, 0, 0, 0, 0, 0, 0, 0, 0, 0, 0, 0, 0, 0, 0, 0, 0, 0, 0, 0, 0, 0, 0, 0, 0, 0, 0, 0, 0, 0, 0, 0, 0, 0, 0, 0, 0, 0, 0, 0, 0, 0, 0, 0, 0, 0, 0, 0, 0, 0, 0, 0, 0, 0, 0, 0, 0, 0, 0, 0, 0, 0, 0, 0, 0, 0, 0, 0, 0, 0, 0, 0, 0, 0, 0, 0, 0, 0, 0, 0, 0, 0, 0, 0, 0, 0, 0, 0, 0, 0, 0, 0, 0, 0, 0, 0, 0, 0, 0, 0, 0, 0, 0, 0, 0, 0, 0, 0, 0, 0, 0, 0, 0, 0, 0, 0, 0, 0, 0, 0, 0, 0, 0, 0, 0, 0, 0, 0, 0, 0, 0, 0, 0, 0, 0, 0, 0, 0, 0, 0, 0, 0, 0, 0, 0, 0, 0, 0, 0, 0, 0, '0.00', 2, NULL, '2017-08-07 22:56:00', '2018-07-23 18:12:00', NULL),
(105, '3695146', '30000105', '4894222041370F', NULL, NULL, NULL, NULL, 'MOMAX SELFIEPRO 50CM BKF', 'MOMAX', 0, 0, 0, 0, 0, 0, 0, 0, 0, 0, 0, 0, 0, 0, 0, 0, 0, 0, 0, 0, 0, 0, 0, 0, 0, 0, 0, 0, 0, 0, 0, 0, 0, 0, 0, 0, 0, 0, 0, 0, 0, 0, 0, 0, 0, 0, 0, 0, 0, 0, 0, 0, 0, 0, 0, 0, 0, 0, 0, 0, 0, 0, 0, 0, 0, 0, 0, 0, 0, 0, 0, 0, 0, 0, 0, 0, 0, 0, 0, 0, 0, 0, 0, 0, 0, 0, 0, 0, 0, 0, 0, 0, 0, 0, 0, 0, 0, 0, 0, 0, 0, 0, 0, 0, 0, 0, 0, 0, 0, 0, 0, 0, 0, 0, 0, 0, 0, 0, 0, 0, 0, 0, 0, 0, 0, 0, 0, 0, 0, 0, 0, 0, 0, 0, 0, 0, 0, 0, 0, 0, 0, 0, 0, 0, 0, 0, 0, 0, 0, 0, 0, 0, 0, 0, 0, 0, 0, 0, 0, 0, 0, 0, 0, 0, 0, 0, 0, 0, 0, 0, 0, 0, 0, 0, 0, 0, 0, 0, 0, 0, 0, 0, 0, 0, 0, 0, 0, 0, 0, 0, 0, 0, 0, 0, 0, 0, 0, 0, 0, 0, 0, 0, 0, 0, 0, 0, 0, 0, 0, 0, 0, 0, 0, 0, 0, 0, 0, 0, 0, 0, 0, 0, 0, 0, 0, 0, 0, 0, 0, 0, 0, 0, 0, 0, 0, 0, 0, 0, 0, 0, 0, 0, 0, 0, 0, 0, 0, 0, 0, 0, 0, 0, 0, 0, 0, 0, 0, 0, 0, 0, 0, 0, 0, 0, 0, 0, 0, 0, 0, 0, 0, 0, 0, 0, 0, 0, 0, 0, 0, 0, 0, 0, 0, 0, 0, 0, 0, 0, 0, 0, 0, 0, 0, 0, 0, 0, 0, 0, 0, 0, 0, 0, 0, 0, 0, 0, 0, 0, 0, 0, 0, 0, 0, 0, 0, 0, 0, 0, 0, 0, 0, 0, 0, 0, 0, 0, 0, 0, 0, 0, 0, 0, 0, 0, 0, 0, 0, 0, 0, 0, 0, 0, 0, 0, 0, 0, 0, 0, 0, 0, 0, 0, 0, 0, 0, 0, 0, 0, 0, 0, 0, 0, 0, 0, 0, 0, 0, 0, 0, 0, 0, 0, 0, 0, 0, 0, 0, 0, '0.00', 2, NULL, '2017-08-07 22:56:00', '2018-07-23 18:12:00', NULL),
(106, '3695147', '30000106', '4894222041387F', NULL, NULL, NULL, NULL, 'MOMAX SELFIEPRO 90CM GIF', 'MOMAX', 0, 0, 0, 0, 0, 0, 0, 0, 0, 0, 0, 0, 0, 0, 0, 0, 0, 0, 0, 0, 0, 0, 0, 0, 0, 0, 0, 0, 0, 0, 0, 0, 0, 0, 0, 0, 0, 0, 0, 0, 0, 0, 0, 0, 0, 0, 0, 0, 0, 0, 0, 0, 0, 0, 0, 0, 0, 0, 0, 0, 0, 0, 0, 0, 0, 0, 0, 0, 0, 0, 0, 0, 0, 0, 0, 0, 0, 0, 0, 0, 0, 0, 0, 0, 0, 0, 0, 0, 0, 0, 0, 0, 0, 0, 0, 0, 0, 0, 0, 0, 0, 0, 0, 0, 0, 0, 0, 0, 0, 0, 0, 0, 0, 0, 0, 0, 0, 0, 0, 0, 0, 0, 0, 0, 0, 0, 0, 0, 0, 0, 0, 0, 0, 0, 0, 0, 0, 0, 0, 0, 0, 0, 0, 0, 0, 0, 0, 0, 0, 0, 0, 0, 0, 0, 0, 0, 0, 0, 0, 0, 0, 0, 0, 0, 0, 0, 0, 0, 0, 0, 0, 0, 0, 0, 0, 0, 0, 0, 0, 0, 0, 0, 0, 0, 0, 0, 0, 0, 0, 0, 0, 0, 0, 0, 0, 0, 0, 0, 0, 0, 0, 0, 0, 0, 0, 0, 0, 0, 0, 0, 0, 0, 0, 0, 0, 0, 0, 0, 0, 0, 0, 0, 0, 0, 0, 0, 0, 0, 0, 0, 0, 0, 0, 0, 0, 0, 0, 0, 0, 0, 0, 0, 0, 0, 0, 0, 0, 0, 0, 0, 0, 0, 0, 0, 0, 0, 0, 0, 0, 0, 0, 0, 0, 0, 0, 0, 0, 0, 0, 0, 0, 0, 0, 0, 0, 0, 0, 0, 0, 0, 0, 0, 0, 0, 0, 0, 0, 0, 0, 0, 0, 0, 0, 0, 0, 0, 0, 0, 0, 0, 0, 0, 0, 0, 0, 0, 0, 0, 0, 0, 0, 0, 0, 0, 0, 0, 0, 0, 0, 0, 0, 0, 0, 0, 0, 0, 0, 0, 0, 0, 0, 0, 0, 0, 0, 0, 0, 0, 0, 0, 0, 0, 0, 0, 0, 0, 0, 0, 0, 0, 0, 0, 0, 0, 0, 0, 0, 0, 0, 0, 0, 0, 0, 0, 0, 0, 0, 0, 0, 0, 0, 0, 0, 0, 0, 0, 0, 0, '0.00', 2, NULL, '2017-08-07 22:56:00', '2018-07-23 18:12:00', NULL),
(107, '3695148', '30000107', '4894222041394F', NULL, NULL, NULL, NULL, 'MOMAX SELFIEPRO 90CM SIYLF', 'MOMAX', 0, 0, 0, 0, 0, 0, 0, 0, 0, 0, 0, 0, 0, 0, 0, 0, 0, 0, 0, 0, 0, 0, 0, 0, 0, 0, 0, 0, 0, 0, 0, 0, 0, 0, 0, 0, 0, 0, 0, 0, 0, 0, 0, 0, 0, 0, 0, 0, 0, 0, 0, 0, 0, 0, 0, 0, 0, 0, 0, 0, 0, 0, 0, 0, 0, 0, 0, 0, 0, 0, 0, 0, 0, 0, 0, 0, 0, 0, 0, 0, 0, 0, 0, 0, 0, 0, 0, 0, 0, 0, 0, 0, 0, 0, 0, 0, 0, 0, 0, 0, 0, 0, 0, 0, 0, 0, 0, 0, 0, 0, 0, 0, 0, 0, 0, 0, 0, 0, 0, 0, 0, 0, 0, 0, 0, 0, 0, 0, 0, 0, 0, 0, 0, 0, 0, 0, 0, 0, 0, 0, 0, 0, 0, 0, 0, 0, 0, 0, 0, 0, 0, 0, 0, 0, 0, 0, 0, 0, 0, 0, 0, 0, 0, 0, 0, 0, 0, 0, 0, 0, 0, 0, 0, 0, 0, 0, 0, 0, 0, 0, 0, 0, 0, 0, 0, 0, 0, 0, 0, 0, 0, 0, 0, 0, 0, 0, 0, 0, 0, 0, 0, 0, 0, 0, 0, 0, 0, 0, 0, 0, 0, 0, 0, 0, 0, 0, 0, 0, 0, 0, 0, 0, 0, 0, 0, 0, 0, 0, 0, 0, 0, 0, 0, 0, 0, 0, 0, 0, 0, 0, 0, 0, 0, 0, 0, 0, 0, 0, 0, 0, 0, 0, 0, 0, 0, 0, 0, 0, 0, 0, 0, 0, 0, 0, 0, 0, 0, 0, 0, 0, 0, 0, 0, 0, 0, 0, 0, 0, 0, 0, 0, 0, 0, 0, 0, 0, 0, 0, 0, 0, 0, 0, 0, 0, 0, 0, 0, 0, 0, 0, 0, 0, 0, 0, 0, 0, 0, 0, 0, 0, 0, 0, 0, 0, 0, 0, 0, 0, 0, 0, 0, 0, 0, 0, 0, 0, 0, 0, 0, 0, 0, 0, 0, 0, 0, 0, 0, 0, 0, 0, 0, 0, 0, 0, 0, 0, 0, 0, 0, 0, 0, 0, 0, 0, 0, 0, 0, 0, 0, 0, 0, 0, 0, 0, 0, 0, 0, 0, 0, 0, 0, 0, 0, 0, 0, 0, 0, 0, '0.00', 2, NULL, '2017-08-07 22:56:00', '2018-07-23 18:12:00', NULL),
(108, '3695149', '30000108', '4894222041400F', NULL, NULL, NULL, NULL, 'MOMAX SELFIEPRO 90CM BKF', 'MOMAX', 0, 0, 0, 0, 0, 0, 0, 0, 0, 0, 0, 0, 0, 0, 0, 0, 0, 0, 0, 0, 0, 0, 0, 0, 0, 0, 0, 0, 0, 0, 0, 0, 0, 0, 0, 0, 0, 0, 0, 0, 0, 0, 0, 0, 0, 0, 0, 0, 0, 0, 0, 0, 0, 0, 0, 0, 0, 0, 0, 0, 0, 0, 0, 0, 0, 0, 0, 0, 0, 0, 0, 0, 0, 0, 0, 0, 0, 0, 0, 0, 0, 0, 0, 0, 0, 0, 0, 0, 0, 0, 0, 0, 0, 0, 0, 0, 0, 0, 0, 0, 0, 0, 0, 0, 0, 0, 0, 0, 0, 0, 0, 0, 0, 0, 0, 0, 0, 0, 0, 0, 0, 0, 0, 0, 0, 0, 0, 0, 0, 0, 0, 0, 0, 0, 0, 0, 0, 0, 0, 0, 0, 0, 0, 0, 0, 0, 0, 0, 0, 0, 0, 0, 0, 0, 0, 0, 0, 0, 0, 0, 0, 0, 0, 0, 0, 0, 0, 0, 0, 0, 0, 0, 0, 0, 0, 0, 0, 0, 0, 0, 0, 0, 0, 0, 0, 0, 0, 0, 0, 0, 0, 0, 0, 0, 0, 0, 0, 0, 0, 0, 0, 0, 0, 0, 0, 0, 0, 0, 0, 0, 0, 0, 0, 0, 0, 0, 0, 0, 0, 0, 0, 0, 0, 0, 0, 0, 0, 0, 0, 0, 0, 0, 0, 0, 0, 0, 0, 0, 0, 0, 0, 0, 0, 0, 0, 0, 0, 0, 0, 0, 0, 0, 0, 0, 0, 0, 0, 0, 0, 0, 0, 0, 0, 0, 0, 0, 0, 0, 0, 0, 0, 0, 0, 0, 0, 0, 0, 0, 0, 0, 0, 0, 0, 0, 0, 0, 0, 0, 0, 0, 0, 0, 0, 0, 0, 0, 0, 0, 0, 0, 0, 0, 0, 0, 0, 0, 0, 0, 0, 0, 0, 0, 0, 0, 0, 0, 0, 0, 0, 0, 0, 0, 0, 0, 0, 0, 0, 0, 0, 0, 0, 0, 0, 0, 0, 0, 0, 0, 0, 0, 0, 0, 0, 0, 0, 0, 0, 0, 0, 0, 0, 0, 0, 0, 0, 0, 0, 0, 0, 0, 0, 0, 0, 0, 0, 0, 0, 0, 0, 0, 0, 0, 0, 0, 0, 0, 0, 0, '0.00', 2, NULL, '2017-08-07 22:56:00', '2018-07-23 18:12:00', NULL),
(109, '3697437', '30000109', '4894222041462F', NULL, NULL, NULL, NULL, 'MOMAX LC ELITE LINK 2M GLF', 'MOMAX', 0, 0, 0, 0, 0, 0, 0, 0, 0, 0, 0, 0, 0, 0, 0, 0, 0, 0, 0, 0, 0, 0, 0, 0, 0, 0, 0, 0, 0, 0, 0, 0, 0, 0, 0, 0, 0, 0, 0, 0, 0, 0, 0, 0, 0, 0, 0, 0, 0, 0, 0, 0, 0, 0, 0, 0, 0, 0, 0, 0, 0, 0, 0, 0, 0, 0, 0, 0, 0, 0, 0, 0, 0, 0, 0, 0, 0, 0, 0, 0, 0, 0, 0, 0, 0, 0, 0, 0, 0, 0, 0, 0, 0, 0, 0, 0, 0, 0, 0, 0, 0, 0, 0, 0, 0, 0, 0, 0, 0, 0, 0, 0, 0, 0, 0, 0, 0, 0, 0, 0, 0, 0, 0, 0, 0, 0, 0, 0, 0, 0, 0, 0, 0, 0, 0, 0, 0, 0, 0, 0, 0, 0, 0, 0, 0, 0, 0, 0, 0, 0, 0, 0, 0, 0, 0, 0, 0, 0, 0, 0, 0, 0, 0, 0, 0, 0, 0, 0, 0, 0, 0, 0, 0, 0, 0, 0, 0, 0, 0, 0, 0, 0, 0, 0, 0, 0, 0, 0, 0, 0, 0, 0, 0, 0, 0, 0, 0, 0, 0, 0, 0, 0, 0, 0, 0, 0, 0, 0, 0, 0, 0, 0, 0, 0, 0, 0, 0, 0, 0, 0, 0, 0, 0, 0, 0, 0, 0, 0, 0, 0, 0, 0, 0, 0, 0, 0, 0, 0, 0, 0, 0, 0, 0, 0, 0, 0, 0, 0, 0, 0, 0, 0, 0, 0, 0, 0, 0, 0, 0, 0, 0, 0, 0, 0, 0, 0, 0, 0, 0, 0, 0, 0, 0, 0, 0, 0, 0, 0, 0, 0, 0, 0, 0, 0, 0, 0, 0, 0, 0, 0, 0, 0, 0, 0, 0, 0, 0, 0, 0, 0, 0, 0, 0, 0, 0, 0, 0, 0, 0, 0, 0, 0, 0, 0, 0, 0, 0, 0, 0, 0, 0, 0, 0, 0, 0, 0, 0, 0, 0, 0, 0, 0, 0, 0, 0, 0, 0, 0, 0, 0, 0, 0, 0, 0, 0, 0, 0, 0, 0, 0, 0, 0, 0, 0, 0, 0, 0, 0, 0, 0, 0, 0, 0, 0, 0, 0, 0, 0, 0, 0, 0, 0, 0, 0, 0, 0, 0, 0, '0.00', 2, NULL, '2017-08-07 22:56:00', '2018-07-23 18:12:00', NULL),
(110, '3697438', '30000110', '4894222041608F', NULL, NULL, NULL, NULL, 'MOMAX IP6S GLASSPRO WHF', 'MOMAX', 0, 0, 0, 0, 0, 0, 0, 0, 0, 0, 0, 0, 0, 0, 0, 0, 0, 0, 0, 0, 0, 0, 0, 0, 0, 0, 0, 0, 0, 0, 0, 0, 0, 0, 0, 0, 0, 0, 0, 0, 0, 0, 0, 0, 0, 0, 0, 0, 0, 0, 0, 0, 0, 0, 0, 0, 0, 0, 0, 0, 0, 0, 0, 0, 0, 0, 0, 0, 0, 0, 0, 0, 0, 0, 0, 0, 0, 0, 0, 0, 0, 0, 0, 0, 0, 0, 0, 0, 0, 0, 0, 0, 0, 0, 0, 0, 0, 0, 0, 0, 0, 0, 0, 0, 0, 0, 0, 0, 0, 0, 0, 0, 0, 0, 0, 0, 0, 0, 0, 0, 0, 0, 0, 0, 0, 0, 0, 0, 0, 0, 0, 0, 0, 0, 0, 0, 0, 0, 0, 0, 0, 0, 0, 0, 0, 0, 0, 0, 0, 0, 0, 0, 0, 0, 0, 0, 0, 0, 0, 0, 0, 0, 0, 0, 0, 0, 0, 0, 0, 0, 0, 0, 0, 0, 0, 0, 0, 0, 0, 0, 0, 0, 0, 0, 0, 0, 0, 0, 0, 0, 0, 0, 0, 0, 0, 0, 0, 0, 0, 0, 0, 0, 0, 0, 0, 0, 0, 0, 0, 0, 0, 0, 0, 0, 0, 0, 0, 0, 0, 0, 0, 0, 0, 0, 0, 0, 0, 0, 0, 0, 0, 0, 0, 0, 0, 0, 0, 0, 0, 0, 0, 0, 0, 0, 0, 0, 0, 0, 0, 0, 0, 0, 0, 0, 0, 0, 0, 0, 0, 0, 0, 0, 0, 0, 0, 0, 0, 0, 0, 0, 0, 0, 0, 0, 0, 0, 0, 0, 0, 0, 0, 0, 0, 0, 0, 0, 0, 0, 0, 0, 0, 0, 0, 0, 0, 0, 0, 0, 0, 0, 0, 0, 0, 0, 0, 0, 0, 0, 0, 0, 0, 0, 0, 0, 0, 0, 0, 0, 0, 0, 0, 0, 0, 0, 0, 0, 0, 0, 0, 0, 0, 0, 0, 0, 0, 0, 0, 0, 0, 0, 0, 0, 0, 0, 0, 0, 0, 0, 0, 0, 0, 0, 0, 0, 0, 0, 0, 0, 0, 0, 0, 0, 0, 0, 0, 0, 0, 0, 0, 0, 0, 0, 0, 0, 0, 0, 0, 0, '0.00', 2, NULL, '2017-08-07 22:56:00', '2018-07-23 18:12:00', NULL),
(111, '3697439', '30000111', '4894222041615F', NULL, NULL, NULL, NULL, 'MOMAX IP6S GLASSPRO BKF', 'MOMAX', 0, 0, 0, 0, 0, 0, 0, 0, 0, 0, 0, 0, 0, 0, 0, 0, 0, 0, 0, 0, 0, 0, 0, 0, 0, 0, 0, 0, 0, 0, 0, 0, 0, 0, 0, 0, 0, 0, 0, 0, 0, 0, 0, 0, 0, 0, 0, 0, 0, 0, 0, 0, 0, 0, 0, 0, 0, 0, 0, 0, 0, 0, 0, 0, 0, 0, 0, 0, 0, 0, 0, 0, 0, 0, 0, 0, 0, 0, 0, 0, 0, 0, 0, 0, 0, 0, 0, 0, 0, 0, 0, 0, 0, 0, 0, 0, 0, 0, 0, 0, 0, 0, 0, 0, 0, 0, 0, 0, 0, 0, 0, 0, 0, 0, 0, 0, 0, 0, 0, 0, 0, 0, 0, 0, 0, 0, 0, 0, 0, 0, 0, 0, 0, 0, 0, 0, 0, 0, 0, 0, 0, 0, 0, 0, 0, 0, 0, 0, 0, 0, 0, 0, 0, 0, 0, 0, 0, 0, 0, 0, 0, 0, 0, 0, 0, 0, 0, 0, 0, 0, 0, 0, 0, 0, 0, 0, 0, 0, 0, 0, 0, 0, 0, 0, 0, 0, 0, 0, 0, 0, 0, 0, 0, 0, 0, 0, 0, 0, 0, 0, 0, 0, 0, 0, 0, 0, 0, 0, 0, 0, 0, 0, 0, 0, 0, 0, 0, 0, 0, 0, 0, 0, 0, 0, 0, 0, 0, 0, 0, 0, 0, 0, 0, 0, 0, 0, 0, 0, 0, 0, 0, 0, 0, 0, 0, 0, 0, 0, 0, 0, 0, 0, 0, 0, 0, 0, 0, 0, 0, 0, 0, 0, 0, 0, 0, 0, 0, 0, 0, 0, 0, 0, 0, 0, 0, 0, 0, 0, 0, 0, 0, 0, 0, 0, 0, 0, 0, 0, 0, 0, 0, 0, 0, 0, 0, 0, 0, 0, 0, 0, 0, 0, 0, 0, 0, 0, 0, 0, 0, 0, 0, 0, 0, 0, 0, 0, 0, 0, 0, 0, 0, 0, 0, 0, 0, 0, 0, 0, 0, 0, 0, 0, 0, 0, 0, 0, 0, 0, 0, 0, 0, 0, 0, 0, 0, 0, 0, 0, 0, 0, 0, 0, 0, 0, 0, 0, 0, 0, 0, 0, 0, 0, 0, 0, 0, 0, 0, 0, 0, 0, 0, 0, 0, 0, 0, 0, 0, 0, '0.00', 2, NULL, '2017-08-07 22:56:00', '2018-07-23 18:12:00', NULL),
(112, '3697440', '30000112', '4894222041639F', NULL, NULL, NULL, NULL, 'MOMAX IP6S+ GLASSPRO BKF', 'MOMAX', 0, 0, 0, 0, 0, 0, 0, 0, 0, 0, 0, 0, 0, 0, 0, 0, 0, 0, 0, 0, 0, 0, 0, 0, 0, 0, 0, 0, 0, 0, 0, 0, 0, 0, 0, 0, 0, 0, 0, 0, 0, 0, 0, 0, 0, 0, 0, 0, 0, 0, 0, 0, 0, 0, 0, 0, 0, 0, 0, 0, 0, 0, 0, 0, 0, 0, 0, 0, 0, 0, 0, 0, 0, 0, 0, 0, 0, 0, 0, 0, 0, 0, 0, 0, 0, 0, 0, 0, 0, 0, 0, 0, 0, 0, 0, 0, 0, 0, 0, 0, 0, 0, 0, 0, 0, 0, 0, 0, 0, 0, 0, 0, 0, 0, 0, 0, 0, 0, 0, 0, 0, 0, 0, 0, 0, 0, 0, 0, 0, 0, 0, 0, 0, 0, 0, 0, 0, 0, 0, 0, 0, 0, 0, 0, 0, 0, 0, 0, 0, 0, 0, 0, 0, 0, 0, 0, 0, 0, 0, 0, 0, 0, 0, 0, 0, 0, 0, 0, 0, 0, 0, 0, 0, 0, 0, 0, 0, 0, 0, 0, 0, 0, 0, 0, 0, 0, 0, 0, 0, 0, 0, 0, 0, 0, 0, 0, 0, 0, 0, 0, 0, 0, 0, 0, 0, 0, 0, 0, 0, 0, 0, 0, 0, 0, 0, 0, 0, 0, 0, 0, 0, 0, 0, 0, 0, 0, 0, 0, 0, 0, 0, 0, 0, 0, 0, 0, 0, 0, 0, 0, 0, 0, 0, 0, 0, 0, 0, 0, 0, 0, 0, 0, 0, 0, 0, 0, 0, 0, 0, 0, 0, 0, 0, 0, 0, 0, 0, 0, 0, 0, 0, 0, 0, 0, 0, 0, 0, 0, 0, 0, 0, 0, 0, 0, 0, 0, 0, 0, 0, 0, 0, 0, 0, 0, 0, 0, 0, 0, 0, 0, 0, 0, 0, 0, 0, 0, 0, 0, 0, 0, 0, 0, 0, 0, 0, 0, 0, 0, 0, 0, 0, 0, 0, 0, 0, 0, 0, 0, 0, 0, 0, 0, 0, 0, 0, 0, 0, 0, 0, 0, 0, 0, 0, 0, 0, 0, 0, 0, 0, 0, 0, 0, 0, 0, 0, 0, 0, 0, 0, 0, 0, 0, 0, 0, 0, 0, 0, 0, 0, 0, 0, 0, 0, 0, 0, 0, 0, 0, '0.00', 2, NULL, '2017-08-07 22:56:00', '2018-07-23 18:12:00', NULL);
